{"id":8,"date":"2015-12-02T11:30:45","date_gmt":"2015-12-02T10:30:45","guid":{"rendered":"https:\/\/venezia.webdiocesi.it\/ufficioliturgico\/?page_id=8"},"modified":"2025-01-31T10:06:51","modified_gmt":"2025-01-31T09:06:51","slug":"homepage","status":"publish","type":"page","link":"https:\/\/www.patriarcatovenezia.it\/ufficioliturgico\/","title":{"rendered":"Home"},"content":{"rendered":"<div id=\"pl-8\"  class=\"panel-layout\" ><div id=\"pg-8-0\"  class=\"panel-grid panel-has-style\" ><div class=\"container g-3 panel-row-style panel-row-style-for-8-0\" ><div id=\"pgc-8-0-0\"  class=\"panel-grid-cell\" ><div id=\"panel-8-0-0-0\" class=\"so-panel widget widget_bso-so-widget-all-in-one panel-first-child panel-last-child\" data-index=\"0\" ><div\n\t\t\t\n\t\t\tclass=\"so-widget-bso-so-widget-all-in-one so-widget-bso-so-widget-all-in-one-default-d75171398898-8\"\n\t\t\t\n\t\t><div class=\"antenews\"><h3 class=\"titlebox\">Notizie dall'ufficio<\/h3>\n<div class=\"contenuto py-3\">                             <div class=\"item row g-3 mx-3 mb-3 pb-3\">\n<div class=\"miniatura col-12 col-md-6 col-lg-4 \"><img decoding=\"async\" src=\"https:\/\/www.patriarcatovenezia.it\/ufficioliturgico\/wp-content\/uploads\/sites\/3\/2026\/04\/Testi-Eucologici-Dicastero-per-il-Culto-Divino-e-Disciplina-dei-Sacramenti-300x191.jpg\" \/><\/div>\n<div class=\"col-12 col-md-6 col-lg-8\">\n<a href=\"https:\/\/www.patriarcatovenezia.it\/ufficioliturgico\/2026\/04\/21\/confirmatio-per-la-memoria-facoltativa-di-santa-teresa-di-calcutta-e-della-messa-per-la-custodia-della-creazione\/\">\n<h3 class=\"occhiello\"><\/h3>\n<h1 class=\"entry-title\">Confirmatio per la memoria facoltativa di Santa Teresa di Calcutta e della Messa per la Custodia della Creazione<\/h1>\n<h2 class=\"sottotitolo\"><\/h2>\n<p class=\"summary\">Il 3 marzo 2026 il\u00a0Dicastero per il Culto Divino e la Disciplina dei Sacramenti\u00a0ha concesso la\u00a0confirmatio\u00a0della traduzione in lingua italiana dei testi liturgici riguardanti la Memoria Facoltativa di Santa Teresa di Calcutta, vergine, e la Messa per la Custodia della Creazione. ALLEGATI&hellip;<\/p>\n<\/a>\n<\/div>\n<\/div>\n                                                       <div class=\"item row g-3 mx-3 mb-3 pb-3\">\n<div class=\"miniatura col-12 col-md-6 col-lg-4 \"><img decoding=\"async\" src=\"https:\/\/www.patriarcatovenezia.it\/ufficioliturgico\/wp-content\/uploads\/sites\/3\/2026\/03\/COPERTINA-WEB-SUSSIDI-QUARESIMA-PASQUA-2026-scaled-1-300x182.jpg\" \/><\/div>\n<div class=\"col-12 col-md-6 col-lg-8\">\n<a href=\"https:\/\/www.patriarcatovenezia.it\/ufficioliturgico\/2026\/03\/03\/sussidi-di-quaresima-e-pasqua-2026\/\">\n<h3 class=\"occhiello\"><\/h3>\n<h1 class=\"entry-title\">Sussidi di Quaresima e Pasqua 2026<\/h1>\n<h2 class=\"sottotitolo\"><\/h2>\n<p class=\"summary\">La Quaresima \u00e8 un tempo di rinnovamento spirituale nel quale \u2013 attraverso la preghiera assidua, il digiuno autentico e la carit\u00e0 operosa \u2013 volgere lo sguardo a colui che \u00e8 stato trafitto e riconoscerlo nei tanti volti che non hanno n\u00e9 apparenza n\u00e9 bellezza; riscoprire la realt\u00e0 profonda e dinamica&hellip;<\/p>\n<\/a>\n<\/div>\n<\/div>\n                                                       <div class=\"item row g-3 mx-3 mb-3 pb-3\">\n<div class=\"miniatura col-12 col-md-6 col-lg-4 \"><img decoding=\"async\" src=\"https:\/\/www.patriarcatovenezia.it\/ufficioliturgico\/wp-content\/uploads\/sites\/3\/2025\/11\/banner-sussidi-avvento-natale-2025-1024x640-1-300x188.jpg\" \/><\/div>\n<div class=\"col-12 col-md-6 col-lg-8\">\n<a href=\"https:\/\/www.patriarcatovenezia.it\/ufficioliturgico\/2025\/11\/20\/sussidi-di-avvento-2025\/\">\n<h3 class=\"occhiello\"><\/h3>\n<h1 class=\"entry-title\">Sussidi di Avvento 2025<\/h1>\n<h2 class=\"sottotitolo\"><\/h2>\n<p class=\"summary\">L&#8217;Ufficio Liturgico nazionale della CEI mette a disposizione dei sussidi per il tempo di Avvento, con indicazioni liturgiche, melodie per i salmi, commento alle letture, testi eucologici, ecc. Fare memoria grata dell\u2019Avvento storico, scoprire con gioia quello intermedio e attendere vigilanti quello escatologico \u00e8 un esercizio spirituale attraverso il&hellip;<\/p>\n<\/a>\n<\/div>\n<\/div>\n                                                       <div class=\"item row g-3 mx-3 mb-3 pb-3\">\n<div class=\"miniatura col-12 col-md-6 col-lg-4 \"><img decoding=\"async\" src=\"https:\/\/www.patriarcatovenezia.it\/ufficioliturgico\/wp-content\/uploads\/sites\/3\/2025\/04\/Sede_vacante_2.svg_-203x300.png\" \/><\/div>\n<div class=\"col-12 col-md-6 col-lg-8\">\n<a href=\"https:\/\/www.patriarcatovenezia.it\/ufficioliturgico\/2025\/04\/29\/indicazioni-liturgiche-e-preghiera-per-il-nuovo-papa\/\">\n<h3 class=\"occhiello\">Conferenza Episcopale Italiana<\/h3>\n<h1 class=\"entry-title\">Indicazioni liturgiche e preghiera per il nuovo Papa<\/h1>\n<h2 class=\"sottotitolo\"><\/h2>\n<p class=\"summary\">Si invita a prendere visione delle disposizioni emanate dalla CEI per i giorni di sede vacante in preparazione all&#8217;elezione del nuovo Papa: Ai Membri CEI_Indicazioni liturgiche Sede vacante ed elezione nuovo Papa (1495) 28.04.2025 Indicazioni liturgiche Sede vacante ed elezione nuovo Papa&hellip;<\/p>\n<\/a>\n<\/div>\n<\/div>\n                                                       <div class=\"item row g-3 mx-3 mb-3 pb-3\">\n<div class=\"miniatura col-12 col-md-6 col-lg-4 \"><img decoding=\"async\" src=\"https:\/\/www.patriarcatovenezia.it\/ufficioliturgico\/wp-content\/uploads\/sites\/3\/2025\/04\/161224-417-664x373-1-300x169.jpg\" \/><\/div>\n<div class=\"col-12 col-md-6 col-lg-8\">\n<a href=\"https:\/\/www.patriarcatovenezia.it\/ufficioliturgico\/2025\/04\/22\/indicazioni-liturgiche-e-preghiera-per-il-papa-defunto\/\">\n<h3 class=\"occhiello\">Ufficio Liturgico Nazionale<\/h3>\n<h1 class=\"entry-title\">Indicazioni liturgiche e preghiera per il Papa defunto<\/h1>\n<h2 class=\"sottotitolo\"><\/h2>\n<p class=\"summary\">SEDE VACANTE Durante la Sede vacante e fino all\u2019elezione del nuovo Sommo Pontefice nella Preghiera Eucaristica e nelle intercessioni della Liturgia delle Ore si dovr\u00e0 omettere il nome del Papa. In modo esemplificativo, si riportano le diciture per le Preghiere Eucaristiche I-III: Preghiera Eucaristica I o Canone Romano Noi te&hellip;<\/p>\n<\/a>\n<\/div>\n<\/div>\n                                                       <div class=\"item row g-3 mx-3 mb-3 pb-3\">\n<div class=\"miniatura col-12 col-md-6 col-lg-4 \"><img decoding=\"async\" src=\"https:\/\/www.patriarcatovenezia.it\/ufficioliturgico\/wp-content\/uploads\/sites\/3\/2025\/04\/36-1-300x300.jpg\" \/><\/div>\n<div class=\"col-12 col-md-6 col-lg-8\">\n<a href=\"https:\/\/www.patriarcatovenezia.it\/ufficioliturgico\/2025\/04\/10\/i-canti-nella-messa\/\">\n<h3 class=\"occhiello\">Modulo online<\/h3>\n<h1 class=\"entry-title\">I canti nella messa<\/h1>\n<h2 class=\"sottotitolo\"><\/h2>\n<p class=\"summary\">Docente: DON LUCA BIANCAFIOR Durata del corso: 4 incontri Giorni di lezione: marted\u00ec 6, 13, 20 e 27 maggio Orario: 20:45-22:30 Modalit\u00e0: online su piattaforma Zoom Per partecipare e ricevere le credenziali d&#8217;accesso scrivere a scuolamusicasacra@patriarcatovenezia.it &nbsp; Obiettivo Capire la natura, la funzione e la prassi esecutiva dei vari canti&hellip;<\/p>\n<\/a>\n<\/div>\n<\/div>\n                                                       <div class=\"item row g-3 mx-3 mb-3 pb-3\">\n<div class=\"miniatura col-12 col-md-6 col-lg-4 \"><img decoding=\"async\" src=\"https:\/\/www.patriarcatovenezia.it\/ufficioliturgico\/wp-content\/uploads\/sites\/3\/2025\/03\/Prima-immagine-1024x640-1-300x188.jpg\" \/><\/div>\n<div class=\"col-12 col-md-6 col-lg-8\">\n<a href=\"https:\/\/www.patriarcatovenezia.it\/ufficioliturgico\/2025\/03\/04\/sussidi-di-quaresima-e-pasqua-2025\/\">\n<h3 class=\"occhiello\"><\/h3>\n<h1 class=\"entry-title\">Sussidi di Quaresima e Pasqua 2025<\/h1>\n<h2 class=\"sottotitolo\">\"Nella speranza siamo stati salvati\"<\/h2>\n<p class=\"summary\">Per meditare i misteri centrali della nostra fede e celebrare in modo efficace e consapevole Cristo nostra Pasqua, anche quest\u2019anno gli Uffici della Segreteria Generale della Conferenza Episcopale Italiana offrono alcuni strumenti. Questo sussidio vuole essere un aiuto perch\u00e9 le comunit\u00e0 cristiane celebrino con arte i divini misteri e ogni&hellip;<\/p>\n<\/a>\n<\/div>\n<\/div>\n                           <div class=\"archiviolink text-end m-3\"><a href=\"\/ufficioliturgico\/category\/notizie\">Tutte le news<\/a><\/div>\n<\/div><\/div><\/div><\/div><\/div><div id=\"pgc-8-0-1\"  class=\"panel-grid-cell\" ><div id=\"panel-8-0-1-0\" class=\"so-panel widget widget_sow-editor panel-first-child\" data-index=\"1\" ><div class=\"contattibox panel-widget-style panel-widget-style-for-8-0-1-0\" ><div\n\t\t\t\n\t\t\tclass=\"so-widget-sow-editor so-widget-sow-editor-base\"\n\t\t\t\n\t\t><h3 class=\"widget-title\">Contatti<\/h3>\n<div class=\"siteorigin-widget-tinymce textwidget\">\n\t<p><strong>Direttore dell\u2019Ufficio liturgico<\/strong><br \/>\n<strong>Delegato per i ministri straordinari, i ministeri istituiti e il diaconato<\/strong><br \/>\nDON STEFANO COSTANTINI<\/p>\n<p><strong>Segreteria<\/strong><br \/>\nGiorgia dott.ssa Moro<br \/>\n<em>Curia Patriarcale<\/em><br \/>\nSan Marco, 320\/A \u2013\u00a030124 Venezia<br \/>\ntel.\u00a0041-2702452 \/\u00a0041-2702443<br \/>\nufficioliturgico@patriarcatovenezia.it<\/p>\n<\/div>\n<\/div><\/div><\/div><div id=\"panel-8-0-1-1\" class=\"so-panel widget widget_bso-so-widget-all-in-one\" data-index=\"2\" ><div\n\t\t\t\n\t\t\tclass=\"so-widget-bso-so-widget-all-in-one so-widget-bso-so-widget-all-in-one-default-d75171398898-2614\"\n\t\t\t\n\t\t><div class=\"my-5 antepage\">                             <div class=\"item\">\n<a href=\"https:\/\/www.patriarcatovenezia.it\/ufficioliturgico\/calendario-liturgico\/\"><h1 class=\"entry-title\">CALENDARIO LITURGICO<\/h1><\/a>\n<div class=\"miniatura mb-3\"><a href=\"https:\/\/www.patriarcatovenezia.it\/ufficioliturgico\/calendario-liturgico\/\"><img decoding=\"async\" src=\"https:\/\/www.patriarcatovenezia.it\/ufficioliturgico\/wp-content\/uploads\/sites\/3\/2025\/11\/Calendario-Liturgico-Venezia-25-26_COP_page-0001-300x211.jpg\" \/><\/a><\/div>\n<h2 class=\"sottotitolo\">2025-2026 \u2666 ANNO A<\/h2>\n<p class=\"summary\"><\/p>\n\t\t\t\t<ul class=\"bso-attachments\">\n\t\t\t\t\t\t<li>\n\t\t\t\t<a href=\"https:\/\/www.patriarcatovenezia.it\/ufficioliturgico\/wp-content\/uploads\/sites\/3\/2025\/11\/Calendario-Liturgico-Venezia-25-26_DEF_comp.pdf\" target=\"_blank\" class=\"article_attachment_link\">\n\t\t\t\t\tCalendario Liturgico Venezia 25-26_DEF_comp\t\t\t\t<\/a>\n\t\t\t<\/li>\n\t\t\t\t\t<\/ul>\n\t<\/a>\n<\/div>\n                           <\/div><\/div><\/div><div id=\"panel-8-0-1-2\" class=\"so-panel widget widget_bso-so-widget-all-in-one panel-last-child\" data-index=\"3\" ><div\n\t\t\t\n\t\t\tclass=\"so-widget-bso-so-widget-all-in-one so-widget-bso-so-widget-all-in-one-default-d75171398898-975\"\n\t\t\t\n\t\t><div class=\"my-5 antepage\">                             <div class=\"item\">\n<a href=\"https:\/\/www.patriarcatovenezia.it\/ufficioliturgico\/scuola-musica-sacra\/\"><h1 class=\"entry-title\">SDMSL &#8211; Scuola Diocesana di Musica Sacra per la Liturgia<\/h1><\/a>\n<div class=\"miniatura mb-3\"><a href=\"https:\/\/www.patriarcatovenezia.it\/ufficioliturgico\/scuola-musica-sacra\/\"><img decoding=\"async\" src=\"https:\/\/www.patriarcatovenezia.it\/ufficioliturgico\/wp-content\/uploads\/sites\/3\/2021\/10\/SDMSL_logo_new_15set2021_quad-300x300.png\" \/><\/a><\/div>\n<h2 class=\"sottotitolo\"><\/h2>\n<p class=\"summary\"><\/p>\n\t<\/a>\n<\/div>\n                           <\/div><\/div><\/div><\/div><\/div><\/div><\/div>","protected":false},"excerpt":{"rendered":"<p>Direttore don Luca Biancafior Segreteria 041-2702439 scuolamusicasacra@patriarcatovenezia.it Sede della Scuola Castello, 5660 (Campo San Lio) 30122 Venezia Perch\u00e9 una Scuola di Musica per la Liturgia?\u00a0Perch\u00e9 la liturgia, che \u00e8 culmine e fonte della vita cristiana (SC 10), \u00e8 un dono fatto a noi, che deve essere sempre di pi\u00f9 compreso, vissuto e rispettato in ogni [&hellip;]<\/p>\n","protected":false},"author":0,"featured_media":0,"parent":0,"menu_order":0,"comment_status":"closed","ping_status":"closed","template":"","meta":{"_acf_changed":true,"ip_address":"","user_agent":"","level":"","revision":"","cookie_id":"","page_referer":"","html_form":"","footnotes":""},"class_list":["post-8","page","type-page","status-publish","hentry"],"acf":[],"_links":{"self":[{"href":"https:\/\/www.patriarcatovenezia.it\/ufficioliturgico\/wp-json\/wp\/v2\/pages\/8"}],"collection":[{"href":"https:\/\/www.patriarcatovenezia.it\/ufficioliturgico\/wp-json\/wp\/v2\/pages"}],"about":[{"href":"https:\/\/www.patriarcatovenezia.it\/ufficioliturgico\/wp-json\/wp\/v2\/types\/page"}],"author":[{"embeddable":true,"href":"https:\/\/www.patriarcatovenezia.it\/ufficioliturgico\/wp-json\/wp\/v2\/users\/1"}],"replies":[{"embeddable":true,"href":"https:\/\/www.patriarcatovenezia.it\/ufficioliturgico\/wp-json\/wp\/v2\/comments?post=8"}],"version-history":[{"count":30,"href":"https:\/\/www.patriarcatovenezia.it\/ufficioliturgico\/wp-json\/wp\/v2\/pages\/8\/revisions"}],"predecessor-version":[{"id":1763,"href":"https:\/\/www.patriarcatovenezia.it\/ufficioliturgico\/wp-json\/wp\/v2\/pages\/8\/revisions\/1763"}],"wp:attachment":[{"href":"https:\/\/www.patriarcatovenezia.it\/ufficioliturgico\/wp-json\/wp\/v2\/media?parent=8"}],"curies":[{"name":"wp","href":"https:\/\/api.w.org\/{rel}","templated":true}]}}

<div id="pl-8"  class="panel-layout" ><div id="pg-8-0"  class="panel-grid panel-has-style" ><div class="container g-3 panel-row-style panel-row-style-for-8-0" ><div id="pgc-8-0-0"  class="panel-grid-cell" ><div id="panel-8-0-0-0" class="so-panel widget widget_bso-so-widget-all-in-one panel-first-child panel-last-child" data-index="0" ><div
			
			class="so-widget-bso-so-widget-all-in-one so-widget-bso-so-widget-all-in-one-default-d75171398898-8"
			
		><div class="antenews"><h3 class="titlebox">Notizie dall'ufficio</h3>
<div class="contenuto py-3">                             <div class="item row g-3 mx-3 mb-3 pb-3">
<div class="miniatura col-12 col-md-6 col-lg-4 "><img decoding="async" src="https://www.patriarcatovenezia.it/ufficioliturgico/wp-content/uploads/sites/3/2026/04/Testi-Eucologici-Dicastero-per-il-Culto-Divino-e-Disciplina-dei-Sacramenti-300x191.jpg" /></div>
<div class="col-12 col-md-6 col-lg-8">
<a href="https://www.patriarcatovenezia.it/ufficioliturgico/2026/04/21/confirmatio-per-la-memoria-facoltativa-di-santa-teresa-di-calcutta-e-della-messa-per-la-custodia-della-creazione/">
<h3 class="occhiello"></h3>
<h1 class="entry-title">Confirmatio per la memoria facoltativa di Santa Teresa di Calcutta e della Messa per la Custodia della Creazione</h1>
<h2 class="sottotitolo"></h2>
<p class="summary">Il 3 marzo 2026 il Dicastero per il Culto Divino e la Disciplina dei Sacramenti ha concesso la confirmatio della traduzione in lingua italiana dei testi liturgici riguardanti la Memoria Facoltativa di Santa Teresa di Calcutta, vergine, e la Messa per la Custodia della Creazione. ALLEGATI&hellip;</p>
</a>
</div>
</div>
                                                       <div class="item row g-3 mx-3 mb-3 pb-3">
<div class="miniatura col-12 col-md-6 col-lg-4 "><img decoding="async" src="https://www.patriarcatovenezia.it/ufficioliturgico/wp-content/uploads/sites/3/2026/03/COPERTINA-WEB-SUSSIDI-QUARESIMA-PASQUA-2026-scaled-1-300x182.jpg" /></div>
<div class="col-12 col-md-6 col-lg-8">
<a href="https://www.patriarcatovenezia.it/ufficioliturgico/2026/03/03/sussidi-di-quaresima-e-pasqua-2026/">
<h3 class="occhiello"></h3>
<h1 class="entry-title">Sussidi di Quaresima e Pasqua 2026</h1>
<h2 class="sottotitolo"></h2>
<p class="summary">La Quaresima è un tempo di rinnovamento spirituale nel quale – attraverso la preghiera assidua, il digiuno autentico e la carità operosa – volgere lo sguardo a colui che è stato trafitto e riconoscerlo nei tanti volti che non hanno né apparenza né bellezza; riscoprire la realtà profonda e dinamica&hellip;</p>
</a>
</div>
</div>
                                                       <div class="item row g-3 mx-3 mb-3 pb-3">
<div class="miniatura col-12 col-md-6 col-lg-4 "><img decoding="async" src="https://www.patriarcatovenezia.it/ufficioliturgico/wp-content/uploads/sites/3/2025/11/banner-sussidi-avvento-natale-2025-1024x640-1-300x188.jpg" /></div>
<div class="col-12 col-md-6 col-lg-8">
<a href="https://www.patriarcatovenezia.it/ufficioliturgico/2025/11/20/sussidi-di-avvento-2025/">
<h3 class="occhiello"></h3>
<h1 class="entry-title">Sussidi di Avvento 2025</h1>
<h2 class="sottotitolo"></h2>
<p class="summary">L&#8217;Ufficio Liturgico nazionale della CEI mette a disposizione dei sussidi per il tempo di Avvento, con indicazioni liturgiche, melodie per i salmi, commento alle letture, testi eucologici, ecc. Fare memoria grata dell’Avvento storico, scoprire con gioia quello intermedio e attendere vigilanti quello escatologico è un esercizio spirituale attraverso il&hellip;</p>
</a>
</div>
</div>
                                                       <div class="item row g-3 mx-3 mb-3 pb-3">
<div class="miniatura col-12 col-md-6 col-lg-4 "><img decoding="async" src="https://www.patriarcatovenezia.it/ufficioliturgico/wp-content/uploads/sites/3/2025/04/Sede_vacante_2.svg_-203x300.png" /></div>
<div class="col-12 col-md-6 col-lg-8">
<a href="https://www.patriarcatovenezia.it/ufficioliturgico/2025/04/29/indicazioni-liturgiche-e-preghiera-per-il-nuovo-papa/">
<h3 class="occhiello">Conferenza Episcopale Italiana</h3>
<h1 class="entry-title">Indicazioni liturgiche e preghiera per il nuovo Papa</h1>
<h2 class="sottotitolo"></h2>
<p class="summary">Si invita a prendere visione delle disposizioni emanate dalla CEI per i giorni di sede vacante in preparazione all&#8217;elezione del nuovo Papa: Ai Membri CEI_Indicazioni liturgiche Sede vacante ed elezione nuovo Papa (1495) 28.04.2025 Indicazioni liturgiche Sede vacante ed elezione nuovo Papa&hellip;</p>
</a>
</div>
</div>
                                                       <div class="item row g-3 mx-3 mb-3 pb-3">
<div class="miniatura col-12 col-md-6 col-lg-4 "><img decoding="async" src="https://www.patriarcatovenezia.it/ufficioliturgico/wp-content/uploads/sites/3/2025/04/161224-417-664x373-1-300x169.jpg" /></div>
<div class="col-12 col-md-6 col-lg-8">
<a href="https://www.patriarcatovenezia.it/ufficioliturgico/2025/04/22/indicazioni-liturgiche-e-preghiera-per-il-papa-defunto/">
<h3 class="occhiello">Ufficio Liturgico Nazionale</h3>
<h1 class="entry-title">Indicazioni liturgiche e preghiera per il Papa defunto</h1>
<h2 class="sottotitolo"></h2>
<p class="summary">SEDE VACANTE Durante la Sede vacante e fino all’elezione del nuovo Sommo Pontefice nella Preghiera Eucaristica e nelle intercessioni della Liturgia delle Ore si dovrà omettere il nome del Papa. In modo esemplificativo, si riportano le diciture per le Preghiere Eucaristiche I-III: Preghiera Eucaristica I o Canone Romano Noi te&hellip;</p>
</a>
</div>
</div>
                                                       <div class="item row g-3 mx-3 mb-3 pb-3">
<div class="miniatura col-12 col-md-6 col-lg-4 "><img decoding="async" src="https://www.patriarcatovenezia.it/ufficioliturgico/wp-content/uploads/sites/3/2025/04/36-1-300x300.jpg" /></div>
<div class="col-12 col-md-6 col-lg-8">
<a href="https://www.patriarcatovenezia.it/ufficioliturgico/2025/04/10/i-canti-nella-messa/">
<h3 class="occhiello">Modulo online</h3>
<h1 class="entry-title">I canti nella messa</h1>
<h2 class="sottotitolo"></h2>
<p class="summary">Docente: DON LUCA BIANCAFIOR Durata del corso: 4 incontri Giorni di lezione: martedì 6, 13, 20 e 27 maggio Orario: 20:45-22:30 Modalità: online su piattaforma Zoom Per partecipare e ricevere le credenziali d&#8217;accesso scrivere a scuolamusicasacra@patriarcatovenezia.it &nbsp; Obiettivo Capire la natura, la funzione e la prassi esecutiva dei vari canti&hellip;</p>
</a>
</div>
</div>
                                                       <div class="item row g-3 mx-3 mb-3 pb-3">
<div class="miniatura col-12 col-md-6 col-lg-4 "><img decoding="async" src="https://www.patriarcatovenezia.it/ufficioliturgico/wp-content/uploads/sites/3/2025/03/Prima-immagine-1024x640-1-300x188.jpg" /></div>
<div class="col-12 col-md-6 col-lg-8">
<a href="https://www.patriarcatovenezia.it/ufficioliturgico/2025/03/04/sussidi-di-quaresima-e-pasqua-2025/">
<h3 class="occhiello"></h3>
<h1 class="entry-title">Sussidi di Quaresima e Pasqua 2025</h1>
<h2 class="sottotitolo">"Nella speranza siamo stati salvati"</h2>
<p class="summary">Per meditare i misteri centrali della nostra fede e celebrare in modo efficace e consapevole Cristo nostra Pasqua, anche quest’anno gli Uffici della Segreteria Generale della Conferenza Episcopale Italiana offrono alcuni strumenti. Questo sussidio vuole essere un aiuto perché le comunità cristiane celebrino con arte i divini misteri e ogni&hellip;</p>
</a>
</div>
</div>
                           <div class="archiviolink text-end m-3"><a href="/ufficioliturgico/category/notizie">Tutte le news</a></div>
</div></div></div></div></div><div id="pgc-8-0-1"  class="panel-grid-cell" ><div id="panel-8-0-1-0" class="so-panel widget widget_sow-editor panel-first-child" data-index="1" ><div class="contattibox panel-widget-style panel-widget-style-for-8-0-1-0" ><div
			
			class="so-widget-sow-editor so-widget-sow-editor-base"
			
		><h3 class="widget-title">Contatti</h3>
<div class="siteorigin-widget-tinymce textwidget">
	<p><strong>Direttore dell’Ufficio liturgico</strong><br />
<strong>Delegato per i ministri straordinari, i ministeri istituiti e il diaconato</strong><br />
DON STEFANO COSTANTINI</p>
<p><strong>Segreteria</strong><br />
Giorgia dott.ssa Moro<br />
<em>Curia Patriarcale</em><br />
San Marco, 320/A – 30124 Venezia<br />
tel. 041-2702452 / 041-2702443<br />
ufficioliturgico@patriarcatovenezia.it</p>
</div>
</div></div></div><div id="panel-8-0-1-1" class="so-panel widget widget_bso-so-widget-all-in-one" data-index="2" ><div
			
			class="so-widget-bso-so-widget-all-in-one so-widget-bso-so-widget-all-in-one-default-d75171398898-2614"
			
		><div class="my-5 antepage">                             <div class="item">
<a href="https://www.patriarcatovenezia.it/ufficioliturgico/calendario-liturgico/"><h1 class="entry-title">CALENDARIO LITURGICO</h1></a>
<div class="miniatura mb-3"><a href="https://www.patriarcatovenezia.it/ufficioliturgico/calendario-liturgico/"><img decoding="async" src="https://www.patriarcatovenezia.it/ufficioliturgico/wp-content/uploads/sites/3/2025/11/Calendario-Liturgico-Venezia-25-26_COP_page-0001-300x211.jpg" /></a></div>
<h2 class="sottotitolo">2025-2026 ♦ ANNO A</h2>
<p class="summary"></p>
				<ul class="bso-attachments">
						<li>
				<a href="https://www.patriarcatovenezia.it/ufficioliturgico/wp-content/uploads/sites/3/2025/11/Calendario-Liturgico-Venezia-25-26_DEF_comp.pdf" target="_blank" class="article_attachment_link">
					Calendario Liturgico Venezia 25-26_DEF_comp				</a>
			</li>
					</ul>
	</a>
</div>
                           </div></div></div><div id="panel-8-0-1-2" class="so-panel widget widget_bso-so-widget-all-in-one panel-last-child" data-index="3" ><div
			
			class="so-widget-bso-so-widget-all-in-one so-widget-bso-so-widget-all-in-one-default-d75171398898-975"
			
		><div class="my-5 antepage">                             <div class="item">
<a href="https://www.patriarcatovenezia.it/ufficioliturgico/scuola-musica-sacra/"><h1 class="entry-title">SDMSL &#8211; Scuola Diocesana di Musica Sacra per la Liturgia</h1></a>
<div class="miniatura mb-3"><a href="https://www.patriarcatovenezia.it/ufficioliturgico/scuola-musica-sacra/"><img decoding="async" src="https://www.patriarcatovenezia.it/ufficioliturgico/wp-content/uploads/sites/3/2021/10/SDMSL_logo_new_15set2021_quad-300x300.png" /></a></div>
<h2 class="sottotitolo"></h2>
<p class="summary"></p>
	</a>
</div>
                           </div></div></div></div></div></div></div>

<p>Direttore don Luca Biancafior Segreteria 041-2702439 scuolamusicasacra@patriarcatovenezia.it Sede della Scuola Castello, 5660 (Campo San Lio) 30122 Venezia Perché una Scuola di Musica per la Liturgia? Perché la liturgia, che è culmine e fonte della vita cristiana (SC 10), è un dono fatto a noi, che deve essere sempre di più compreso, vissuto e rispettato in ogni [&hellip;]</p>
