{"id":1892,"date":"2024-12-11T14:56:23","date_gmt":"2024-12-11T13:56:23","guid":{"rendered":"https:\/\/www.patriarcatovenezia.it\/ufficioliturgico\/?page_id=1892"},"modified":"2025-09-24T10:55:19","modified_gmt":"2025-09-24T08:55:19","slug":"canto-gregoriano","status":"publish","type":"page","link":"https:\/\/www.patriarcatovenezia.it\/ufficioliturgico\/scuola-musica-sacra\/proposta-formativa\/canto-gregoriano\/","title":{"rendered":"Canto gregoriano"},"content":{"rendered":"<div id=\"pl-1892\"  class=\"panel-layout\" ><div id=\"pg-1892-0\"  class=\"panel-grid panel-no-style\" ><div id=\"pgc-1892-0-0\"  class=\"panel-grid-cell\" ><div id=\"panel-1892-0-0-0\" class=\"so-panel widget widget_sow-editor panel-first-child panel-last-child\" data-index=\"0\" ><div\n\t\t\t\n\t\t\tclass=\"so-widget-sow-editor so-widget-sow-editor-base\"\n\t\t\t\n\t\t>\n<div class=\"siteorigin-widget-tinymce textwidget\">\n\t<p>\u201cLo studio del canto gregoriano al di fuori dei contesti in cui \u00e8 nato e si \u00e8 evoluto \u00e8 un\u2019operazione assai rischiosa perch\u00e9 inevitabilmente porta con s\u00e9 il tradimento di questa musica la cui esistenza non \u00e8 di ordine estetico. Il gregoriano non nasce, infatti, come musica da ascoltare e neanche come musica per la preghiera: il gregoriano nasce come preghiera e vive se \u00e8 preghiera; se cessa di essere alimentato dal legame fondante con la spiritualit\u00e0\u201d. Con le parole iscritte nella presentazione del CD \u201cVexilla Regis Ufficio in Festo Exaltatione Sanctae Crucis\u201d realizzato dai Frati Cappuccini del Redentore e dalle Suore Clarisse della SS. Trinit\u00e0 nell\u2019ambito di un percorso di studio in seno alla Scuola Diocesana che proponiamo il corso di canto gregoriano per l\u2019anno scolastico 2025-2026, che avr\u00e0 come principale obiettivo la partecipazione alla preghiera della comunit\u00e0 monastica benedettina di San Giorgio Maggiore.<\/p>\n<hr \/>\n<p>Docente: M\u00b0 PAOLA TALAMINI<\/p>\n<p>Per l\u2019anno scolastico 25\/26 il CORSO DI CANTO GREGORIANO\u00a0propone 14 incontri articolati in 2 gruppi distinti:<\/p>\n<ul>\n<li>7 lezioni il sabato mattina a San Lio<\/li>\n<li>7 incontri il sabato pomeriggio a San Giorgio<\/li>\n<\/ul>\n<p>L'iscrizione \u00e8 unica e sancita dal regolamento della Scuola, la frequenza \u00e8 obbligatoria per la certificazione delle lezioni a San Lio.<\/p>\n<p><strong>Non sono previsti allievi uditori.<\/strong><\/p>\n<p>&nbsp;<\/p>\n<p>LEZIONI A S. LIO<\/p>\n<p>Sede: Campo S. Lio 5660<\/p>\n<p>Orario: 9.00 - 10.30 Prepolifonia (teoria e pratica)<\/p>\n<p>Date:<\/p>\n<ul>\n<li>29 novembre<\/li>\n<li>31 gennaio<\/li>\n<li>28 febbraio (II Quaresima)<\/li>\n<li>28 marzo (Palme)<\/li>\n<li>9 maggio (VI Pasqua)<\/li>\n<li>16 maggio (Ascensione)<\/li>\n<li>30 maggio (Trinit\u00e0)<\/li>\n<\/ul>\n<p><strong>\u00a0<\/strong><\/p>\n<p>LEZIONI A S. GIORGIO<\/p>\n<p>Sede: Abbazia dell'Isola di S Giorgio Maggiore<\/p>\n<p>Orario:<\/p>\n<ul>\n<li>Ore 17.00 - 19.00 studio<\/li>\n<li>Ore 19.00 - 20.00 celebrazione del Vespro con i Padri Benedettini<\/li>\n<\/ul>\n<p>Date:<\/p>\n<ul>\n<li>31 ottobre - Tutti i Santi<\/li>\n<li>6 dicembre - II Domenica di Avvento<\/li>\n<li>5 gennaio - Epifania del Signore<\/li>\n<li>20 marzo - Transito di San Benedetto<\/li>\n<li>11 aprile - II Domenica di Pasqua<\/li>\n<li>23 maggio - Pentecoste<\/li>\n<li>6 giugno - Corpus Domini<\/li>\n<\/ul>\n<p>Questo corso \u00e8 complementare a quello di\u00a0<a href=\"https:\/\/www.patriarcatovenezia.it\/ufficioliturgico\/scuola-musica-sacra\/proposta-formativa\/direzione-di-coro-ed-elementi-di-tecnica-vocale\/\">vocalit\u00e0 e direzione di coro<\/a><\/p>\n<\/div>\n<\/div><\/div><\/div><\/div><div id=\"pg-1892-1\"  class=\"panel-grid panel-no-style\" ><div id=\"pgc-1892-1-0\"  class=\"panel-grid-cell panel-grid-cell-empty\" ><\/div><div id=\"pgc-1892-1-1\"  class=\"panel-grid-cell panel-grid-cell-empty\" ><\/div><div id=\"pgc-1892-1-2\"  class=\"panel-grid-cell panel-grid-cell-empty\" ><\/div><div id=\"pgc-1892-1-3\"  class=\"panel-grid-cell\" ><div id=\"panel-1892-1-3-0\" class=\"so-panel widget widget_sow-image panel-first-child panel-last-child\" data-index=\"1\" ><div\n\t\t\t\n\t\t\tclass=\"so-widget-sow-image so-widget-sow-image-default-8b5b6f678277-1892\"\n\t\t\t\n\t\t>\n\n<div class=\"sow-image-container\">\n\t\t\t<a href=\"https:\/\/www.patriarcatovenezia.it\/ufficioliturgico\/scuola-musica-sacra\/\"\n\t\t\t\t\t>\n\t\t\t<img loading=\"lazy\" decoding=\"async\" src=\"https:\/\/www.patriarcatovenezia.it\/ufficioliturgico\/wp-content\/uploads\/sites\/3\/2025\/09\/Vaiallahomepage.jpg\" width=\"400\" height=\"100\" srcset=\"https:\/\/www.patriarcatovenezia.it\/ufficioliturgico\/wp-content\/uploads\/sites\/3\/2025\/09\/Vaiallahomepage.jpg 400w, https:\/\/www.patriarcatovenezia.it\/ufficioliturgico\/wp-content\/uploads\/sites\/3\/2025\/09\/Vaiallahomepage-300x75.jpg 300w\" sizes=\"(max-width: 400px) 100vw, 400px\" alt=\"\" \t\tclass=\"so-widget-image\"\/>\n\t<\/a><\/div>\n\n<\/div><\/div><\/div><\/div><\/div>","protected":false},"excerpt":{"rendered":"<p>\u201cLo studio del canto gregoriano al di fuori dei contesti in cui \u00e8 nato e si \u00e8 evoluto \u00e8 un\u2019operazione assai rischiosa perch\u00e9 inevitabilmente porta con s\u00e9 il tradimento di questa musica la cui esistenza non \u00e8 di ordine estetico. Il gregoriano non nasce, infatti, come musica da ascoltare e neanche come musica per la [&hellip;]<\/p>\n","protected":false},"author":0,"featured_media":0,"parent":1809,"menu_order":0,"comment_status":"closed","ping_status":"closed","template":"","meta":{"_acf_changed":false,"ip_address":"","user_agent":"","level":"","revision":"","cookie_id":"","page_referer":"","html_form":"","footnotes":""},"class_list":["post-1892","page","type-page","status-publish","hentry"],"acf":[],"_links":{"self":[{"href":"https:\/\/www.patriarcatovenezia.it\/ufficioliturgico\/wp-json\/wp\/v2\/pages\/1892"}],"collection":[{"href":"https:\/\/www.patriarcatovenezia.it\/ufficioliturgico\/wp-json\/wp\/v2\/pages"}],"about":[{"href":"https:\/\/www.patriarcatovenezia.it\/ufficioliturgico\/wp-json\/wp\/v2\/types\/page"}],"author":[{"embeddable":true,"href":"https:\/\/www.patriarcatovenezia.it\/ufficioliturgico\/wp-json\/wp\/v2\/users\/10"}],"replies":[{"embeddable":true,"href":"https:\/\/www.patriarcatovenezia.it\/ufficioliturgico\/wp-json\/wp\/v2\/comments?post=1892"}],"version-history":[{"count":8,"href":"https:\/\/www.patriarcatovenezia.it\/ufficioliturgico\/wp-json\/wp\/v2\/pages\/1892\/revisions"}],"predecessor-version":[{"id":3853,"href":"https:\/\/www.patriarcatovenezia.it\/ufficioliturgico\/wp-json\/wp\/v2\/pages\/1892\/revisions\/3853"}],"up":[{"embeddable":true,"href":"https:\/\/www.patriarcatovenezia.it\/ufficioliturgico\/wp-json\/wp\/v2\/pages\/1809"}],"wp:attachment":[{"href":"https:\/\/www.patriarcatovenezia.it\/ufficioliturgico\/wp-json\/wp\/v2\/media?parent=1892"}],"curies":[{"name":"wp","href":"https:\/\/api.w.org\/{rel}","templated":true}]}}

<div id="pl-1892"  class="panel-layout" ><div id="pg-1892-0"  class="panel-grid panel-no-style" ><div id="pgc-1892-0-0"  class="panel-grid-cell" ><div id="panel-1892-0-0-0" class="so-panel widget widget_sow-editor panel-first-child panel-last-child" data-index="0" ><div
			
			class="so-widget-sow-editor so-widget-sow-editor-base"
			
		>
<div class="siteorigin-widget-tinymce textwidget">
	<p>“Lo studio del canto gregoriano al di fuori dei contesti in cui è nato e si è evoluto è un’operazione assai rischiosa perché inevitabilmente porta con sé il tradimento di questa musica la cui esistenza non è di ordine estetico. Il gregoriano non nasce, infatti, come musica da ascoltare e neanche come musica per la preghiera: il gregoriano nasce come preghiera e vive se è preghiera; se cessa di essere alimentato dal legame fondante con la spiritualità”. Con le parole iscritte nella presentazione del CD “Vexilla Regis Ufficio in Festo Exaltatione Sanctae Crucis” realizzato dai Frati Cappuccini del Redentore e dalle Suore Clarisse della SS. Trinità nell’ambito di un percorso di studio in seno alla Scuola Diocesana che proponiamo il corso di canto gregoriano per l’anno scolastico 2025-2026, che avrà come principale obiettivo la partecipazione alla preghiera della comunità monastica benedettina di San Giorgio Maggiore.</p>
<hr />
<p>Docente: M° PAOLA TALAMINI</p>
<p>Per l’anno scolastico 25/26 il CORSO DI CANTO GREGORIANO propone 14 incontri articolati in 2 gruppi distinti:</p>
<ul>
<li>7 lezioni il sabato mattina a San Lio</li>
<li>7 incontri il sabato pomeriggio a San Giorgio</li>
</ul>
<p>L'iscrizione è unica e sancita dal regolamento della Scuola, la frequenza è obbligatoria per la certificazione delle lezioni a San Lio.</p>
<p><strong>Non sono previsti allievi uditori.</strong></p>
<p>&nbsp;</p>
<p>LEZIONI A S. LIO</p>
<p>Sede: Campo S. Lio 5660</p>
<p>Orario: 9.00 - 10.30 Prepolifonia (teoria e pratica)</p>
<p>Date:</p>
<ul>
<li>29 novembre</li>
<li>31 gennaio</li>
<li>28 febbraio (II Quaresima)</li>
<li>28 marzo (Palme)</li>
<li>9 maggio (VI Pasqua)</li>
<li>16 maggio (Ascensione)</li>
<li>30 maggio (Trinità)</li>
</ul>
<p><strong> </strong></p>
<p>LEZIONI A S. GIORGIO</p>
<p>Sede: Abbazia dell'Isola di S Giorgio Maggiore</p>
<p>Orario:</p>
<ul>
<li>Ore 17.00 - 19.00 studio</li>
<li>Ore 19.00 - 20.00 celebrazione del Vespro con i Padri Benedettini</li>
</ul>
<p>Date:</p>
<ul>
<li>31 ottobre - Tutti i Santi</li>
<li>6 dicembre - II Domenica di Avvento</li>
<li>5 gennaio - Epifania del Signore</li>
<li>20 marzo - Transito di San Benedetto</li>
<li>11 aprile - II Domenica di Pasqua</li>
<li>23 maggio - Pentecoste</li>
<li>6 giugno - Corpus Domini</li>
</ul>
<p>Questo corso è complementare a quello di <a href="https://www.patriarcatovenezia.it/ufficioliturgico/scuola-musica-sacra/proposta-formativa/direzione-di-coro-ed-elementi-di-tecnica-vocale/">vocalità e direzione di coro</a></p>
</div>
</div></div></div></div><div id="pg-1892-1"  class="panel-grid panel-no-style" ><div id="pgc-1892-1-0"  class="panel-grid-cell panel-grid-cell-empty" ></div><div id="pgc-1892-1-1"  class="panel-grid-cell panel-grid-cell-empty" ></div><div id="pgc-1892-1-2"  class="panel-grid-cell panel-grid-cell-empty" ></div><div id="pgc-1892-1-3"  class="panel-grid-cell" ><div id="panel-1892-1-3-0" class="so-panel widget widget_sow-image panel-first-child panel-last-child" data-index="1" ><div
			
			class="so-widget-sow-image so-widget-sow-image-default-8b5b6f678277-1892"
			
		>

<div class="sow-image-container">
			<a href="https://www.patriarcatovenezia.it/ufficioliturgico/scuola-musica-sacra/"
					>
			<img loading="lazy" decoding="async" src="https://www.patriarcatovenezia.it/ufficioliturgico/wp-content/uploads/sites/3/2025/09/Vaiallahomepage.jpg" width="400" height="100" srcset="https://www.patriarcatovenezia.it/ufficioliturgico/wp-content/uploads/sites/3/2025/09/Vaiallahomepage.jpg 400w, https://www.patriarcatovenezia.it/ufficioliturgico/wp-content/uploads/sites/3/2025/09/Vaiallahomepage-300x75.jpg 300w" sizes="(max-width: 400px) 100vw, 400px" alt="" 		class="so-widget-image"/>
	</a></div>

</div></div></div></div></div>

<p>“Lo studio del canto gregoriano al di fuori dei contesti in cui è nato e si è evoluto è un’operazione assai rischiosa perché inevitabilmente porta con sé il tradimento di questa musica la cui esistenza non è di ordine estetico. Il gregoriano non nasce, infatti, come musica da ascoltare e neanche come musica per la [&hellip;]</p>
