{"id":1814,"date":"2024-12-06T14:08:46","date_gmt":"2024-12-06T13:08:46","guid":{"rendered":"https:\/\/www.patriarcatovenezia.it\/ufficioliturgico\/?page_id=1814"},"modified":"2025-09-24T10:28:40","modified_gmt":"2025-09-24T08:28:40","slug":"informazioni-e-iscrizioni","status":"publish","type":"page","link":"https:\/\/www.patriarcatovenezia.it\/ufficioliturgico\/scuola-musica-sacra\/informazioni-e-iscrizioni\/","title":{"rendered":"Informazioni e iscrizioni"},"content":{"rendered":"<div id=\"pl-1814\"  class=\"panel-layout\" ><div id=\"pg-1814-0\"  class=\"panel-grid panel-no-style\" ><div id=\"pgc-1814-0-0\"  class=\"panel-grid-cell\" ><div id=\"panel-1814-0-0-0\" class=\"so-panel widget widget_sow-editor panel-first-child\" data-index=\"0\" ><div\n\t\t\t\n\t\t\tclass=\"so-widget-sow-editor so-widget-sow-editor-base\"\n\t\t\t\n\t\t><h3 class=\"widget-title\">Segreteria<\/h3>\n<div class=\"siteorigin-widget-tinymce textwidget\">\n\t<hr \/>\n<p>Curia Patriarcale<br \/>\nSan Marco 320\/A \u2013 30124 Venezia<br \/>\n(1\u00b0 piano)<br \/>\nTel. 041-2702439<br \/>\ne-mail scuolamusicasacra@patriarcatovenezia.it<br \/>\n<span style=\"color: #000000;\"><strong><em>Si riceve per appuntamento<\/em><\/strong><\/span><\/p>\n<\/div>\n<\/div><\/div><div id=\"panel-1814-0-0-1\" class=\"so-panel widget widget_sow-editor\" data-index=\"1\" ><div\n\t\t\t\n\t\t\tclass=\"so-widget-sow-editor so-widget-sow-editor-base\"\n\t\t\t\n\t\t><h3 class=\"widget-title\">Modulo di iscrizione<\/h3>\n<div class=\"siteorigin-widget-tinymce textwidget\">\n\t<hr \/>\n<h4>Compila online &gt; <strong><a href=\"https:\/\/forms.gle\/oGj57ak5XjYumJgp7\">MODULO 2025-2026 - iscrizione corsi SDSML<\/a><\/strong><\/h4>\n<hr \/>\n<p><em><strong>Attenzione: <\/strong><\/em>SOLO PER I <strong>NUOVI ISCRITTI<\/strong> per completare l\u2019iscrizione \u00e8 necessario spedire a scuolamusicasacra@patriarcatovenezia.it la <strong>LETTERA DI PRESENTAZIONE<\/strong> di un superiore o responsabile di Comunit\u00e0 o Parrocchia (o altro contesto ecclesiale di appartenenza), oppure dichiarazione della propria attivit\u00e0 musicale all\u2019interno di un preciso contesto pastorale o liturgico diocesano; in alternativa sar\u00e0 opportuno accordarsi con i docenti (previo colloquio e audizione di idoneit\u00e0) al fine di assumere con responsabilit\u00e0 l\u2019impegno di seguire un percorso formativo coerente con gli obiettivi della Scuola.<\/p>\n<\/div>\n<\/div><\/div><div id=\"panel-1814-0-0-2\" class=\"so-panel widget widget_sow-editor\" data-index=\"2\" ><div\n\t\t\t\n\t\t\tclass=\"so-widget-sow-editor so-widget-sow-editor-base\"\n\t\t\t\n\t\t><h3 class=\"widget-title\">Quota di iscrizione annuale<\/h3>\n<div class=\"siteorigin-widget-tinymce textwidget\">\n\t<hr \/>\n<p>STUDENTE ORDINARIO* = \u20ac 50,00<\/p>\n<p>STUDENTE STRAORDINARIO* = \u20ac 30,00 per ciascun corso scelto<\/p>\n<h6>*Per conoscere la differenza tra le due tipologie <a href=\"https:\/\/www.patriarcatovenezia.it\/ufficioliturgico\/scuola-musica-sacra\/proposta-formativa\/\">clicca qui<\/a><\/h6>\n<\/div>\n<\/div><\/div><div id=\"panel-1814-0-0-3\" class=\"so-panel widget widget_sow-editor panel-last-child\" data-index=\"3\" ><div\n\t\t\t\n\t\t\tclass=\"so-widget-sow-editor so-widget-sow-editor-base\"\n\t\t\t\n\t\t><h3 class=\"widget-title\">Come versare la quota<\/h3>\n<div class=\"siteorigin-widget-tinymce textwidget\">\n\t<hr \/>\n<p><strong><em>Tramite bonifico bancario<\/em><\/strong><\/p>\n<p>DIOCESI: PATRIARCATO DI VENEZIA<br \/>\nIBAN: IT 92 Y 05034 02070 000000009317<br \/>\ncausale: Iscrizione Scuola Musica Sacra 2025-2026 (Cognome e Nome)<\/p>\n<p><strong><em>Presso la segreteria della Scuola<\/em><\/strong> (Curia Patriarcale, S. Marco, 320\/A \u2013 30124 Venezia; 1\u00b0 piano)<br \/>\n<strong><em>previo appuntamento <\/em><\/strong>tel. 041-2702439 - scuolamusicasacra@patriarcatovenezia.it<\/p>\n<\/div>\n<\/div><\/div><\/div><\/div><div id=\"pg-1814-1\"  class=\"panel-grid panel-no-style\" ><div id=\"pgc-1814-1-0\"  class=\"panel-grid-cell\" ><div id=\"panel-1814-1-0-0\" class=\"so-panel widget widget_sow-image panel-first-child panel-last-child\" data-index=\"4\" ><div\n\t\t\t\n\t\t\tclass=\"so-widget-sow-image so-widget-sow-image-default-8b5b6f678277-1814\"\n\t\t\t\n\t\t>\n\n<div class=\"sow-image-container\">\n\t\t\t<a href=\"https:\/\/www.patriarcatovenezia.it\/ufficioliturgico\/scuola-musica-sacra\/\"\n\t\t\t\t\t>\n\t\t\t<img loading=\"lazy\" decoding=\"async\" src=\"https:\/\/www.patriarcatovenezia.it\/ufficioliturgico\/wp-content\/uploads\/sites\/3\/2025\/09\/Vaiallahomepage.jpg\" width=\"400\" height=\"100\" srcset=\"https:\/\/www.patriarcatovenezia.it\/ufficioliturgico\/wp-content\/uploads\/sites\/3\/2025\/09\/Vaiallahomepage.jpg 400w, https:\/\/www.patriarcatovenezia.it\/ufficioliturgico\/wp-content\/uploads\/sites\/3\/2025\/09\/Vaiallahomepage-300x75.jpg 300w\" sizes=\"(max-width: 400px) 100vw, 400px\" alt=\"\" \t\tclass=\"so-widget-image\"\/>\n\t<\/a><\/div>\n\n<\/div><\/div><\/div><div id=\"pgc-1814-1-1\"  class=\"panel-grid-cell panel-grid-cell-empty panel-grid-cell-mobile-last\" ><\/div><div id=\"pgc-1814-1-2\"  class=\"panel-grid-cell panel-grid-cell-empty\" ><\/div><\/div><\/div>","protected":false},"excerpt":{"rendered":"<p>Curia Patriarcale San Marco 320\/A \u2013 30124 Venezia (1\u00b0 piano) Tel. 041-2702439 e-mail scuolamusicasacra@patriarcatovenezia.it Si riceve per appuntamento Compila online &gt; MODULO 2025-2026 &#8211; iscrizione corsi SDSML Attenzione: SOLO PER I NUOVI ISCRITTI per completare l\u2019iscrizione \u00e8 necessario spedire a scuolamusicasacra@patriarcatovenezia.it la LETTERA DI PRESENTAZIONE di un superiore o responsabile di Comunit\u00e0 o Parrocchia (o [&hellip;]<\/p>\n","protected":false},"author":0,"featured_media":0,"parent":605,"menu_order":0,"comment_status":"closed","ping_status":"closed","template":"","meta":{"_acf_changed":false,"ip_address":"","user_agent":"","level":"","revision":"","cookie_id":"","page_referer":"","html_form":"","footnotes":""},"class_list":["post-1814","page","type-page","status-publish","hentry"],"acf":[],"_links":{"self":[{"href":"https:\/\/www.patriarcatovenezia.it\/ufficioliturgico\/wp-json\/wp\/v2\/pages\/1814"}],"collection":[{"href":"https:\/\/www.patriarcatovenezia.it\/ufficioliturgico\/wp-json\/wp\/v2\/pages"}],"about":[{"href":"https:\/\/www.patriarcatovenezia.it\/ufficioliturgico\/wp-json\/wp\/v2\/types\/page"}],"author":[{"embeddable":true,"href":"https:\/\/www.patriarcatovenezia.it\/ufficioliturgico\/wp-json\/wp\/v2\/users\/10"}],"replies":[{"embeddable":true,"href":"https:\/\/www.patriarcatovenezia.it\/ufficioliturgico\/wp-json\/wp\/v2\/comments?post=1814"}],"version-history":[{"count":17,"href":"https:\/\/www.patriarcatovenezia.it\/ufficioliturgico\/wp-json\/wp\/v2\/pages\/1814\/revisions"}],"predecessor-version":[{"id":3847,"href":"https:\/\/www.patriarcatovenezia.it\/ufficioliturgico\/wp-json\/wp\/v2\/pages\/1814\/revisions\/3847"}],"up":[{"embeddable":true,"href":"https:\/\/www.patriarcatovenezia.it\/ufficioliturgico\/wp-json\/wp\/v2\/pages\/605"}],"wp:attachment":[{"href":"https:\/\/www.patriarcatovenezia.it\/ufficioliturgico\/wp-json\/wp\/v2\/media?parent=1814"}],"curies":[{"name":"wp","href":"https:\/\/api.w.org\/{rel}","templated":true}]}}