{"id":1805,"date":"2024-12-06T13:09:07","date_gmt":"2024-12-06T12:09:07","guid":{"rendered":"https:\/\/www.patriarcatovenezia.it\/ufficioliturgico\/?page_id=1805"},"modified":"2025-09-24T10:26:37","modified_gmt":"2025-09-24T08:26:37","slug":"presentazione","status":"publish","type":"page","link":"https:\/\/www.patriarcatovenezia.it\/ufficioliturgico\/scuola-musica-sacra\/presentazione\/","title":{"rendered":"Presentazione"},"content":{"rendered":"<div id=\"pl-1805\"  class=\"panel-layout\" ><div id=\"pg-1805-0\"  class=\"panel-grid panel-no-style\" ><div id=\"pgc-1805-0-0\"  class=\"panel-grid-cell\" ><div id=\"panel-1805-0-0-0\" class=\"so-panel widget widget_sow-editor panel-first-child panel-last-child\" data-index=\"0\" ><div\n\t\t\t\n\t\t\tclass=\"so-widget-sow-editor so-widget-sow-editor-base\"\n\t\t\t\n\t\t>\n<div class=\"siteorigin-widget-tinymce textwidget\">\n\t<hr \/>\n<p>Perch\u00e9 una Scuola di Musica per la Liturgia?<\/p>\n<p>Perch\u00e9 la liturgia, che \u00e8 culmine e fonte della vita cristiana (SC 10), \u00e8 un dono fatto a noi, che deve essere sempre di pi\u00f9 compreso, vissuto e rispettato in ogni sua parte.<\/p>\n<p>La <strong>\u201cScuola Diocesana di Musica Sacra per la Liturgia\u201d (SDMSL)<\/strong> \u00e8 nata nel 2019 come strumento messo in atto dal Patriarcato di Venezia per formare e sostenere tutte le persone che svolgono un servizio nell\u2019ambito liturgico-musicale:<\/p>\n<ul>\n<li>Direttori di coro<\/li>\n<li>Organisti\/tastieristi<\/li>\n<li>Chitarristi<\/li>\n<li>Coristi<\/li>\n<li>Animatori liturgici<\/li>\n<\/ul>\n<p>La SDMSL desidera essere sempre pi\u00f9 presente nel tessuto diocesano attraverso una <strong>rete di collaborazioni<\/strong> con le realt\u00e0 locali che ben conoscono il territorio e le tradizioni presenti, offrendo strumenti formativi per cogliere l\u2019identit\u00e0 e la funzione del servizio musicale all\u2019interno della liturgia. La Scuola si sta adoperando per costruire un <strong>repertorio comune<\/strong> alla Diocesi, partendo proprio dalle realt\u00e0 musicali presenti nelle nostre comunit\u00e0: il desiderio, dunque, \u00e8 quello di proseguire e implementare il dialogo e accogliere i vari contributi e sensibilit\u00e0.<\/p>\n<p><strong>I corsi di liturgia fondamentale e di programmazione liturgico-musicale<\/strong> sono proposti proprio a tale scopo, come ricorda il Concilio Vaticano II per formare tutti i fedeli \u201ca quella piena, consapevole e attiva partecipazione alle azioni liturgiche\u201d (SC 14) e tenendo che \u201cla tradizione musicale di tutta la Chiesa costituisce un patrimonio di inestimabile valore, che eccelle tra le altre espressioni dell\u2019arte, specialmente per il fatto che il canto sacro, unito alle parole, \u00e8 parte necessaria e integrale della liturgia solenne\u201d (SC 112).<\/p>\n<p><strong>I corsi caratterizzanti<\/strong> si incardinano su quelli fondamentali offrendo una formazione teorica e pratica a quanti desiderano iniziare un servizio o a quanti gi\u00e0 lo svolgono all\u2019interno di una comunit\u00e0.<\/p>\n<\/div>\n<\/div><\/div><\/div><\/div><div id=\"pg-1805-1\"  class=\"panel-grid panel-no-style\" ><div id=\"pgc-1805-1-0\"  class=\"panel-grid-cell\" ><div id=\"panel-1805-1-0-0\" class=\"so-panel widget widget_sow-image panel-first-child panel-last-child\" data-index=\"1\" ><div\n\t\t\t\n\t\t\tclass=\"so-widget-sow-image so-widget-sow-image-default-8b5b6f678277-1805\"\n\t\t\t\n\t\t>\n\n<div class=\"sow-image-container\">\n\t\t\t<a href=\"https:\/\/www.patriarcatovenezia.it\/ufficioliturgico\/scuola-musica-sacra\/\"\n\t\t\t\t\t>\n\t\t\t<img loading=\"lazy\" decoding=\"async\" src=\"https:\/\/www.patriarcatovenezia.it\/ufficioliturgico\/wp-content\/uploads\/sites\/3\/2025\/09\/Vaiallahomepage.jpg\" width=\"400\" height=\"100\" srcset=\"https:\/\/www.patriarcatovenezia.it\/ufficioliturgico\/wp-content\/uploads\/sites\/3\/2025\/09\/Vaiallahomepage.jpg 400w, https:\/\/www.patriarcatovenezia.it\/ufficioliturgico\/wp-content\/uploads\/sites\/3\/2025\/09\/Vaiallahomepage-300x75.jpg 300w\" sizes=\"(max-width: 400px) 100vw, 400px\" alt=\"\" \t\tclass=\"so-widget-image\"\/>\n\t<\/a><\/div>\n\n<\/div><\/div><\/div><div id=\"pgc-1805-1-1\"  class=\"panel-grid-cell panel-grid-cell-empty panel-grid-cell-mobile-last\" ><\/div><div id=\"pgc-1805-1-2\"  class=\"panel-grid-cell panel-grid-cell-empty\" ><\/div><\/div><\/div>","protected":false},"excerpt":{"rendered":"<p>Perch\u00e9 una Scuola di Musica per la Liturgia? Perch\u00e9 la liturgia, che \u00e8 culmine e fonte della vita cristiana (SC 10), \u00e8 un dono fatto a noi, che deve essere sempre di pi\u00f9 compreso, vissuto e rispettato in ogni sua parte. La \u201cScuola Diocesana di Musica Sacra per la Liturgia\u201d (SDMSL) \u00e8 nata nel 2019 [&hellip;]<\/p>\n","protected":false},"author":0,"featured_media":0,"parent":605,"menu_order":0,"comment_status":"closed","ping_status":"closed","template":"","meta":{"_acf_changed":false,"ip_address":"","user_agent":"","level":"","revision":"","cookie_id":"","page_referer":"","html_form":"","footnotes":""},"class_list":["post-1805","page","type-page","status-publish","hentry"],"acf":[],"_links":{"self":[{"href":"https:\/\/www.patriarcatovenezia.it\/ufficioliturgico\/wp-json\/wp\/v2\/pages\/1805"}],"collection":[{"href":"https:\/\/www.patriarcatovenezia.it\/ufficioliturgico\/wp-json\/wp\/v2\/pages"}],"about":[{"href":"https:\/\/www.patriarcatovenezia.it\/ufficioliturgico\/wp-json\/wp\/v2\/types\/page"}],"author":[{"embeddable":true,"href":"https:\/\/www.patriarcatovenezia.it\/ufficioliturgico\/wp-json\/wp\/v2\/users\/10"}],"replies":[{"embeddable":true,"href":"https:\/\/www.patriarcatovenezia.it\/ufficioliturgico\/wp-json\/wp\/v2\/comments?post=1805"}],"version-history":[{"count":7,"href":"https:\/\/www.patriarcatovenezia.it\/ufficioliturgico\/wp-json\/wp\/v2\/pages\/1805\/revisions"}],"predecessor-version":[{"id":3845,"href":"https:\/\/www.patriarcatovenezia.it\/ufficioliturgico\/wp-json\/wp\/v2\/pages\/1805\/revisions\/3845"}],"up":[{"embeddable":true,"href":"https:\/\/www.patriarcatovenezia.it\/ufficioliturgico\/wp-json\/wp\/v2\/pages\/605"}],"wp:attachment":[{"href":"https:\/\/www.patriarcatovenezia.it\/ufficioliturgico\/wp-json\/wp\/v2\/media?parent=1805"}],"curies":[{"name":"wp","href":"https:\/\/api.w.org\/{rel}","templated":true}]}}