{"id":26,"date":"2020-11-30T16:39:07","date_gmt":"2020-11-30T15:39:07","guid":{"rendered":"https:\/\/venezia.webdiocesi.it\/servizio-tutela-minori\/?page_id=26"},"modified":"2024-09-17T11:44:29","modified_gmt":"2024-09-17T09:44:29","slug":"centri-dascolto","status":"publish","type":"page","link":"https:\/\/www.patriarcatovenezia.it\/servizio-tutela-minori\/centri-dascolto\/","title":{"rendered":"Centro di ascolto"},"content":{"rendered":"<div id=\"pl-26\"  class=\"panel-layout\" ><div id=\"pg-26-0\"  class=\"panel-grid panel-no-style\" ><div id=\"pgc-26-0-0\"  class=\"panel-grid-cell\" ><div id=\"panel-26-0-0-0\" class=\"so-panel widget widget_media_image panel-first-child\" data-index=\"0\" ><img loading=\"lazy\" decoding=\"async\" width=\"960\" height=\"350\" src=\"https:\/\/www.patriarcatovenezia.it\/servizio-tutela-minori\/wp-content\/uploads\/sites\/16\/2020\/12\/5-1.png\" class=\"image wp-image-131  attachment-full size-full\" alt=\"\" style=\"max-width: 100%; height: auto;\" srcset=\"https:\/\/www.patriarcatovenezia.it\/servizio-tutela-minori\/wp-content\/uploads\/sites\/16\/2020\/12\/5-1.png 960w, https:\/\/www.patriarcatovenezia.it\/servizio-tutela-minori\/wp-content\/uploads\/sites\/16\/2020\/12\/5-1-300x109.png 300w, https:\/\/www.patriarcatovenezia.it\/servizio-tutela-minori\/wp-content\/uploads\/sites\/16\/2020\/12\/5-1-768x280.png 768w\" sizes=\"(max-width: 960px) 100vw, 960px\" \/><\/div><div id=\"panel-26-0-0-1\" class=\"so-panel widget widget_text\" data-index=\"1\" >\t\t\t<div class=\"textwidget\"><p>Il <strong>centro di ascolto<\/strong> non \u00e8 un servizio di supporto psicologico, ma \u00e8 un servizio ecclesiale con finalit\u00e0 pastorali alle persone che hanno subito un abuso da parte da parte di un membro consacrato o non consacrato della Chiesa.\u00a0\u00c8 la Chiesa che agisce e che interviene con responsabilit\u00e0 e cura nei loro confronti.<\/p>\n<p>Accogliere ed ascoltare sono il primo atto di una fattiva e concreta vicinanza alle persone che hanno trovato il coraggio di raccontare. Ascoltare \u00e8 il primo passo per poter partecipare e farsi carico della sofferenza altrui. &#8220;Se un membro soffre, tutte le membra soffrono insieme&#8221; (1 Cor 12,26).\u00a0L&#8217;abuso \u00e8 un crimine che genera profonde ferite di dolore e impotenza e non sar\u00e0 mai abbastanza ci\u00f2 che si fa per chiedere perdono e cercare di riparare il danno causato.<\/p>\n<\/div>\n\t\t<\/div><div id=\"panel-26-0-0-2\" class=\"so-panel widget widget_media_image panel-last-child\" data-index=\"2\" ><img loading=\"lazy\" decoding=\"async\" width=\"650\" height=\"371\" src=\"https:\/\/www.patriarcatovenezia.it\/servizio-tutela-minori\/wp-content\/uploads\/sites\/16\/2021\/01\/Blue-Decor-Christmas-Business-Card-768x439.png\" class=\"image wp-image-140  attachment-650x371 size-650x371\" alt=\"\" style=\"max-width: 100%; height: auto;\" srcset=\"https:\/\/www.patriarcatovenezia.it\/servizio-tutela-minori\/wp-content\/uploads\/sites\/16\/2021\/01\/Blue-Decor-Christmas-Business-Card-768x439.png 768w, https:\/\/www.patriarcatovenezia.it\/servizio-tutela-minori\/wp-content\/uploads\/sites\/16\/2021\/01\/Blue-Decor-Christmas-Business-Card-300x171.png 300w, https:\/\/www.patriarcatovenezia.it\/servizio-tutela-minori\/wp-content\/uploads\/sites\/16\/2021\/01\/Blue-Decor-Christmas-Business-Card-1024x585.png 1024w, https:\/\/www.patriarcatovenezia.it\/servizio-tutela-minori\/wp-content\/uploads\/sites\/16\/2021\/01\/Blue-Decor-Christmas-Business-Card.png 1050w\" sizes=\"(max-width: 650px) 100vw, 650px\" \/><\/div><\/div><\/div><\/div>","protected":false},"excerpt":{"rendered":"<p>Il centro di ascolto non \u00e8 un servizio di supporto psicologico, ma \u00e8 un servizio ecclesiale con finalit\u00e0 pastorali alle persone che hanno subito un abuso da parte da parte di un membro consacrato o non consacrato della Chiesa.\u00a0\u00c8 la Chiesa che agisce e che interviene con responsabilit\u00e0 e cura nei loro confronti. Accogliere ed [&hellip;]<\/p>\n","protected":false},"author":0,"featured_media":144,"parent":0,"menu_order":0,"comment_status":"closed","ping_status":"closed","template":"","meta":{"_acf_changed":false,"ip_address":"","user_agent":"","level":"","revision":"","cookie_id":"","page_referer":"","html_form":"","footnotes":""},"class_list":["post-26","page","type-page","status-publish","has-post-thumbnail","hentry"],"acf":[],"_links":{"self":[{"href":"https:\/\/www.patriarcatovenezia.it\/servizio-tutela-minori\/wp-json\/wp\/v2\/pages\/26"}],"collection":[{"href":"https:\/\/www.patriarcatovenezia.it\/servizio-tutela-minori\/wp-json\/wp\/v2\/pages"}],"about":[{"href":"https:\/\/www.patriarcatovenezia.it\/servizio-tutela-minori\/wp-json\/wp\/v2\/types\/page"}],"author":[{"embeddable":true,"href":"https:\/\/www.patriarcatovenezia.it\/servizio-tutela-minori\/wp-json\/wp\/v2\/users\/10"}],"replies":[{"embeddable":true,"href":"https:\/\/www.patriarcatovenezia.it\/servizio-tutela-minori\/wp-json\/wp\/v2\/comments?post=26"}],"version-history":[{"count":10,"href":"https:\/\/www.patriarcatovenezia.it\/servizio-tutela-minori\/wp-json\/wp\/v2\/pages\/26\/revisions"}],"predecessor-version":[{"id":299,"href":"https:\/\/www.patriarcatovenezia.it\/servizio-tutela-minori\/wp-json\/wp\/v2\/pages\/26\/revisions\/299"}],"wp:featuredmedia":[{"embeddable":true,"href":"https:\/\/www.patriarcatovenezia.it\/servizio-tutela-minori\/wp-json\/wp\/v2\/media\/144"}],"wp:attachment":[{"href":"https:\/\/www.patriarcatovenezia.it\/servizio-tutela-minori\/wp-json\/wp\/v2\/media?parent=26"}],"curies":[{"name":"wp","href":"https:\/\/api.w.org\/{rel}","templated":true}]}}