{"id":2653,"date":"2024-09-17T08:21:20","date_gmt":"2024-09-17T06:21:20","guid":{"rendered":"http:\/\/venezia.webdiocesi.it\/scuola-san-marco-evangelista\/?page_id=2653"},"modified":"2026-02-09T15:44:37","modified_gmt":"2026-02-09T14:44:37","slug":"homepage","status":"publish","type":"page","link":"https:\/\/www.patriarcatovenezia.it\/scuola-san-marco-evangelista\/","title":{"rendered":"Homepage"},"content":{"rendered":"<div id=\"pl-2653\"  class=\"panel-layout\" ><div id=\"pg-2653-0\"  class=\"panel-grid panel-has-style\" ><div class=\"container g-3 panel-row-style panel-row-style-for-2653-0\" ><div id=\"pgc-2653-0-0\"  class=\"panel-grid-cell\" ><div id=\"panel-2653-0-0-0\" class=\"so-panel widget widget_sow-editor panel-first-child\" data-index=\"0\" ><div\n\t\t\t\n\t\t\tclass=\"so-widget-sow-editor so-widget-sow-editor-base\"\n\t\t\t\n\t\t><h3 class=\"widget-title\">Scuola diocesana di Teologia<\/h3>\n<div class=\"siteorigin-widget-tinymce textwidget\">\n\t<p style=\"text-align: justify;\"><span style=\"color: #455e33;\"><em>Da dove vengo? Perch\u00e9 devo soffrire? Dove andr\u00f2 quando\u00a0<\/em><\/span><em style=\"color: #455e33; line-height: 1.5;\">morir\u00f2? Cosa signific<\/em><em style=\"color: #455e33; line-height: 1.5;\">a amare?...<\/em><span style=\"color: #455e33; line-height: 1.5;\"> L\u2019atto\u00a0di fede, in risposta agli interrogativi fondamentali dell\u2019uomo, richiede simultaneamente un lavoro intellettuale, di confronto con la filosofia, con il pensiero scientifico e tutti i saperi umani.\u00a0<\/span><strong style=\"color: #455e33; line-height: 1.5;\">La Scuola diocesana di Teologia \u201cSan Marco evangelista\u201d<\/strong><span style=\"color: #455e33; line-height: 1.5;\"> vuole essere uno strumento formativo consegnato a tutti: laici, operatori pastorali, appartenenti ad associazioni e movimenti, sacerdoti, religiosi, uomini e donne in ricerca...<\/span><\/p>\n<p style=\"text-align: justify;\"><span style=\"color: #455e33; line-height: 1.5;\">Benedetto XVI nella <em>Deus caritas est<\/em> scrive:<\/span><\/p>\n<blockquote>\n<p><span style=\"color: #455e33;\">\u201cAll'inizio dell'essere cristiano non c'\u00e8 una decisione etica o una grande idea, bens\u00ec l'incontro con un avvenimento, con una Persona, che d\u00e0 alla vita un nuovo orizzonte e con ci\u00f2, la direzione decisiva\u201d.<\/span><\/p>\n<\/blockquote>\n<p style=\"text-align: justify;\"><span style=\"color: #455e33;\">La formazione biblico-teologica integra questo cammino di conoscenza del Signore Ges\u00f9 e costituisce una dimensione fondamentale dell\u2019essere suo discepolo. La dicitura \u201cdiocesana\u201d pu\u00f2 essere semplicemente\u00a0 tradotta cos\u00ec: \u201c<strong>\u00c8 la\u00a0 nostra scuola!<\/strong>\u201d<\/span><\/p>\n<\/div>\n<\/div><\/div><div id=\"panel-2653-0-0-1\" class=\"so-panel widget widget_siteorigin-panels-builder panel-last-child\" data-index=\"1\" ><div id=\"pl-w694412cb9bbda\"  class=\"panel-layout\" ><div id=\"pg-w694412cb9bbda-0\"  class=\"panel-grid panel-has-style\" ><div class=\"container panel-row-style panel-row-style-for-w694412cb9bbda-0\" ><div id=\"pgc-w694412cb9bbda-0-0\"  class=\"panel-grid-cell\" ><div id=\"panel-w694412cb9bbda-0-0-0\" class=\"so-panel widget widget_text panel-first-child panel-last-child\" data-index=\"0\" ><div class=\"p-3 panel-widget-style panel-widget-style-for-w694412cb9bbda-0-0-0\" >\t\t\t<div class=\"textwidget\"><p><strong>PROPOSTA FORMATIVA PER L&#8217;ANNO 2025-2026<\/strong><br \/>\nPer conoscere il programma annuale nei dettagli si possono<br \/>\nscaricare locandina e\/o\u00a0 pieghevole <strong>cliccando sulle immagini<\/strong><\/p>\n<\/div>\n\t\t<\/div><\/div><\/div><div id=\"pgc-w694412cb9bbda-0-1\"  class=\"panel-grid-cell\" ><div id=\"panel-w694412cb9bbda-0-1-0\" class=\"so-panel widget widget_sow-image panel-first-child panel-last-child\" data-index=\"1\" ><div\n\t\t\t\n\t\t\tclass=\"so-widget-sow-image so-widget-sow-image-default-8b5b6f678277\"\n\t\t\t\n\t\t>\n\n<div class=\"sow-image-container\">\n\t\t\t<a href=\"https:\/\/www.patriarcatovenezia.it\/scuola-san-marco-evangelista\/wp-content\/uploads\/sites\/10\/2025\/07\/loc_SDT25_26.pdf\"\n\t\t\ttarget=\"_blank\" rel=\"noopener noreferrer\" \t\t>\n\t\t\t<img loading=\"lazy\" decoding=\"async\" src=\"https:\/\/www.patriarcatovenezia.it\/scuola-san-marco-evangelista\/wp-content\/uploads\/sites\/10\/2025\/07\/loc_SDT_25-26-213x300.png\" width=\"213\" height=\"300\" srcset=\"https:\/\/www.patriarcatovenezia.it\/scuola-san-marco-evangelista\/wp-content\/uploads\/sites\/10\/2025\/07\/loc_SDT_25-26-213x300.png 213w, https:\/\/www.patriarcatovenezia.it\/scuola-san-marco-evangelista\/wp-content\/uploads\/sites\/10\/2025\/07\/loc_SDT_25-26-726x1024.png 726w, https:\/\/www.patriarcatovenezia.it\/scuola-san-marco-evangelista\/wp-content\/uploads\/sites\/10\/2025\/07\/loc_SDT_25-26-768x1084.png 768w, https:\/\/www.patriarcatovenezia.it\/scuola-san-marco-evangelista\/wp-content\/uploads\/sites\/10\/2025\/07\/loc_SDT_25-26.png 883w\" sizes=\"(max-width: 213px) 100vw, 213px\" alt=\"\" \t\tclass=\"so-widget-image\"\/>\n\t<\/a><\/div>\n\n<\/div><\/div><\/div><div id=\"pgc-w694412cb9bbda-0-2\"  class=\"panel-grid-cell\" ><div id=\"panel-w694412cb9bbda-0-2-0\" class=\"so-panel widget widget_sow-image panel-first-child panel-last-child\" data-index=\"2\" ><div\n\t\t\t\n\t\t\tclass=\"so-widget-sow-image so-widget-sow-image-default-8b5b6f678277\"\n\t\t\t\n\t\t>\n\n<div class=\"sow-image-container\">\n\t\t\t<a href=\"https:\/\/www.patriarcatovenezia.it\/scuola-san-marco-evangelista\/wp-content\/uploads\/sites\/10\/2025\/07\/pieghevoleSDT2025_2026.pdf\"\n\t\t\ttarget=\"_blank\" rel=\"noopener noreferrer\" \t\t>\n\t\t\t<img loading=\"lazy\" decoding=\"async\" src=\"https:\/\/www.patriarcatovenezia.it\/scuola-san-marco-evangelista\/wp-content\/uploads\/sites\/10\/2025\/07\/pieghevoleSDT2025-300x211.png\" width=\"300\" height=\"211\" srcset=\"https:\/\/www.patriarcatovenezia.it\/scuola-san-marco-evangelista\/wp-content\/uploads\/sites\/10\/2025\/07\/pieghevoleSDT2025-300x211.png 300w, https:\/\/www.patriarcatovenezia.it\/scuola-san-marco-evangelista\/wp-content\/uploads\/sites\/10\/2025\/07\/pieghevoleSDT2025.png 713w\" sizes=\"(max-width: 300px) 100vw, 300px\" alt=\"\" \t\tclass=\"so-widget-image\"\/>\n\t<\/a><\/div>\n\n<\/div><\/div><\/div><\/div><\/div><div id=\"pg-w694412cb9bbda-1\"  class=\"panel-grid panel-has-style\" ><div class=\"container panel-row-style panel-row-style-for-w694412cb9bbda-1\" ><div id=\"pgc-w694412cb9bbda-1-0\"  class=\"panel-grid-cell\" ><div id=\"panel-w694412cb9bbda-1-0-0\" class=\"so-panel widget widget_sow-image panel-first-child panel-last-child\" data-index=\"3\" ><div\n\t\t\t\n\t\t\tclass=\"so-widget-sow-image so-widget-sow-image-default-8b5b6f678277\"\n\t\t\t\n\t\t>\n\n<div class=\"sow-image-container\">\n\t\t\t<a href=\"\/scuola-san-marco-evangelista\/corso-base-on-line\/\"\n\t\t\t\t\t>\n\t\t\t<img loading=\"lazy\" decoding=\"async\" src=\"https:\/\/www.patriarcatovenezia.it\/scuola-san-marco-evangelista\/wp-content\/uploads\/sites\/10\/2025\/07\/CORSO_BASE25.png\" width=\"504\" height=\"277\" srcset=\"https:\/\/www.patriarcatovenezia.it\/scuola-san-marco-evangelista\/wp-content\/uploads\/sites\/10\/2025\/07\/CORSO_BASE25.png 504w, https:\/\/www.patriarcatovenezia.it\/scuola-san-marco-evangelista\/wp-content\/uploads\/sites\/10\/2025\/07\/CORSO_BASE25-300x165.png 300w\" sizes=\"(max-width: 504px) 100vw, 504px\" alt=\"\" \t\tclass=\"so-widget-image\"\/>\n\t<\/a><\/div>\n\n<\/div><\/div><\/div><div id=\"pgc-w694412cb9bbda-1-1\"  class=\"panel-grid-cell\" ><div id=\"panel-w694412cb9bbda-1-1-0\" class=\"so-panel widget widget_sow-image panel-first-child panel-last-child\" data-index=\"4\" ><div\n\t\t\t\n\t\t\tclass=\"so-widget-sow-image so-widget-sow-image-default-8b5b6f678277\"\n\t\t\t\n\t\t>\n\n<div class=\"sow-image-container\">\n\t\t\t<a href=\"\/scuola-san-marco-evangelista\/corso-monografico-1\/\"\n\t\t\t\t\t>\n\t\t\t<img loading=\"lazy\" decoding=\"async\" src=\"https:\/\/www.patriarcatovenezia.it\/scuola-san-marco-evangelista\/wp-content\/uploads\/sites\/10\/2025\/07\/MONO1.png\" width=\"504\" height=\"279\" srcset=\"https:\/\/www.patriarcatovenezia.it\/scuola-san-marco-evangelista\/wp-content\/uploads\/sites\/10\/2025\/07\/MONO1.png 504w, https:\/\/www.patriarcatovenezia.it\/scuola-san-marco-evangelista\/wp-content\/uploads\/sites\/10\/2025\/07\/MONO1-300x166.png 300w\" sizes=\"(max-width: 504px) 100vw, 504px\" alt=\"\" \t\tclass=\"so-widget-image\"\/>\n\t<\/a><\/div>\n\n<\/div><\/div><\/div><div id=\"pgc-w694412cb9bbda-1-2\"  class=\"panel-grid-cell\" ><div id=\"panel-w694412cb9bbda-1-2-0\" class=\"so-panel widget widget_sow-image panel-first-child panel-last-child\" data-index=\"5\" ><div\n\t\t\t\n\t\t\tclass=\"so-widget-sow-image so-widget-sow-image-default-8b5b6f678277\"\n\t\t\t\n\t\t>\n\n<div class=\"sow-image-container\">\n\t\t\t<a href=\"\/scuola-san-marco-evangelista\/corso-monografico-2\/\"\n\t\t\t\t\t>\n\t\t\t<img loading=\"lazy\" decoding=\"async\" src=\"https:\/\/www.patriarcatovenezia.it\/scuola-san-marco-evangelista\/wp-content\/uploads\/sites\/10\/2025\/07\/MONO2.png\" width=\"504\" height=\"279\" srcset=\"https:\/\/www.patriarcatovenezia.it\/scuola-san-marco-evangelista\/wp-content\/uploads\/sites\/10\/2025\/07\/MONO2.png 504w, https:\/\/www.patriarcatovenezia.it\/scuola-san-marco-evangelista\/wp-content\/uploads\/sites\/10\/2025\/07\/MONO2-300x166.png 300w\" sizes=\"(max-width: 504px) 100vw, 504px\" alt=\"\" \t\tclass=\"so-widget-image\"\/>\n\t<\/a><\/div>\n\n<\/div><\/div><\/div><div id=\"pgc-w694412cb9bbda-1-3\"  class=\"panel-grid-cell\" ><div id=\"panel-w694412cb9bbda-1-3-0\" class=\"so-panel widget widget_sow-image panel-first-child panel-last-child\" data-index=\"6\" ><div\n\t\t\t\n\t\t\tclass=\"so-widget-sow-image so-widget-sow-image-default-8b5b6f678277\"\n\t\t\t\n\t\t>\n\n<div class=\"sow-image-container\">\n\t\t\t<a href=\"https:\/\/www.patriarcatovenezia.it\/scuola-san-marco-evangelista\/corso-monografico-3\/\"\n\t\t\t\t\t>\n\t\t\t<img loading=\"lazy\" decoding=\"async\" src=\"https:\/\/www.patriarcatovenezia.it\/scuola-san-marco-evangelista\/wp-content\/uploads\/sites\/10\/2025\/07\/MONO3.png\" width=\"504\" height=\"279\" srcset=\"https:\/\/www.patriarcatovenezia.it\/scuola-san-marco-evangelista\/wp-content\/uploads\/sites\/10\/2025\/07\/MONO3.png 504w, https:\/\/www.patriarcatovenezia.it\/scuola-san-marco-evangelista\/wp-content\/uploads\/sites\/10\/2025\/07\/MONO3-300x166.png 300w\" sizes=\"(max-width: 504px) 100vw, 504px\" alt=\"\" \t\tclass=\"so-widget-image\"\/>\n\t<\/a><\/div>\n\n<\/div><\/div><\/div><\/div><\/div><div id=\"pg-w694412cb9bbda-2\"  class=\"panel-grid panel-no-style\" ><div id=\"pgc-w694412cb9bbda-2-0\"  class=\"panel-grid-cell panel-grid-cell-empty panel-grid-cell-mobile-last\" ><\/div><div id=\"pgc-w694412cb9bbda-2-1\"  class=\"panel-grid-cell panel-grid-cell-empty\" ><\/div><\/div><\/div><\/div><\/div><div id=\"pgc-2653-0-1\"  class=\"panel-grid-cell\" ><div id=\"panel-2653-0-1-0\" class=\"so-panel widget widget_sow-editor panel-first-child\" data-index=\"2\" ><div class=\"contattibox panel-widget-style panel-widget-style-for-2653-0-1-0\" ><div\n\t\t\t\n\t\t\tclass=\"so-widget-sow-editor so-widget-sow-editor-base\"\n\t\t\t\n\t\t><h3 class=\"widget-title\">Contatti<\/h3>\n<div class=\"siteorigin-widget-tinymce textwidget\">\n\t<p><strong>SEGRETERIA GENERALE\u00a0<\/strong><br \/>\nSan Marco 320\/A \u2013 30124 VENEZIA<br \/>\ntel.: 041 2702462<br \/>\nscuolateologia@patriarcatovenezia.it<br \/>\nMarted\u00ec, mercoled\u00ec e gioved\u00ec ore 9.00-12.00<\/p>\n<p><strong>SEGRETERIA di ERACLEA<\/strong><br \/>\nc\/o la parrocchia di S. Maria Concetta \u2013 Eraclea<br \/>\nDiana Pavan- cell. 340 4626070<\/p>\n<\/div>\n<\/div><\/div><\/div><div id=\"panel-2653-0-1-1\" class=\"so-panel widget widget_media_image\" data-index=\"3\" ><h3 class=\"widget-title\">febbraio\/novembre 2026<\/h3><a href=\"https:\/\/www.patriarcatovenezia.it\/ritratti-del-discepolo-icone-evangeliche-raccontate-dallarte-veneziana-e-commentate-da-piu-voci-in-dialogo-inizia-a-febbraio-un-originale-ciclo-di-incontri-nella-chiesa-di-san-salvador\/\"><img loading=\"lazy\" decoding=\"async\" width=\"214\" height=\"300\" src=\"https:\/\/www.patriarcatovenezia.it\/scuola-san-marco-evangelista\/wp-content\/uploads\/sites\/10\/2026\/02\/loc_ritratti_discepolo-214x300.png\" class=\"image wp-image-3569  attachment-medium size-medium\" alt=\"\" style=\"max-width: 100%; height: auto;\" srcset=\"https:\/\/www.patriarcatovenezia.it\/scuola-san-marco-evangelista\/wp-content\/uploads\/sites\/10\/2026\/02\/loc_ritratti_discepolo-214x300.png 214w, https:\/\/www.patriarcatovenezia.it\/scuola-san-marco-evangelista\/wp-content\/uploads\/sites\/10\/2026\/02\/loc_ritratti_discepolo.png 667w\" sizes=\"(max-width: 214px) 100vw, 214px\" \/><\/a><\/div><div id=\"panel-2653-0-1-2\" class=\"so-panel widget widget_media_image\" data-index=\"4\" ><h3 class=\"widget-title\">gennaio\/febbraio 2026<\/h3><a href=\"https:\/\/www.patriarcatovenezia.it\/scuola-san-marco-evangelista\/corso-monografico-3\/\"><img loading=\"lazy\" decoding=\"async\" width=\"217\" height=\"300\" src=\"https:\/\/www.patriarcatovenezia.it\/scuola-san-marco-evangelista\/wp-content\/uploads\/sites\/10\/2025\/12\/STANDbyME-217x300.jpg\" class=\"image wp-image-3451  attachment-medium size-medium\" alt=\"\" style=\"max-width: 100%; height: auto;\" srcset=\"https:\/\/www.patriarcatovenezia.it\/scuola-san-marco-evangelista\/wp-content\/uploads\/sites\/10\/2025\/12\/STANDbyME-217x300.jpg 217w, https:\/\/www.patriarcatovenezia.it\/scuola-san-marco-evangelista\/wp-content\/uploads\/sites\/10\/2025\/12\/STANDbyME-742x1024.jpg 742w, https:\/\/www.patriarcatovenezia.it\/scuola-san-marco-evangelista\/wp-content\/uploads\/sites\/10\/2025\/12\/STANDbyME-768x1059.jpg 768w, https:\/\/www.patriarcatovenezia.it\/scuola-san-marco-evangelista\/wp-content\/uploads\/sites\/10\/2025\/12\/STANDbyME-1114x1536.jpg 1114w, https:\/\/www.patriarcatovenezia.it\/scuola-san-marco-evangelista\/wp-content\/uploads\/sites\/10\/2025\/12\/STANDbyME-1485x2048.jpg 1485w, https:\/\/www.patriarcatovenezia.it\/scuola-san-marco-evangelista\/wp-content\/uploads\/sites\/10\/2025\/12\/STANDbyME-scaled.jpg 1856w\" sizes=\"(max-width: 217px) 100vw, 217px\" \/><\/a><\/div><div id=\"panel-2653-0-1-3\" class=\"so-panel widget widget_bso-so-widget-all-in-one panel-last-child\" data-index=\"5\" ><div\n\t\t\t\n\t\t\tclass=\"so-widget-bso-so-widget-all-in-one so-widget-bso-so-widget-all-in-one-default-d75171398898-2653\"\n\t\t\t\n\t\t><div class=\"my-5 antepage\">                             <div class=\"item\">\n<a href=\"https:\/\/www.patriarcatovenezia.it\/scuola-san-marco-evangelista\/2016\/11\/12\/presentazione-scuola\/\"><h1 class=\"entry-title\">Presentazione scuola<\/h1><\/a>\n<div class=\"miniatura mb-3\"><a href=\"https:\/\/www.patriarcatovenezia.it\/scuola-san-marco-evangelista\/2016\/11\/12\/presentazione-scuola\/\"><img decoding=\"async\" src=\"https:\/\/www.patriarcatovenezia.it\/scuola-san-marco-evangelista\/wp-content\/uploads\/sites\/10\/2016\/10\/logoSME-287x300.png\" \/><\/a><\/div>\n<h2 class=\"sottotitolo\"><\/h2>\n<p class=\"summary\">Da dove vengo? Perch\u00e9 devo soffrire? Dove andr\u00f2 quando\u00a0morir\u00f2? Cosa significa amare?\u2026 L\u2019atto\u00a0di fede, in risposta agli interrogativi fondamentali dell\u2019uomo,&hellip;<\/p>\n\t<\/a>\n<\/div>\n                           <\/div><\/div><\/div><\/div><\/div><\/div><\/div>","protected":false},"excerpt":{"rendered":"<p>Scuola diocesana di Teologia Da dove vengo? Perch\u00e9 devo soffrire? Dove andr\u00f2 quando\u00a0morir\u00f2? Cosa significa amare?&#8230; L\u2019atto\u00a0di fede, in risposta agli interrogativi fondamentali dell\u2019uomo, richiede simultaneamente un lavoro intellettuale, di confronto con la filosofia, con il pensiero scientifico e tutti i saperi umani.\u00a0La Scuola diocesana di Teologia \u201cSan Marco evangelista\u201d vuole essere uno strumento formativo [&hellip;]<\/p>\n","protected":false},"author":0,"featured_media":0,"parent":0,"menu_order":0,"comment_status":"closed","ping_status":"closed","template":"","meta":{"_acf_changed":false,"ip_address":"","user_agent":"","level":"","revision":"","cookie_id":"","page_referer":"","html_form":"","footnotes":""},"class_list":["post-2653","page","type-page","status-publish","hentry"],"acf":[],"_links":{"self":[{"href":"https:\/\/www.patriarcatovenezia.it\/scuola-san-marco-evangelista\/wp-json\/wp\/v2\/pages\/2653"}],"collection":[{"href":"https:\/\/www.patriarcatovenezia.it\/scuola-san-marco-evangelista\/wp-json\/wp\/v2\/pages"}],"about":[{"href":"https:\/\/www.patriarcatovenezia.it\/scuola-san-marco-evangelista\/wp-json\/wp\/v2\/types\/page"}],"author":[{"embeddable":true,"href":"https:\/\/www.patriarcatovenezia.it\/scuola-san-marco-evangelista\/wp-json\/wp\/v2\/users\/4"}],"replies":[{"embeddable":true,"href":"https:\/\/www.patriarcatovenezia.it\/scuola-san-marco-evangelista\/wp-json\/wp\/v2\/comments?post=2653"}],"version-history":[{"count":31,"href":"https:\/\/www.patriarcatovenezia.it\/scuola-san-marco-evangelista\/wp-json\/wp\/v2\/pages\/2653\/revisions"}],"predecessor-version":[{"id":3571,"href":"https:\/\/www.patriarcatovenezia.it\/scuola-san-marco-evangelista\/wp-json\/wp\/v2\/pages\/2653\/revisions\/3571"}],"wp:attachment":[{"href":"https:\/\/www.patriarcatovenezia.it\/scuola-san-marco-evangelista\/wp-json\/wp\/v2\/media?parent=2653"}],"curies":[{"name":"wp","href":"https:\/\/api.w.org\/{rel}","templated":true}]}}