{"id":1341,"date":"2016-07-29T14:41:30","date_gmt":"2016-07-29T12:41:30","guid":{"rendered":"https:\/\/venezia.webdiocesi.it\/Evangelizzazione-e-Catechesi\/?page_id=1341"},"modified":"2024-08-02T11:22:49","modified_gmt":"2024-08-02T09:22:49","slug":"segreteria-contatti","status":"publish","type":"page","link":"https:\/\/www.patriarcatovenezia.it\/scuola-san-marco-evangelista\/segreteria-contatti\/","title":{"rendered":"SEGRETERIA &#8211; contatti"},"content":{"rendered":"<h5 style=\"text-align: left\"><strong><span style=\"color: #ff0000\">SEGRETERIA GENERALE<\/span>\u00a0<\/strong><\/h5>\n<p><img loading=\"lazy\" decoding=\"async\" class=\"wp-image-1913 alignleft\" src=\"https:\/\/venezia.webdiocesi.it\/scuola-san-marco-evangelista\/wp-content\/uploads\/sites\/10\/2019\/07\/logoSME_quadrato-284x300.png\" alt=\"\" width=\"154\" height=\"163\" srcset=\"https:\/\/www.patriarcatovenezia.it\/scuola-san-marco-evangelista\/wp-content\/uploads\/sites\/10\/2019\/07\/logoSME_quadrato-284x300.png 284w, https:\/\/www.patriarcatovenezia.it\/scuola-san-marco-evangelista\/wp-content\/uploads\/sites\/10\/2019\/07\/logoSME_quadrato-265x280.png 265w, https:\/\/www.patriarcatovenezia.it\/scuola-san-marco-evangelista\/wp-content\/uploads\/sites\/10\/2019\/07\/logoSME_quadrato.png 655w\" sizes=\"(max-width: 154px) 100vw, 154px\" \/>San Marco 320\/A &#8211; 30124 VENEZIA<\/p>\n<p>tel.: 041 2702462<\/p>\n<p>e-mail: <strong>scuolateologia@patriarcatovenezia.it<\/strong><\/p>\n<p>apertura: marted\u00ec, mercoled\u00ec e gioved\u00ec ore 9.00-12.00<\/p>\n<p>&nbsp;<\/p>\n<h5><span style=\"color: #ff0000\"><strong>SEGRETERIA di ERACLEA<\/strong><\/span><\/h5>\n<p>c\/o la parrocchia di S. Maria Concetta &#8211; Eraclea<\/p>\n<p>Diana Pavan- cell. 340 4626070<\/p>\n<p><em>Nella sede del Litorale le iscrizioni all&#8217;a.s. 2024-2025 sono raccolte di persona<br \/>\n<strong>dal 6 settembre al 6 ottobre &#8211;<\/strong>\u00a0\u00a0<strong>il marted\u00ec dalle ore 16.00 alle ore 18.00, presso la canonica di S. Maria Concetta<\/strong>.<\/em><\/p>\n<p>&nbsp;<\/p>\n<p><strong style=\"line-height: 24px\">\u00a0<\/strong><\/p>\n<p><strong style=\"line-height: 24px\">\u00a0<\/strong><\/p>\n","protected":false},"excerpt":{"rendered":"<p>SEGRETERIA GENERALE\u00a0 San Marco 320\/A &#8211; 30124 VENEZIA tel.: 041 2702462 e-mail: scuolateologia@patriarcatovenezia.it apertura: marted\u00ec, mercoled\u00ec e gioved\u00ec ore 9.00-12.00 &nbsp; SEGRETERIA di ERACLEA c\/o la parrocchia di S. Maria Concetta &#8211; Eraclea Diana Pavan- cell. 340 4626070 Nella sede del Litorale le iscrizioni all&#8217;a.s. 2024-2025 sono raccolte di persona dal 6 settembre al 6 [&hellip;]<\/p>\n","protected":false},"author":0,"featured_media":0,"parent":0,"menu_order":0,"comment_status":"closed","ping_status":"closed","template":"page-simple.php","meta":{"_acf_changed":false,"ip_address":"","user_agent":"","level":"","revision":"","cookie_id":"","page_referer":"","html_form":"","footnotes":""},"class_list":["post-1341","page","type-page","status-publish","hentry"],"acf":[],"_links":{"self":[{"href":"https:\/\/www.patriarcatovenezia.it\/scuola-san-marco-evangelista\/wp-json\/wp\/v2\/pages\/1341"}],"collection":[{"href":"https:\/\/www.patriarcatovenezia.it\/scuola-san-marco-evangelista\/wp-json\/wp\/v2\/pages"}],"about":[{"href":"https:\/\/www.patriarcatovenezia.it\/scuola-san-marco-evangelista\/wp-json\/wp\/v2\/types\/page"}],"author":[{"embeddable":true,"href":"https:\/\/www.patriarcatovenezia.it\/scuola-san-marco-evangelista\/wp-json\/wp\/v2\/users\/1"}],"replies":[{"embeddable":true,"href":"https:\/\/www.patriarcatovenezia.it\/scuola-san-marco-evangelista\/wp-json\/wp\/v2\/comments?post=1341"}],"version-history":[{"count":17,"href":"https:\/\/www.patriarcatovenezia.it\/scuola-san-marco-evangelista\/wp-json\/wp\/v2\/pages\/1341\/revisions"}],"predecessor-version":[{"id":2476,"href":"https:\/\/www.patriarcatovenezia.it\/scuola-san-marco-evangelista\/wp-json\/wp\/v2\/pages\/1341\/revisions\/2476"}],"wp:attachment":[{"href":"https:\/\/www.patriarcatovenezia.it\/scuola-san-marco-evangelista\/wp-json\/wp\/v2\/media?parent=1341"}],"curies":[{"name":"wp","href":"https:\/\/api.w.org\/{rel}","templated":true}]}}

<h5 style="text-align: left"><strong><span style="color: #ff0000">SEGRETERIA GENERALE</span> </strong></h5>
<p><img loading="lazy" decoding="async" class="wp-image-1913 alignleft" src="https://venezia.webdiocesi.it/scuola-san-marco-evangelista/wp-content/uploads/sites/10/2019/07/logoSME_quadrato-284x300.png" alt="" width="154" height="163" srcset="https://www.patriarcatovenezia.it/scuola-san-marco-evangelista/wp-content/uploads/sites/10/2019/07/logoSME_quadrato-284x300.png 284w, https://www.patriarcatovenezia.it/scuola-san-marco-evangelista/wp-content/uploads/sites/10/2019/07/logoSME_quadrato-265x280.png 265w, https://www.patriarcatovenezia.it/scuola-san-marco-evangelista/wp-content/uploads/sites/10/2019/07/logoSME_quadrato.png 655w" sizes="(max-width: 154px) 100vw, 154px" />San Marco 320/A &#8211; 30124 VENEZIA</p>
<p>tel.: 041 2702462</p>
<p>e-mail: <strong>scuolateologia@patriarcatovenezia.it</strong></p>
<p>apertura: martedì, mercoledì e giovedì ore 9.00-12.00</p>
<p>&nbsp;</p>
<h5><span style="color: #ff0000"><strong>SEGRETERIA di ERACLEA</strong></span></h5>
<p>c/o la parrocchia di S. Maria Concetta &#8211; Eraclea</p>
<p>Diana Pavan- cell. 340 4626070</p>
<p><em>Nella sede del Litorale le iscrizioni all&#8217;a.s. 2024-2025 sono raccolte di persona<br />
<strong>dal 6 settembre al 6 ottobre &#8211;</strong>  <strong>il martedì dalle ore 16.00 alle ore 18.00, presso la canonica di S. Maria Concetta</strong>.</em></p>
<p>&nbsp;</p>
<p><strong style="line-height: 24px"> </strong></p>
<p><strong style="line-height: 24px"> </strong></p>

<p>SEGRETERIA GENERALE  San Marco 320/A &#8211; 30124 VENEZIA tel.: 041 2702462 e-mail: scuolateologia@patriarcatovenezia.it apertura: martedì, mercoledì e giovedì ore 9.00-12.00 &nbsp; SEGRETERIA di ERACLEA c/o la parrocchia di S. Maria Concetta &#8211; Eraclea Diana Pavan- cell. 340 4626070 Nella sede del Litorale le iscrizioni all&#8217;a.s. 2024-2025 sono raccolte di persona dal 6 settembre al 6 [&hellip;]</p>
