{"id":4,"date":"2018-11-09T10:51:54","date_gmt":"2018-11-09T09:51:54","guid":{"rendered":"https:\/\/venezia.webdiocesi.it\/pastorale-universitaria\/?page_id=4"},"modified":"2024-11-26T21:31:20","modified_gmt":"2024-11-26T20:31:20","slug":"home","status":"publish","type":"page","link":"https:\/\/www.patriarcatovenezia.it\/pastorale-universitaria\/","title":{"rendered":"Home"},"content":{"rendered":"<div id=\"pl-4\"  class=\"panel-layout\" ><div id=\"pg-4-0\"  class=\"panel-grid panel-has-style\" ><div class=\"container g-3 panel-row-style panel-row-style-for-4-0\" ><div id=\"pgc-4-0-0\"  class=\"panel-grid-cell\" ><div id=\"panel-4-0-0-0\" class=\"so-panel widget widget_bso-so-widget-all-in-one panel-first-child panel-last-child\" data-index=\"0\" ><div\n\t\t\t\n\t\t\tclass=\"so-widget-bso-so-widget-all-in-one so-widget-bso-so-widget-all-in-one-default-d75171398898-4\"\n\t\t\t\n\t\t><div class=\"antenews\"><h3 class=\"titlebox\">Notizie dall'ufficio<\/h3>\n<div class=\"contenuto py-3\">                             <div class=\"item row g-3 mx-3 mb-3 pb-3\">\n<div class=\"miniatura col-12 col-md-6 col-lg-4 \"><img decoding=\"async\" src=\"https:\/\/www.patriarcatovenezia.it\/pastorale-universitaria\/wp-content\/uploads\/sites\/12\/2026\/03\/Testo-del-paragrafo-240x300.png\" \/><\/div>\n<div class=\"col-12 col-md-6 col-lg-8\">\n<a href=\"https:\/\/www.patriarcatovenezia.it\/pastorale-universitaria\/2026\/03\/21\/servizio-civile-in-pastorale-universitaria\/\">\n<h3 class=\"occhiello\">Servizio Civile in Pastorale Universitaria 2026-2027<\/h3>\n<h1 class=\"entry-title\">Servizio Civile in Pastorale Universitaria<\/h1>\n<h2 class=\"sottotitolo\">ogni volto un impegno, insieme una comunit\u00e0<\/h2>\n<p class=\"summary\">SCADENZA BANDO: 8 APRILE ORE 14.00 Aperte le candidature per svolgere Servizio Civile in Pastorale Universitaria: 3\u00a0posti disponibli, per giovani tra i 18 e i 28 anni. Il progetto, in partnership con l&#8217;Ateneo Veneto, \u00e8 consultabile a questa pagina. Il contratto prevede 12 mesi di servizio (a partire da&hellip;<\/p>\n<\/a>\n<\/div>\n<\/div>\n                                                       <div class=\"item row g-3 mx-3 mb-3 pb-3\">\n<div class=\"miniatura col-12 col-md-6 col-lg-4 \"><img decoding=\"async\" src=\"https:\/\/www.patriarcatovenezia.it\/pastorale-universitaria\/wp-content\/uploads\/sites\/12\/2025\/02\/copertina-D-1-e1738699380540-300x198.png\" \/><\/div>\n<div class=\"col-12 col-md-6 col-lg-8\">\n<a href=\"https:\/\/www.patriarcatovenezia.it\/pastorale-universitaria\/2025\/02\/04\/servizio-civile-con-la-pastorale-universitaria\/\">\n<h3 class=\"occhiello\">Servizio Civile con la Pastorale Universitaria 2025-2026<\/h3>\n<h1 class=\"entry-title\">Servizio Civile con la Pastorale Universitaria<\/h1>\n<h2 class=\"sottotitolo\">GIOVANI a SERVIZIO dei GIOVANI<\/h2>\n<p class=\"summary\">SCADENZA CHIUSURA CANDIDATURE: PROROGATA AL 27 FEBBRAIO 2025 ORE 14:00 La Pastorale Universitaria cerca 2 giovani (18-28 anni) che desiderino svolgere Servizio Civile nel proprio progetto, realizzato in collaborazione con Fondazione Querini Stampalia e Ateneo Veneto. Il contratto prevede 12 mesi di servizio (settembre 2025-settembre 2026), svolgendo 25 ore settimanali&hellip;<\/p>\n<\/a>\n<\/div>\n<\/div>\n                                                       <div class=\"item row g-3 mx-3 mb-3 pb-3\">\n<div class=\"miniatura col-12 col-md-6 col-lg-4 \"><img decoding=\"async\" src=\"https:\/\/www.patriarcatovenezia.it\/pastorale-universitaria\/wp-content\/uploads\/sites\/12\/2023\/07\/1a15c322-3af0-46f6-92af-ec3c05760b31-300x169.jpg\" \/><\/div>\n<div class=\"col-12 col-md-6 col-lg-8\">\n<a href=\"https:\/\/www.patriarcatovenezia.it\/pastorale-universitaria\/2023\/07\/26\/misteriosa-venezia\/\">\n<h3 class=\"occhiello\"><\/h3>\n<h1 class=\"entry-title\">MISTERIOSA VENEZIA<\/h1>\n<h2 class=\"sottotitolo\"><\/h2>\n<p class=\"summary\">Gioved\u00ec 20 luglio 2023 abbiamo dedicato una serata ai volontari del servizio civile del Comune di Venezia, proponendo loro una passeggiata tra misteri e segreti della Venezia notturna, alla scoperta delle leggende nascoste tra le calli. Partendo dalla nostra sede, il Centro Scalzi, dove abbiamo condiviso un brindisi e qualche&hellip;<\/p>\n<\/a>\n<\/div>\n<\/div>\n                                                       <div class=\"item row g-3 mx-3 mb-3 pb-3\">\n<div class=\"miniatura col-12 col-md-6 col-lg-4 \"><img decoding=\"async\" src=\"https:\/\/www.patriarcatovenezia.it\/pastorale-universitaria\/wp-content\/uploads\/sites\/12\/2023\/06\/81fd4ba8-370e-4aaa-a5e4-7da741a76e22-300x300.jpg\" \/><\/div>\n<div class=\"col-12 col-md-6 col-lg-8\">\n<a href=\"https:\/\/www.patriarcatovenezia.it\/pastorale-universitaria\/2023\/06\/01\/i-nostri-prossimi-incontri\/\">\n<h3 class=\"occhiello\"><\/h3>\n<h1 class=\"entry-title\">CONTINUIAMO INSIEME IL NOSTRO PERCORSO<\/h1>\n<h2 class=\"sottotitolo\"><\/h2>\n<p class=\"summary\">All&#8217;inizio di ogni nuovo anno pu\u00f2 esserci il desiderio di realt\u00e0 nuove, inedite, di novit\u00e0. Quest&#8217;anno, per quanto riguarda la Pastorale Universitaria, francamente desidererei il contrario o, meglio, spero che quanto il Signore ci ha dato nel nostro servizio dei primi mesi dell&#8217;anno accademico continui a benedirci. E la benedizione&hellip;<\/p>\n<\/a>\n<\/div>\n<\/div>\n                                                       <div class=\"item row g-3 mx-3 mb-3 pb-3\">\n<div class=\"miniatura col-12 col-md-6 col-lg-4 \"><img decoding=\"async\" src=\"https:\/\/www.patriarcatovenezia.it\/pastorale-universitaria\/wp-content\/uploads\/sites\/12\/2022\/12\/WhatsApp-Image-2022-10-10-at-20.46.32-300x225.jpeg\" \/><\/div>\n<div class=\"col-12 col-md-6 col-lg-8\">\n<a href=\"https:\/\/www.patriarcatovenezia.it\/pastorale-universitaria\/2022\/12\/30\/un-nuovo-inizio-insieme\/\">\n<h3 class=\"occhiello\"><\/h3>\n<h1 class=\"entry-title\">UN NUOVO INIZIO, INSIEME<\/h1>\n<h2 class=\"sottotitolo\"><\/h2>\n<p class=\"summary\">La Pastorale Universitaria \u00e8 tornata operativa, piena di nuove proposte e idee per arricchire l\u2019anno accademico che da tre mesi a questa parte ci vede impegnati. In questo periodo, le proposte sono state tante e variegate: passo dopo passo, luned\u00ec dopo luned\u00ec, la Pastorale Universitaria ha invitato i giovani interessati&hellip;<\/p>\n<\/a>\n<\/div>\n<\/div>\n                                                       <div class=\"item row g-3 mx-3 mb-3 pb-3\">\n<div class=\"miniatura col-12 col-md-6 col-lg-4 \"><img decoding=\"async\" src=\"https:\/\/www.patriarcatovenezia.it\/pastorale-universitaria\/wp-content\/uploads\/sites\/12\/2023\/06\/320441657_564117118879510_3748955271336680157_n-228x300.jpg\" \/><\/div>\n<div class=\"col-12 col-md-6 col-lg-8\">\n<a href=\"https:\/\/www.patriarcatovenezia.it\/pastorale-universitaria\/2022\/12\/20\/buon-natale\/\">\n<h3 class=\"occhiello\"><\/h3>\n<h1 class=\"entry-title\">BUON NATALE CON LA PASTORALE<\/h1>\n<h2 class=\"sottotitolo\"><\/h2>\n<p class=\"summary\">Il Signore Ges\u00f9, con il suo Natale, \u00e8 la migliore risposta a quell\u2019indifferenza che, a volte, affatica la vita di tante persone: non \u00e8 affatto indifferente a noi, tutt\u2019altro! Auguriamo, a nome di tutta la Pastorale Universitaria, un buon Natale e buone feste, all\u2019insegna di quella cura che Dio ha&hellip;<\/p>\n<\/a>\n<\/div>\n<\/div>\n                                                       <div class=\"item row g-3 mx-3 mb-3 pb-3\">\n<div class=\"miniatura col-12 col-md-6 col-lg-4 \"><img decoding=\"async\" src=\"https:\/\/www.patriarcatovenezia.it\/pastorale-universitaria\/wp-content\/uploads\/sites\/12\/2022\/06\/8809bbb2-4b9b-619d-91fa-8cbbfe0a902a-300x135.jpg\" \/><\/div>\n<div class=\"col-12 col-md-6 col-lg-8\">\n<a href=\"https:\/\/www.patriarcatovenezia.it\/pastorale-universitaria\/2022\/06\/07\/che-maggio-con-la-pastorale\/\">\n<h3 class=\"occhiello\"><\/h3>\n<h1 class=\"entry-title\">Che maggio con la pastorale!<\/h1>\n<h2 class=\"sottotitolo\"><\/h2>\n<p class=\"summary\">Non la letteratura pi\u00f9 famosa, n\u00e8 quella solitamente conosciuta come &#8220;cristiana&#8221;: Sigrid Undset, Paul Verlaine, Joseph Roth, forse pi\u00f9 noto, e Antonia Pozzi. &nbsp; Nel ciclo di incontri culturali della Pastorale,\u00a0luned\u00ec 2 maggio\u00a0\u00e8 stato il turno della letteratura:\u00a0la misericordia nella letteratura. Padre Piero Rizza ha letto e&hellip;<\/p>\n<\/a>\n<\/div>\n<\/div>\n                                                       <div class=\"item row g-3 mx-3 mb-3 pb-3\">\n<div class=\"miniatura col-12 col-md-6 col-lg-4 \"><img decoding=\"async\" src=\"https:\/\/www.patriarcatovenezia.it\/pastorale-universitaria\/wp-content\/uploads\/sites\/12\/2022\/05\/Progetto-senza-titolo-300x212.png\" \/><\/div>\n<div class=\"col-12 col-md-6 col-lg-8\">\n<a href=\"https:\/\/www.patriarcatovenezia.it\/pastorale-universitaria\/2022\/05\/12\/s-messa-e-catechesi-coi-mosaici\/\">\n<h3 class=\"occhiello\"><\/h3>\n<h1 class=\"entry-title\">S. Messa e catechesi coi mosaici!<\/h1>\n<h2 class=\"sottotitolo\"><\/h2>\n<p class=\"summary\">17 maggio ore 19.oo &#8211; Celebrazione della S. Messa nella Chiesa degli Scalzi a Venezia Invitati tutti gli universitari, i docenti e il personale per terminare l&#8217;anno accademico col giusto Spirito. A seguire aperitivo insieme nei locali del Centro Scalzi! &nbsp; &nbsp; &nbsp; &nbsp; &nbsp; 19 maggio ore 19.30 &#8211;&hellip;<\/p>\n<\/a>\n<\/div>\n<\/div>\n                           <div class=\"archiviolink text-end m-3\"><a href=\"\/pastorale-universitaria\/category\/news\/\">Tutte le news<\/a><\/div>\n<\/div><\/div><\/div><\/div><\/div><div id=\"pgc-4-0-1\"  class=\"panel-grid-cell\" ><div id=\"panel-4-0-1-0\" class=\"so-panel widget widget_sow-editor panel-first-child\" data-index=\"1\" ><div class=\"contattibox panel-widget-style panel-widget-style-for-4-0-1-0\" ><div\n\t\t\t\n\t\t\tclass=\"so-widget-sow-editor so-widget-sow-editor-base\"\n\t\t\t\n\t\t><h3 class=\"widget-title\">Contatti<\/h3>\n<div class=\"siteorigin-widget-tinymce textwidget\">\n\t<p><strong>Direttore della Pwstorale Universitaria<\/strong><\/p>\n<p>&nbsp;<\/p>\n<p><strong>Segreteria<\/strong><\/p>\n<p><em>Curia Patriarcale<\/em><br \/>\nSan Marco, 320\/A \u2013 30124 Venezia<\/p>\n<p>LUN-VEN\u00a0orario\u00a09-12.00 \/ 14-16.00<\/p>\n<\/div>\n<\/div><\/div><\/div><div id=\"panel-4-0-1-1\" class=\"so-panel widget widget_bso-so-widget-all-in-one panel-last-child\" data-index=\"2\" ><div\n\t\t\t\n\t\t\tclass=\"so-widget-bso-so-widget-all-in-one so-widget-bso-so-widget-all-in-one-default-d75171398898-373\"\n\t\t\t\n\t\t><div class=\"my-5 antepage\">                             <div class=\"item\">\n<a href=\"https:\/\/www.patriarcatovenezia.it\/pastorale-universitaria\/2026\/03\/21\/servizio-civile-in-pastorale-universitaria\/\"><h1 class=\"entry-title\">Servizio Civile in Pastorale Universitaria<\/h1><\/a>\n<div class=\"miniatura mb-3\"><a href=\"https:\/\/www.patriarcatovenezia.it\/pastorale-universitaria\/2026\/03\/21\/servizio-civile-in-pastorale-universitaria\/\"><img decoding=\"async\" src=\"https:\/\/www.patriarcatovenezia.it\/pastorale-universitaria\/wp-content\/uploads\/sites\/12\/2026\/03\/Testo-del-paragrafo-240x300.png\" \/><\/a><\/div>\n<h2 class=\"sottotitolo\">ogni volto un impegno, insieme una comunit\u00e0<\/h2>\n<p class=\"summary\">SCADENZA BANDO: 8 APRILE ORE 14.00 Aperte le candidature per svolgere Servizio Civile in Pastorale Universitaria: 3\u00a0posti disponibli, per giovani&hellip;<\/p>\n\t\t\t\t<ul class=\"bso-attachments\">\n\t\t\t\t\t\t<li>\n\t\t\t\t<a href=\"\" target=\"_blank\" class=\"article_attachment_link\">\n\t\t\t\t\t\t\t\t\t<\/a>\n\t\t\t<\/li>\n\t\t\t\t\t<\/ul>\n\t<\/a>\n<\/div>\n                           <\/div><\/div><\/div><\/div><\/div><\/div><\/div>","protected":false},"excerpt":{"rendered":"<p>Contatti Direttore della Pwstorale Universitaria &nbsp; Segreteria Curia Patriarcale San Marco, 320\/A \u2013 30124 Venezia LUN-VEN\u00a0orario\u00a09-12.00 \/ 14-16.00<\/p>\n","protected":false},"author":0,"featured_media":0,"parent":0,"menu_order":0,"comment_status":"closed","ping_status":"closed","template":"","meta":{"_acf_changed":false,"ip_address":"","user_agent":"","level":"","revision":"","cookie_id":"","page_referer":"","html_form":"","footnotes":""},"class_list":["post-4","page","type-page","status-publish","hentry"],"acf":[],"_links":{"self":[{"href":"https:\/\/www.patriarcatovenezia.it\/pastorale-universitaria\/wp-json\/wp\/v2\/pages\/4"}],"collection":[{"href":"https:\/\/www.patriarcatovenezia.it\/pastorale-universitaria\/wp-json\/wp\/v2\/pages"}],"about":[{"href":"https:\/\/www.patriarcatovenezia.it\/pastorale-universitaria\/wp-json\/wp\/v2\/types\/page"}],"author":[{"embeddable":true,"href":"https:\/\/www.patriarcatovenezia.it\/pastorale-universitaria\/wp-json\/wp\/v2\/users\/22"}],"replies":[{"embeddable":true,"href":"https:\/\/www.patriarcatovenezia.it\/pastorale-universitaria\/wp-json\/wp\/v2\/comments?post=4"}],"version-history":[{"count":9,"href":"https:\/\/www.patriarcatovenezia.it\/pastorale-universitaria\/wp-json\/wp\/v2\/pages\/4\/revisions"}],"predecessor-version":[{"id":930,"href":"https:\/\/www.patriarcatovenezia.it\/pastorale-universitaria\/wp-json\/wp\/v2\/pages\/4\/revisions\/930"}],"wp:attachment":[{"href":"https:\/\/www.patriarcatovenezia.it\/pastorale-universitaria\/wp-json\/wp\/v2\/media?parent=4"}],"curies":[{"name":"wp","href":"https:\/\/api.w.org\/{rel}","templated":true}]}}