{"id":2453,"date":"2022-11-15T08:50:58","date_gmt":"2022-11-15T07:50:58","guid":{"rendered":"https:\/\/venezia.webdiocesi.it\/pastorale-sposi-famiglia\/?page_id=2453"},"modified":"2024-09-04T11:25:14","modified_gmt":"2024-09-04T09:25:14","slug":"gruppi-sposi-percorsi-sussidi-materiale","status":"publish","type":"page","link":"https:\/\/www.patriarcatovenezia.it\/pastorale-sposi-famiglia\/famiglie-e-gruppi-sposi\/gruppi-sposi-percorsi-sussidi-materiale\/","title":{"rendered":"GRUPPI SPOSI: percorsi, sussidi, materiale"},"content":{"rendered":"<hr \/>\n<p><a href=\"https:\/\/famiglia.diocesidicomo.it\/2018\/06\/01\/schede-di-accompagnamento-dei-gruppi-di-spiritualita-familiare\/\"><strong>Sussidio &#8220;Testimoni dell&#8217;amore&#8221; (Diocesi di Como)<\/strong><\/a><\/p>\n<p><strong><a href=\"https:\/\/venezia.webdiocesi.it\/pastorale-sposi-famiglia\/wp-content\/uploads\/sites\/7\/2022\/11\/Sussidio_Tracieloeterra.pdf\">Sussidio \u201cTra cielo e terra\u201d (Diocesi di Lodi)<\/a><\/strong><\/p>\n<p><strong><a href=\"https:\/\/venezia.webdiocesi.it\/pastorale-sposi-famiglia\/wp-content\/uploads\/sites\/7\/2022\/11\/Sussidio_Lasantitanellefamigliedelmondo_compressed.pdf\">Sussidio \u201cLa santit\u00e0 nelle famiglie del mondo\u201d (Dicastero per i laici, la famiglia e la vita)<\/a><\/strong><\/p>\n<p>https:\/\/venezia.webdiocesi.it\/pastorale-sposi-famiglia\/percorso-2024-2025-per-sposi-e-genitori-verso-il-giubileo-delle-famiglie\/<\/p>\n<div id=\"panel-79-2-1-1\" class=\"so-panel widget widget_text\">\n<div class=\"textwidget\">\n<hr \/>\n<p><span style=\"color: #800000\"><strong>Percorso \u201cFamiglia Amoris Laetitia\u201d<\/strong><\/span><\/p>\n<ul>\n<li><strong>\u201c10 Video Amoris Laetitia\u201d<\/strong><\/li>\n<\/ul>\n<p style=\"padding-left: 40px\">Il Dicastero per i Laici, la Famiglia e la Vita, in collaborazione con il Dicastero per la Comunicazione, offre una risorsa pastorale per scandire il cammino nell\u2019Anno \u201cFamiglia Amoris Laetitia\u201d.\u00a0Si tratta di un\u00a0<a href=\"http:\/\/www.laityfamilylife.va\/content\/laityfamilylife\/it\/amoris-laetitia\/iniziative-e-risorse\/10-video-amoris-laetitia.html\"><strong>percorso composto da 10 video<\/strong><\/a>, uno al mese, per raccontare la bellezza dell\u2019essere famiglia a partire dai capitoli dell\u2019Esortazione Apostolica\u00a0Amoris Laetitia. Protagonista Papa Francesco in dialogo con famiglie di diverse parti del mondo, che invita tutti a \u201cprendersi cura con amore della vita delle famiglie, perch\u00e9 esse non sono un problema, sono sempre un dono e nel guardare avanti sono un\u2019opportunit\u00e0\u201d.<br \/>\nOgni video \u00e8 corredato da un sussidio, che si presta ad essere utilizzato in maniera flessibile sia dalle famiglie, sia dalle varie realt\u00e0 ecclesiali (diocesi, parrocchie, comunit\u00e0). Ogni sussidio poi \u00e8 suddiviso in 4 parti, ciascuna delle quali pu\u00f2 essere utilizzata per l\u2019approfondimento in famiglia o in comunit\u00e0, anche in momenti distinti.\u00a0Tale strumento intende essere di aiuto alla pastorale familiare, con proposte e suggerimenti che possono essere adattati al contesto locale. Lo scopo \u00e8 di alimentare la riflessione, il dialogo e la prassi pastorale e, al tempo stesso, arrecare coraggio, stimolo e aiuto alle famiglie nella loro vita spirituale e concreta di tutti i giorni.<\/p>\n<ul>\n<li><strong>In cammino con le famiglie<\/strong>\n<ul>\n<li><strong>7\u00a0<a href=\"https:\/\/www.romefamily2022.com\/it\/catechesi\/\">catechesi di preparazione all\u2019Incontro Mondiale<\/a>\u00a0<\/strong>proposte nel sito ufficiale nell\u2019apposita sezione.\u00a0Potete utilizzarle nei gruppi sposi o direttamente in famiglia.<\/li>\n<li><a href=\"http:\/\/www.laityfamilylife.va\/content\/laityfamilylife\/it\/amoris-laetitia\/walking-with-families.html\"><strong>12 percorsi con le famiglie per attuare\u00a0Amoris Laetitia<\/strong><\/a><\/li>\n<li><a href=\"https:\/\/drive.google.com\/drive\/folders\/1fF0pmdpaIqm4f727Uix25X4_70-Okczb?usp=share_link\"><strong>Webinair su Amoris Laetitia in collaborazione col Centro Pattaro<\/strong><\/a>\u00a0(catechesi di don Renzo Bonetti)<\/li>\n<li><a href=\"https:\/\/www.romefamily2022.com\/it\/press-kit\/\"><strong>Relazioni dell\u2019Incontro Mondiale Famiglie<\/strong><\/a><\/li>\n<\/ul>\n<\/li>\n<\/ul>\n<\/div>\n<\/div>\n<div id=\"panel-79-2-1-2\" class=\"so-panel widget widget_text\">\n<div class=\"textwidget\">\n<hr \/>\n<p><span style=\"color: #800000\"><strong>PERCORSO FORMATIVI<\/strong><\/span><\/p>\n<p><span style=\"color: #800000\"><strong>Triennio pastorale 2019-2022\u00a0Percorso unitario gruppi sposi \u201cFar risuonare il Kerygma nel cuore di ogni famiglia\u201d (AL 286)<\/strong><\/span><\/p>\n<ul>\n<li><strong>Sussidio 2020-2021 \u201cSposi nello Spirito\u201d<\/strong><\/li>\n<\/ul>\n<p style=\"padding-left: 40px\">Il percorso pastorale diocesano <strong><em><a href=\"https:\/\/venezia.webdiocesi.it\/site\/vivi-in-cristo-il-soffio-dello-spirito-apre-orizzonti-proposta-di-alcuni-orientamenti-per-lanno-pastorale-2020-2021-in-un-tempo-di-discernimento-e-di-ripartenza\/\">Il soffio dello Spirito apre orizzonti<\/a><\/em><\/strong> ci porta a riflettere sullo Spirito Santo, avendo come icona biblica di riferimento la Pentecoste descritta in At 2, 1-11. Gli uffici diocesani hanno proposto delle linee guida comuni a partire da questo brano, suggerendo uno spunto molto attuale, quello di \u201criprendere a respirare\u201d: si tratta di ripartire da quanto stiamo vivendo in questo difficile momento storico affinch\u00e9, attraverso l\u2019ascolto, possiamo comprendere che cosa vuol dirci lo Spirito Santo per tornare a sentirci Comunit\u00e0 di Cristo. Molti di noi hanno riscoperto nei mesi scorsi la centralit\u00e0 della famiglia, sia come \u201crifugio sicuro\u201d, sia come \u201ccuore\u201d dove iniziano le nostre relazioni, compresa quella con Dio. Proponiamo pertanto\u2026\u00a0<em><strong>Clicca sul link e scarica il sussidio!\u00a0<\/strong><\/em><strong><a href=\"https:\/\/venezia.webdiocesi.it\/pastorale-sposi-famiglia\/wp-content\/uploads\/sites\/7\/2020\/11\/Proposta_percorso_diocesano_sposi_2020-2021_def.pdf\">Proposta_percorso_diocesano_sposi_2020-2021_def<\/a><\/strong><\/p>\n<\/div>\n<\/div>\n<div id=\"panel-79-2-1-3\" class=\"so-panel widget widget_text panel-last-child\">\n<div class=\"textwidget\">\n<ul>\n<li><strong>Sussidio 2019-2020 \u201cVivi in Cristo: battezzati, inviati, sposi\u201d (Battesimo e Missione)\u00a0<em>Icona biblica di riferimento At 8, 26-40<\/em><\/strong><\/li>\n<\/ul>\n<p style=\"padding-left: 40px\">Nella lettera pastorale \u201cL\u2019amore di Cristo di possiede\u201d, il Patriarca ci invita a riscoprire il centro del messaggio cristiano, il Kerigma \u2015 Ges\u00f9 Cristo morto e risorto per la nostra salvezza \u2015, per rivivere l\u2019importanza del grande dono del Battesimo, porta di tutti i sacramenti. Nei diversi ambiti della pastorale (ragazzi, giovani, famiglie, spiritualit\u00e0) ci viene proposto di soffermarci, nell\u2019arco di un triennio, su questi tre aspetti: il Battesimo (battezzati e inviati); lo Spirito Santo e la Chiesa; l\u2019Eucaristia.<strong><a href=\"https:\/\/venezia.webdiocesi.it\/pastorale-sposi-famiglia\/?page_id=1522\"><em>\u00a0Leggi tutto\u2026<\/em><\/a><\/strong><\/p>\n<hr \/>\n<p><em><strong>Altro materiale per la formazione a <a href=\"https:\/\/venezia.webdiocesi.it\/pastorale-sposi-famiglia\/?page_id=47\">questo link<\/a><\/strong><\/em><\/p>\n<\/div>\n<\/div>\n","protected":false},"excerpt":{"rendered":"<p>Sussidio &#8220;Testimoni dell&#8217;amore&#8221; (Diocesi di Como) Sussidio \u201cTra cielo e terra\u201d (Diocesi di Lodi) Sussidio \u201cLa santit\u00e0 nelle famiglie del mondo\u201d (Dicastero per i laici, la famiglia e la vita) https:\/\/venezia.webdiocesi.it\/pastorale-sposi-famiglia\/percorso-2024-2025-per-sposi-e-genitori-verso-il-giubileo-delle-famiglie\/ Percorso \u201cFamiglia Amoris Laetitia\u201d \u201c10 Video Amoris Laetitia\u201d Il Dicastero per i Laici, la Famiglia e la Vita, in collaborazione con il Dicastero per [&hellip;]<\/p>\n","protected":false},"author":0,"featured_media":0,"parent":79,"menu_order":0,"comment_status":"closed","ping_status":"closed","template":"","meta":{"_acf_changed":false,"ip_address":"","user_agent":"","level":"","revision":"","cookie_id":"","page_referer":"","html_form":"","footnotes":""},"class_list":["post-2453","page","type-page","status-publish","hentry"],"acf":[],"_links":{"self":[{"href":"https:\/\/www.patriarcatovenezia.it\/pastorale-sposi-famiglia\/wp-json\/wp\/v2\/pages\/2453"}],"collection":[{"href":"https:\/\/www.patriarcatovenezia.it\/pastorale-sposi-famiglia\/wp-json\/wp\/v2\/pages"}],"about":[{"href":"https:\/\/www.patriarcatovenezia.it\/pastorale-sposi-famiglia\/wp-json\/wp\/v2\/types\/page"}],"author":[{"embeddable":true,"href":"https:\/\/www.patriarcatovenezia.it\/pastorale-sposi-famiglia\/wp-json\/wp\/v2\/users\/10"}],"replies":[{"embeddable":true,"href":"https:\/\/www.patriarcatovenezia.it\/pastorale-sposi-famiglia\/wp-json\/wp\/v2\/comments?post=2453"}],"version-history":[{"count":8,"href":"https:\/\/www.patriarcatovenezia.it\/pastorale-sposi-famiglia\/wp-json\/wp\/v2\/pages\/2453\/revisions"}],"predecessor-version":[{"id":3318,"href":"https:\/\/www.patriarcatovenezia.it\/pastorale-sposi-famiglia\/wp-json\/wp\/v2\/pages\/2453\/revisions\/3318"}],"up":[{"embeddable":true,"href":"https:\/\/www.patriarcatovenezia.it\/pastorale-sposi-famiglia\/wp-json\/wp\/v2\/pages\/79"}],"wp:attachment":[{"href":"https:\/\/www.patriarcatovenezia.it\/pastorale-sposi-famiglia\/wp-json\/wp\/v2\/media?parent=2453"}],"curies":[{"name":"wp","href":"https:\/\/api.w.org\/{rel}","templated":true}]}}