{"id":8271,"date":"2026-01-22T14:40:52","date_gmt":"2026-01-22T13:40:52","guid":{"rendered":"https:\/\/www.patriarcatovenezia.it\/pastorale-giovanile\/?page_id=8271"},"modified":"2026-02-10T21:00:00","modified_gmt":"2026-02-10T20:00:00","slug":"formazione-animatori-2026","status":"publish","type":"page","link":"https:\/\/www.patriarcatovenezia.it\/pastorale-giovanile\/formazione-animatori-2026\/","title":{"rendered":"FORMAZIONE ANIMATORI GREST 2026"},"content":{"rendered":"<h2 style=\"text-align: left\"><span style=\"color: #e03e2d\"><strong><img loading=\"lazy\" decoding=\"async\" class=\" wp-image-8268 alignleft\" src=\"https:\/\/www.patriarcatovenezia.it\/pastorale-giovanile\/wp-content\/uploads\/sites\/6\/2026\/01\/formazione_grest_2026-320x400.jpeg\" alt=\"\" width=\"473\" height=\"591\" srcset=\"https:\/\/www.patriarcatovenezia.it\/pastorale-giovanile\/wp-content\/uploads\/sites\/6\/2026\/01\/formazione_grest_2026-320x400.jpeg 320w, https:\/\/www.patriarcatovenezia.it\/pastorale-giovanile\/wp-content\/uploads\/sites\/6\/2026\/01\/formazione_grest_2026-819x1024.jpeg 819w, https:\/\/www.patriarcatovenezia.it\/pastorale-giovanile\/wp-content\/uploads\/sites\/6\/2026\/01\/formazione_grest_2026-768x960.jpeg 768w, https:\/\/www.patriarcatovenezia.it\/pastorale-giovanile\/wp-content\/uploads\/sites\/6\/2026\/01\/formazione_grest_2026-224x280.jpeg 224w, https:\/\/www.patriarcatovenezia.it\/pastorale-giovanile\/wp-content\/uploads\/sites\/6\/2026\/01\/formazione_grest_2026-614x768.jpeg 614w, https:\/\/www.patriarcatovenezia.it\/pastorale-giovanile\/wp-content\/uploads\/sites\/6\/2026\/01\/formazione_grest_2026.jpeg 1080w\" sizes=\"(max-width: 473px) 100vw, 473px\" \/>ATTENZIONE <\/strong><\/span><span style=\"color: #e03e2d\"><strong>ATTENZIONE ATTENZIONE <\/strong><\/span><\/h2>\n<p style=\"text-align: left\">La proposta formativa per gli animatori quest&#8217;anno si svolger\u00e0 <strong>di domenica<\/strong> dedicando un&#8217;intera giornata ai laboratori, alla celebrazione della S. Messa e ai momenti di gioco\/fraternit\u00e0!<\/p>\n<p style=\"text-align: left\">Le giornate proposte sono due<strong>\u00a0domeniche di MARZO:<\/strong><\/p>\n<p>\u21d2 la prima l&#8217;<strong>8 marzo<\/strong> per chi frequenta le classi <strong>3^, 4^ e 5^ superiore<\/strong><\/p>\n<p>\u21d2 la seconda il <strong>22 marzo<\/strong> per i pi\u00f9 giovani di <strong>1^ e 2^ superiore<\/strong><\/p>\n<p style=\"text-align: left\">Organizzate e vissute nello stesso luogo, l&#8217;<strong>Istituto Berna, a Mestre,<\/strong> con un programma simile ma non gli stessi contenuti\/attenzioni al servizio che si andr\u00e0 a svolgere, perch\u00e9 formulati a seconda dell&#8217;et\u00e0 ed esperienza.<\/p>\n<p><strong><span style=\"color: #e03e2d\"><img loading=\"lazy\" decoding=\"async\" class=\" wp-image-8295 alignleft\" src=\"https:\/\/www.patriarcatovenezia.it\/pastorale-giovanile\/wp-content\/uploads\/sites\/6\/2026\/01\/modulo-396x400.jpg\" alt=\"\" width=\"99\" height=\"100\" srcset=\"https:\/\/www.patriarcatovenezia.it\/pastorale-giovanile\/wp-content\/uploads\/sites\/6\/2026\/01\/modulo-396x400.jpg 396w, https:\/\/www.patriarcatovenezia.it\/pastorale-giovanile\/wp-content\/uploads\/sites\/6\/2026\/01\/modulo-200x200.jpg 200w, https:\/\/www.patriarcatovenezia.it\/pastorale-giovanile\/wp-content\/uploads\/sites\/6\/2026\/01\/modulo-277x280.jpg 277w, https:\/\/www.patriarcatovenezia.it\/pastorale-giovanile\/wp-content\/uploads\/sites\/6\/2026\/01\/modulo.jpg 455w\" sizes=\"(max-width: 99px) 100vw, 99px\" \/><\/span><\/strong><strong>ISCRIZIONI APERTE DA <span style=\"color: #0000ff\">LUNED\u00cd 26 GENNAIO<\/span><\/strong><\/p>\n<p style=\"text-align: left\"><strong><span style=\"color: #e03e2d\">Solo il referente parrocchiale o della collaborazione pastorale <\/span><\/strong><strong><span style=\"color: #e03e2d\">accede al <a href=\"https:\/\/forms.gle\/JetQDbS2RK92DdnG7\" target=\"_blank\" rel=\"noopener\">MODULO ON-LINE<\/a> per iscrivere i propri partecipanti, lasciando i suoi recapiti per ricevere tutte le altre informazioni<\/span><\/strong><\/p>\n<p>\u00c8 richiesto un<strong> contributo a persona di 5,00 euro<\/strong> per partecipare alle varie spese,<br \/>\nvedi indicazioni dettagliate nel modulo per effettuare il bonifico.<\/p>\n<p>&nbsp;<\/p>\n<p>&nbsp;<\/p>\n","protected":false},"excerpt":{"rendered":"<p>ATTENZIONE ATTENZIONE ATTENZIONE La proposta formativa per gli animatori quest&#8217;anno si svolger\u00e0 di domenica dedicando un&#8217;intera giornata ai laboratori, alla celebrazione della S. Messa e ai momenti di gioco\/fraternit\u00e0! Le giornate proposte sono due\u00a0domeniche di MARZO: \u21d2 la prima l&#8217;8 marzo per chi frequenta le classi 3^, 4^ e 5^ superiore \u21d2 la seconda il [&hellip;]<\/p>\n","protected":false},"author":0,"featured_media":0,"parent":0,"menu_order":0,"comment_status":"closed","ping_status":"closed","template":"","meta":{"_acf_changed":false,"ip_address":"","user_agent":"","level":"","revision":"","cookie_id":"","page_referer":"","html_form":"","footnotes":""},"class_list":["post-8271","page","type-page","status-publish","hentry"],"acf":[],"_links":{"self":[{"href":"https:\/\/www.patriarcatovenezia.it\/pastorale-giovanile\/wp-json\/wp\/v2\/pages\/8271"}],"collection":[{"href":"https:\/\/www.patriarcatovenezia.it\/pastorale-giovanile\/wp-json\/wp\/v2\/pages"}],"about":[{"href":"https:\/\/www.patriarcatovenezia.it\/pastorale-giovanile\/wp-json\/wp\/v2\/types\/page"}],"author":[{"embeddable":true,"href":"https:\/\/www.patriarcatovenezia.it\/pastorale-giovanile\/wp-json\/wp\/v2\/users\/9"}],"replies":[{"embeddable":true,"href":"https:\/\/www.patriarcatovenezia.it\/pastorale-giovanile\/wp-json\/wp\/v2\/comments?post=8271"}],"version-history":[{"count":7,"href":"https:\/\/www.patriarcatovenezia.it\/pastorale-giovanile\/wp-json\/wp\/v2\/pages\/8271\/revisions"}],"predecessor-version":[{"id":8522,"href":"https:\/\/www.patriarcatovenezia.it\/pastorale-giovanile\/wp-json\/wp\/v2\/pages\/8271\/revisions\/8522"}],"wp:attachment":[{"href":"https:\/\/www.patriarcatovenezia.it\/pastorale-giovanile\/wp-json\/wp\/v2\/media?parent=8271"}],"curies":[{"name":"wp","href":"https:\/\/api.w.org\/{rel}","templated":true}]}}

<h2 style="text-align: left"><span style="color: #e03e2d"><strong><img loading="lazy" decoding="async" class=" wp-image-8268 alignleft" src="https://www.patriarcatovenezia.it/pastorale-giovanile/wp-content/uploads/sites/6/2026/01/formazione_grest_2026-320x400.jpeg" alt="" width="473" height="591" srcset="https://www.patriarcatovenezia.it/pastorale-giovanile/wp-content/uploads/sites/6/2026/01/formazione_grest_2026-320x400.jpeg 320w, https://www.patriarcatovenezia.it/pastorale-giovanile/wp-content/uploads/sites/6/2026/01/formazione_grest_2026-819x1024.jpeg 819w, https://www.patriarcatovenezia.it/pastorale-giovanile/wp-content/uploads/sites/6/2026/01/formazione_grest_2026-768x960.jpeg 768w, https://www.patriarcatovenezia.it/pastorale-giovanile/wp-content/uploads/sites/6/2026/01/formazione_grest_2026-224x280.jpeg 224w, https://www.patriarcatovenezia.it/pastorale-giovanile/wp-content/uploads/sites/6/2026/01/formazione_grest_2026-614x768.jpeg 614w, https://www.patriarcatovenezia.it/pastorale-giovanile/wp-content/uploads/sites/6/2026/01/formazione_grest_2026.jpeg 1080w" sizes="(max-width: 473px) 100vw, 473px" />ATTENZIONE </strong></span><span style="color: #e03e2d"><strong>ATTENZIONE ATTENZIONE </strong></span></h2>
<p style="text-align: left">La proposta formativa per gli animatori quest&#8217;anno si svolgerà <strong>di domenica</strong> dedicando un&#8217;intera giornata ai laboratori, alla celebrazione della S. Messa e ai momenti di gioco/fraternità!</p>
<p style="text-align: left">Le giornate proposte sono due<strong> domeniche di MARZO:</strong></p>
<p>⇒ la prima l&#8217;<strong>8 marzo</strong> per chi frequenta le classi <strong>3^, 4^ e 5^ superiore</strong></p>
<p>⇒ la seconda il <strong>22 marzo</strong> per i più giovani di <strong>1^ e 2^ superiore</strong></p>
<p style="text-align: left">Organizzate e vissute nello stesso luogo, l&#8217;<strong>Istituto Berna, a Mestre,</strong> con un programma simile ma non gli stessi contenuti/attenzioni al servizio che si andrà a svolgere, perché formulati a seconda dell&#8217;età ed esperienza.</p>
<p><strong><span style="color: #e03e2d"><img loading="lazy" decoding="async" class=" wp-image-8295 alignleft" src="https://www.patriarcatovenezia.it/pastorale-giovanile/wp-content/uploads/sites/6/2026/01/modulo-396x400.jpg" alt="" width="99" height="100" srcset="https://www.patriarcatovenezia.it/pastorale-giovanile/wp-content/uploads/sites/6/2026/01/modulo-396x400.jpg 396w, https://www.patriarcatovenezia.it/pastorale-giovanile/wp-content/uploads/sites/6/2026/01/modulo-200x200.jpg 200w, https://www.patriarcatovenezia.it/pastorale-giovanile/wp-content/uploads/sites/6/2026/01/modulo-277x280.jpg 277w, https://www.patriarcatovenezia.it/pastorale-giovanile/wp-content/uploads/sites/6/2026/01/modulo.jpg 455w" sizes="(max-width: 99px) 100vw, 99px" /></span></strong><strong>ISCRIZIONI APERTE DA <span style="color: #0000ff">LUNEDÍ 26 GENNAIO</span></strong></p>
<p style="text-align: left"><strong><span style="color: #e03e2d">Solo il referente parrocchiale o della collaborazione pastorale </span></strong><strong><span style="color: #e03e2d">accede al <a href="https://forms.gle/JetQDbS2RK92DdnG7" target="_blank" rel="noopener">MODULO ON-LINE</a> per iscrivere i propri partecipanti, lasciando i suoi recapiti per ricevere tutte le altre informazioni</span></strong></p>
<p>È richiesto un<strong> contributo a persona di 5,00 euro</strong> per partecipare alle varie spese,<br />
vedi indicazioni dettagliate nel modulo per effettuare il bonifico.</p>
<p>&nbsp;</p>
<p>&nbsp;</p>

<p>ATTENZIONE ATTENZIONE ATTENZIONE La proposta formativa per gli animatori quest&#8217;anno si svolgerà di domenica dedicando un&#8217;intera giornata ai laboratori, alla celebrazione della S. Messa e ai momenti di gioco/fraternità! Le giornate proposte sono due domeniche di MARZO: ⇒ la prima l&#8217;8 marzo per chi frequenta le classi 3^, 4^ e 5^ superiore ⇒ la seconda il [&hellip;]</p>
