{"id":3937,"date":"2024-01-30T15:19:20","date_gmt":"2024-01-30T14:19:20","guid":{"rendered":"https:\/\/venezia.webdiocesi.it\/pastorale-giovanile\/?page_id=3937"},"modified":"2024-05-13T16:23:30","modified_gmt":"2024-05-13T14:23:30","slug":"hope-2024-festa-dei-ragazzi","status":"publish","type":"page","link":"https:\/\/www.patriarcatovenezia.it\/pastorale-giovanile\/hope-2024-festa-dei-ragazzi\/","title":{"rendered":"HOPe 2024 &#8211; Festa dei Ragazzi"},"content":{"rendered":"<div id=\"pl-3937\"  class=\"panel-layout\" ><div id=\"pg-3937-0\"  class=\"panel-grid panel-has-style\" ><div class=\"panel-row-style panel-row-style-for-3937-0\" ><div id=\"pgc-3937-0-0\"  class=\"panel-grid-cell\" ><div id=\"panel-3937-0-0-0\" class=\"so-panel widget panel-first-child panel-last-child\" data-index=\"0\" ><\/div><\/div><div id=\"pgc-3937-0-1\"  class=\"panel-grid-cell\" ><div id=\"panel-3937-0-1-0\" class=\"so-panel widget panel-first-child panel-last-child\" data-index=\"1\" ><\/div><\/div><\/div><\/div><div id=\"pg-3937-1\"  class=\"panel-grid panel-no-style\" ><div id=\"pgc-3937-1-0\"  class=\"panel-grid-cell\" ><div id=\"panel-3937-1-0-0\" class=\"so-panel widget widget_text panel-first-child panel-last-child\" data-index=\"2\" ><div class=\"panel-widget-style panel-widget-style-for-3937-1-0-0\" >\t\t\t<div class=\"textwidget\"><p><strong>&#8230;una festa che ha lasciato IL SEGNO, <\/strong><strong>ANZI TRE!<\/strong><\/p>\n<p><em>Un primo segno:<\/em> <strong>La sorpresa.<\/strong> Riprendere questa attivit\u00e0 diocesana dopo 4 anni, con qualche dubbio, un bel po&#8217; di fatica ma anche con tantissima speranza&#8230; si \u00e8 rivelata una scommessa azzeccata. Soprattutto perch\u00e9 ha permesso a molti dei presenti di vivere per la prima volta un&#8217;esperienza dal respiro diocesano, ad alta intensit\u00e0 formativa, sia nei temi affrontati che nell&#8217;energia trasmessa.<\/p>\n<p><em>Un secondo segno: <\/em><strong>La voglia di mettersi in gioco. <\/strong>Pi\u00f9 di 200 giovani e adulti hanno infatti messo a disposizione le loro capacit\u00e0 e i loro doni perch\u00e9 la Festa dei Ragazzi facesse assaporare loro la bellezza di essere Chiesa attorno a Ges\u00f9 Cristo, nostra SPERANZA.<\/p>\n<p><em>Un terzo segno:<\/em> <strong>Il desiderio di proseguire<\/strong>. Riprendere in mano i contenuti, proposti dai nostri giovani attori a misura di ragazzi attraverso i vari &#8220;quadri&#8221;, affinch\u00e9 il cammino non si fermi e quanto vissuto non resti solo &#8220;il ricordo di una bella giornata&#8221;<\/p>\n<p>Ecco perch\u00e9 abbiamo raccolto il vostro suggerimento e inseriamo qui <strong>7\u00a0VIDEO dell&#8217;HOPE-RACE<\/strong> da vedere o ri-vedere per il lancio delle attivit\u00e0 di gruppo. Anche subito &#8211; nel periodo estivo, perch\u00e9 no? &#8211;\u00a0\u00a0con i ragazzi delle medie, oppure nella ripresa delle attivit\u00e0 catechistica autunnale&#8230; liberissimi di scegliere come utilizzarli.<br \/>\n<em>[Occhio: i video sono caricati sul canale youtube, ma si possono richiedere anche in una maggiore risoluzione &#8211; se necessario &#8211; scrivendo alla segreteria della PG]<\/em><\/p>\n<\/div>\n\t\t<\/div><\/div><\/div><\/div><div id=\"pg-3937-2\"  class=\"panel-grid panel-has-style\" ><div class=\"panel-row-style panel-row-style-for-3937-2\" ><div id=\"pgc-3937-2-0\"  class=\"panel-grid-cell\" ><div id=\"panel-3937-2-0-0\" class=\"so-panel widget panel-first-child\" data-index=\"3\" ><\/div><div id=\"panel-3937-2-0-1\" class=\"so-panel widget widget_text panel-last-child\" data-index=\"4\" >\t\t\t<div class=\"textwidget\"><p>La vita di oggi \u00e8 un po&#8217; cos\u00ec&#8230; tutti corrono. Grandi o piccoli non fa molta differenza. Ma verso cosa? Chi pu\u00f2 darci un senso, una direzione? Sapersi fermare e farsi qualche domanda, ecco cosa fa la differenza!<\/p>\n<\/div>\n\t\t<\/div><\/div><div id=\"pgc-3937-2-1\"  class=\"panel-grid-cell\" ><div id=\"panel-3937-2-1-0\" class=\"so-panel widget panel-first-child\" data-index=\"5\" ><\/div><div id=\"panel-3937-2-1-1\" class=\"so-panel widget widget_text panel-last-child\" data-index=\"6\" >\t\t\t<div class=\"textwidget\"><p>Pi\u00f9 rincorri gli altri e meno hai tempo di scoprire chi sei veramente, a cosa sei chiamata\/o, qual \u00e8 la tua strada per essere felice. C&#8217;\u00e8 sempre qualcuno pronto a farti sentire sbagliato\/diverso e allora corri&#8230;\u00a0 per non restare indietro. Corri per sentirti grande, per farti accettare.<\/p>\n<\/div>\n\t\t<\/div><\/div><div id=\"pgc-3937-2-2\"  class=\"panel-grid-cell\" ><div id=\"panel-3937-2-2-0\" class=\"so-panel widget panel-first-child\" data-index=\"7\" ><\/div><div id=\"panel-3937-2-2-1\" class=\"so-panel widget widget_text panel-last-child\" data-index=\"8\" >\t\t\t<div class=\"textwidget\"><p>Il maestro della &#8220;fuga&#8221;. Per qualcuno sfuggire \u00e8 un <em>mood<\/em>, talmente normale che lo si fa inconsapevolmente. Ma se correre \u00e8 &#8220;scappare&#8221; da qualcosa o da qualcuno, l&#8217;unica cosa fondamentale diventa: non farsi <em>prendere<\/em>. La corsa stessa non \u00e8 un mezzo ma il fine.<\/p>\n<\/div>\n\t\t<\/div><\/div><div id=\"pgc-3937-2-3\"  class=\"panel-grid-cell\" ><div id=\"panel-3937-2-3-0\" class=\"so-panel widget panel-first-child\" data-index=\"9\" ><\/div><div id=\"panel-3937-2-3-1\" class=\"so-panel widget widget_text panel-last-child\" data-index=\"10\" >\t\t\t<div class=\"textwidget\"><p>E se tutti mi sfrecciano a fianco e io sono paralizzata\/o? Mi manca il respiro e non per l&#8217;affanno della corsa. Qualcuno vuole aiutarmi, ma io non so se posso fidarmi&#8230; la paura \u00e8 tutto il mio mondo. La solitudine fa paura e la stessa paura mi rende solo. <em>[+ testimonianza di <strong>Simone Riccioni<\/strong>, attore-regista di &#8220;NEVE&#8221; e la piccola Azzurra]<\/em><\/p>\n<\/div>\n\t\t<\/div><\/div><\/div><\/div><div id=\"pg-3937-3\"  class=\"panel-grid panel-has-style\" ><div class=\"panel-row-style panel-row-style-for-3937-3\" ><div id=\"pgc-3937-3-0\"  class=\"panel-grid-cell\" ><div id=\"panel-3937-3-0-0\" class=\"so-panel widget panel-first-child\" data-index=\"11\" ><\/div><div id=\"panel-3937-3-0-1\" class=\"so-panel widget widget_text panel-last-child\" data-index=\"12\" >\t\t\t<div class=\"textwidget\"><p>L&#8217;eterna corsa per primeggiare, misurarsi e su questo stabilire se contiamo &#8220;qualcosa&#8221;. Raggiungere standard, performare di pi\u00f9 e meglio, in un continuo stato di ansia che \u00e8 come stare sulle montagne russe. Ma chi determina le regole di questo stupido gioco?<\/p>\n<\/div>\n\t\t<\/div><\/div><div id=\"pgc-3937-3-1\"  class=\"panel-grid-cell\" ><div id=\"panel-3937-3-1-0\" class=\"so-panel widget panel-first-child\" data-index=\"13\" ><\/div><div id=\"panel-3937-3-1-1\" class=\"so-panel widget widget_text panel-last-child\" data-index=\"14\" >\t\t\t<div class=\"textwidget\"><p><em>A breve&#8230; arrivano anche questi!<\/em><\/p>\n<\/div>\n\t\t<\/div><\/div><div id=\"pgc-3937-3-2\"  class=\"panel-grid-cell\" ><div id=\"panel-3937-3-2-0\" class=\"so-panel widget panel-first-child\" data-index=\"15\" ><\/div><div id=\"panel-3937-3-2-1\" class=\"so-panel widget widget_text panel-last-child\" data-index=\"16\" >\t\t\t<div class=\"textwidget\"><p><em>A breve&#8230; arrivano anche questi!<\/em><\/p>\n<\/div>\n\t\t<\/div><\/div><div id=\"pgc-3937-3-3\"  class=\"panel-grid-cell\" ><div id=\"panel-3937-3-3-0\" class=\"so-panel widget panel-first-child\" data-index=\"17\" ><\/div><div id=\"panel-3937-3-3-1\" class=\"so-panel widget widget_text panel-last-child\" data-index=\"18\" >\t\t\t<div class=\"textwidget\"><p>Clicca sul tasto e accedi alla PLAYLIST di<em>\u00a0youtube<\/em> con i 7 video.<\/p>\n<\/div>\n\t\t<\/div><\/div><\/div><\/div><div id=\"pg-3937-4\"  class=\"panel-grid panel-has-style\" ><div class=\"panel-row-style panel-row-style-for-3937-4\" ><div id=\"pgc-3937-4-0\"  class=\"panel-grid-cell\" ><div id=\"panel-3937-4-0-0\" class=\"so-panel widget panel-first-child panel-last-child\" data-index=\"19\" ><div class=\"panel-widget-style panel-widget-style-for-3937-4-0-0\" ><\/div><\/div><\/div><div id=\"pgc-3937-4-1\"  class=\"panel-grid-cell\" ><div id=\"panel-3937-4-1-0\" class=\"so-panel widget widget_text panel-first-child panel-last-child\" data-index=\"20\" >\t\t\t<div class=\"textwidget\"><p><strong>&#8230;\u00e8 la FESTA DIOCESANA dedicata a tutti i ragazzi dagli 11 ai 14 anni del Patriarcato di Venezia <\/strong><\/p>\n<p>Il tema della <strong>speranza<\/strong> \u00e8 stato scelto per ispirare, dunque, e incoraggiare. Essa \u00e8 forza interiore motivante che spinge a guardare avanti, anche nelle sfide pi\u00f9 dure. Incoraggiare alla speranza significa guidare i giovani a scoprirsi figli amati, a credere nel proprio potenziale, affrontando il futuro con fiducia e determinazione. Riflettere sulla propria crescita crea consapevolezza nell&#8217;importanza di puntare in alto, lasciarsi mettere da Dio quelle ali come aquile che da sempre ha pensato per ciascuno di noi.<\/p>\n<p><strong>Il triennio 2024-2026<\/strong> ci offre cos\u00ec una prospettiva a lungo termine per non agire in modo episodico nella vita dei ragazzi, ma accompagnarne i passaggi cruciali. Una tappa fondamentale sar\u00e0 il <strong>Giubileo del 2025<\/strong> il cui titolo <em>\u201cPellegrini di speranza\u201d<\/em> gi\u00e0 ci vede orientati (a Roma con gli adolescenti il 25-26 aprile, giovani 28 luglio &#8211; 3 agosto). Per la nostra Diocesi il successivo balzo in avanti sar\u00e0 tornare ad <strong>Assisi<\/strong> con i ragazzi a <strong>marzo 2026<\/strong>.<\/p>\n<p><strong><img decoding=\"async\" src=\"\/\/adsr.4wnetwork.com\/impression.html?simply=MjM1NDM4OzkzMjQ5OzU0NjMxOzM3NTcyOzE3NTYxODsxMzc1MjY7MTcwNjM2NjEwNjAwMDs5My43MC43MC4yNTU7NjViNTE0OWFjMjVmMzAuMTk4MzU5NDM7OWMxY2UyN2YwOGIxNjQ3OWQyZTE3NzQzMDYyYjI4ZWQ7MC4zNTswOw==&amp;sig=a0d6a88df6c0b50fcf054a1aa96a7ff3&amp;fourw=MjM1NDM4OzkzMjQ5OzU0NjMxOzY1OTsxOTIyOzIyODY7c3RhbmRhcmRfeWllbGQ7MTcwNjM2NjEwNjs5My43MC43MC4yNTU7&amp;hash=2b56ea8ae96585a58187806d40917ee3&amp;tp=textlink&amp;tad=1&amp;nocookie=true&quot;\" width=\"&quot;1&quot;\" height=\"&quot;1&quot;\" \/><i><b>Anche i giovani faticano e si stancano, gli adulti inciampano e cadono, <\/b><\/i><\/strong><strong><i><b>ma quanti sperano nel Signore riacquistano forza, mettono ali come aquile, corrono senza affannarsi, camminano senza stancarsi.<br \/>\n<\/b><\/i><\/strong><i>Is 40, 31<\/i><\/p>\n<\/div>\n\t\t<\/div><\/div><\/div><\/div><\/div>","protected":false},"excerpt":{"rendered":"<p>&#8230;una festa che ha lasciato IL SEGNO, ANZI TRE! Un primo segno: La sorpresa. Riprendere questa attivit\u00e0 diocesana dopo 4 anni, con qualche dubbio, un bel po&#8217; di fatica ma anche con tantissima speranza&#8230; si \u00e8 rivelata una scommessa azzeccata. Soprattutto perch\u00e9 ha permesso a molti dei presenti di vivere per la prima volta un&#8217;esperienza [&hellip;]<\/p>\n","protected":false},"author":0,"featured_media":0,"parent":0,"menu_order":0,"comment_status":"closed","ping_status":"closed","template":"","meta":{"_acf_changed":false,"ip_address":"","user_agent":"","level":"","revision":"","cookie_id":"","page_referer":"","html_form":"","footnotes":""},"class_list":["post-3937","page","type-page","status-publish","hentry"],"acf":[],"_links":{"self":[{"href":"https:\/\/www.patriarcatovenezia.it\/pastorale-giovanile\/wp-json\/wp\/v2\/pages\/3937"}],"collection":[{"href":"https:\/\/www.patriarcatovenezia.it\/pastorale-giovanile\/wp-json\/wp\/v2\/pages"}],"about":[{"href":"https:\/\/www.patriarcatovenezia.it\/pastorale-giovanile\/wp-json\/wp\/v2\/types\/page"}],"author":[{"embeddable":true,"href":"https:\/\/www.patriarcatovenezia.it\/pastorale-giovanile\/wp-json\/wp\/v2\/users\/9"}],"replies":[{"embeddable":true,"href":"https:\/\/www.patriarcatovenezia.it\/pastorale-giovanile\/wp-json\/wp\/v2\/comments?post=3937"}],"version-history":[{"count":50,"href":"https:\/\/www.patriarcatovenezia.it\/pastorale-giovanile\/wp-json\/wp\/v2\/pages\/3937\/revisions"}],"predecessor-version":[{"id":4231,"href":"https:\/\/www.patriarcatovenezia.it\/pastorale-giovanile\/wp-json\/wp\/v2\/pages\/3937\/revisions\/4231"}],"wp:attachment":[{"href":"https:\/\/www.patriarcatovenezia.it\/pastorale-giovanile\/wp-json\/wp\/v2\/media?parent=3937"}],"curies":[{"name":"wp","href":"https:\/\/api.w.org\/{rel}","templated":true}]}}