{"id":403,"date":"2021-09-24T11:08:46","date_gmt":"2021-09-24T09:08:46","guid":{"rendered":"https:\/\/venezia.webdiocesi.it\/insegnamento-religione-cattolica\/?page_id=403"},"modified":"2024-01-29T22:46:59","modified_gmt":"2024-01-29T21:46:59","slug":"ripasso-generale","status":"publish","type":"page","link":"https:\/\/www.patriarcatovenezia.it\/insegnamento-religione-cattolica\/test-on-line\/ripasso-generale\/","title":{"rendered":"Ripasso generale"},"content":{"rendered":"<div id=\"pl-403\"  class=\"panel-layout\" ><div id=\"pg-403-0\"  class=\"panel-grid panel-no-style\" ><div id=\"pgc-403-0-0\"  class=\"panel-grid-cell\" ><div id=\"panel-403-0-0-0\" class=\"so-panel widget panel-first-child panel-last-child\" data-index=\"0\" ><\/div><\/div><div id=\"pgc-403-0-1\"  class=\"panel-grid-cell\" ><div id=\"panel-403-0-1-0\" class=\"so-panel widget widget_text panel-first-child panel-last-child\" data-index=\"1\" >\t\t\t<div class=\"textwidget\"><p><strong><a href=\"https:\/\/www.classtools.net\/arcade\/quiz--6_4FPiZ\">RELIGIONI NATURALI ANTICHE<\/a><\/strong><\/p>\n<p><strong><a href=\"http:\/\/classtools.net\/widgets\/quiz_8\/ysudo.htm\">BIBBIA (formazione, struttura)<\/a><\/strong><\/p>\n<p><strong><a href=\"http:\/\/classtools.net\/widgets\/quiz_0\/pPooR.htm\">ANTICO TESTAMENTO<\/a><\/strong><\/p>\n<p><strong><a href=\"http:\/\/classtools.net\/widgets\/quiz_5\/ufNnp.htm\">ABRAMO<\/a><\/strong><\/p>\n<p><strong><a href=\"http:\/\/s2ew.diocesivenezia.chiesacattolica.it\/s2ewdiocesivenezia\/s2magazine\/AllegatiTools\/1073\/frollo1.htm\">GIACOBBE E LE 12 TRIB\u00d9<\/a><\/strong><\/p>\n<p><strong><a href=\"http:\/\/classtools.net\/widgets\/quiz_2\/tQupb.htm\">GIUSEPPE<\/a><\/strong><\/p>\n<p><strong><a href=\"http:\/\/classtools.net\/widgets\/quiz_3\/ubiO5.htm\">MOS\u00c8<\/a><\/strong><\/p>\n<p><strong><a href=\"https:\/\/www.classtools.net\/arcade\/quiz--5_AQX2P\">L&#8217;ESODO E L&#8217;ALLEANZA SUL SINAI<\/a><\/strong><\/p>\n<p><strong><a href=\"http:\/\/classtools.net\/widgets\/quiz_0\/4PYY6.htm\">GIUDICI<\/a><\/strong><\/p>\n<\/div>\n\t\t<\/div><\/div><div id=\"pgc-403-0-2\"  class=\"panel-grid-cell\" ><div id=\"panel-403-0-2-0\" class=\"so-panel widget widget_text panel-first-child panel-last-child\" data-index=\"2\" >\t\t\t<div class=\"textwidget\"><p><strong><a href=\"http:\/\/classtools.net\/widgets\/quiz_2\/mD6ia.htm\">IL REGNO (DAVIDE E SALOMONE)<\/a><\/strong><\/p>\n<p><strong><a href=\"https:\/\/www.classtools.net\/arcade\/quiz--4_0M81x\">LA DIVISIONE DEL REGNO<\/a><\/strong><\/p>\n<p><strong><a href=\"http:\/\/classtools.net\/widgets\/quiz_3\/aNAXj.htm\">L&#8217;ESILIO<\/a><\/strong><\/p>\n<p><strong><a href=\"https:\/\/www.classtools.net\/arcade\/quiz--1_wyj4X\">I PROFETI<\/a><\/strong><\/p>\n<p><strong><a href=\"http:\/\/classtools.net\/widgets\/quiz_6\/8avgF.htm\">RITORNO IN PATRIA E LA DIASPORA<\/a><\/strong><\/p>\n<p><strong><a href=\"http:\/\/s2ew.diocesivenezia.chiesacattolica.it\/s2ewdiocesivenezia\/s2magazine\/AllegatiTools\/1073\/serra1.htm\">LA TERRA DI GES\u00d9<\/a><\/strong><\/p>\n<p><strong><a href=\"http:\/\/classtools.net\/widgets\/quiz_1\/cD372.htm\">LA SOCIET\u00c0 AL TEMPO DI GES\u00d9<\/a><\/strong><\/p>\n<p><strong>LE FONTI STORICHE SU GES\u00d9<\/strong><\/p>\n<p><a href=\"https:\/\/www.classtools.net\/arcade\/quiz--6_taMsN\"><strong>I VANGELI<\/strong><\/a><\/p>\n<\/div>\n\t\t<\/div><\/div><\/div><div id=\"pg-403-1\"  class=\"panel-grid panel-no-style\" ><div id=\"pgc-403-1-0\"  class=\"panel-grid-cell\" ><div id=\"panel-403-1-0-0\" class=\"so-panel widget widget_text panel-first-child panel-last-child\" data-index=\"3\" >\t\t\t<div class=\"textwidget\"><p><strong><a href=\"https:\/\/www.classtools.net\/arcade\/quiz--6_8Z4Df\">LA PREDICAZIONE DI GES\u00d9<\/a><\/strong><\/p>\n<p><strong><a href=\"https:\/\/www.classtools.net\/arcade\/quiz--2_3wx8u\">GES\u00d9 CHIAMA GLI APOSTOLI<\/a><\/strong><\/p>\n<p><a href=\"http:\/\/classtools.net\/widgets\/quiz_8\/kXWLB.htm\"><strong>PASSIONE, MORTE E RESURREZIONE DI GES\u00d9<\/strong><\/a><\/p>\n<p><a href=\"http:\/\/classtools.net\/widgets\/quiz_1\/JDfsT.htm\"><strong>GLI ATTI DEGLI APOSTOLI<\/strong><\/a><\/p>\n<p><a href=\"http:\/\/classtools.net\/widgets\/quiz_4\/eU6nr.htm\"><strong>PENTECOSTE: NASCITA DELLA CHIESA<\/strong><\/a><\/p>\n<p><a href=\"http:\/\/classtools.net\/widgets\/quiz_2\/thDgG.htm\"><strong>PIETRO<\/strong><\/a><\/p>\n<p><a href=\"http:\/\/classtools.net\/widgets\/quiz_2\/4c7hT.htm\"><strong>LA CHIESA: ORIGINI E ORGANIZZAZIONE<\/strong><\/a><\/p>\n<p><strong>CRISTIANESIMO E IMPERO ROMANO<\/strong><\/p>\n<p><a href=\"https:\/\/www.classtools.net\/arcade\/quiz--1_qI74x\"><strong>LE PERSECUZIONI<\/strong><\/a><\/p>\n<\/div>\n\t\t<\/div><\/div><div id=\"pgc-403-1-1\"  class=\"panel-grid-cell\" ><div id=\"panel-403-1-1-0\" class=\"so-panel widget widget_text panel-first-child panel-last-child\" data-index=\"4\" >\t\t\t<div class=\"textwidget\"><p><a href=\"https:\/\/www.classtools.net\/arcade\/quiz--0_QOjgG\"><strong>I SIMBOLI CRISTIANI<\/strong><\/a><\/p>\n<p><a href=\"https:\/\/www.classtools.net\/arcade\/quiz--5_eaaA0\"><strong>LE ERESIE E I PRIMI CONCILI<\/strong><\/a><\/p>\n<p><a href=\"https:\/\/www.classtools.net\/arcade\/quiz--6_MUWxk\"><strong>LA CHIESA E I POPOLI BARBARI<\/strong><\/a><\/p>\n<p><a href=\"https:\/\/www.classtools.net\/arcade\/quiz--5_KZnZs\"><strong>IL MONACHESIMO IN ORIENTE<\/strong><\/a><\/p>\n<p><a href=\"https:\/\/www.classtools.net\/arcade\/quiz--1_6Q1fx\"><strong>IL MONACHESIMO IN OCCIDENTE<\/strong><\/a><\/p>\n<p><a href=\"https:\/\/www.classtools.net\/arcade\/quiz--9_vD87k\"><strong>LE CATTEDRALI E LE UNIVERSIT\u00c0<\/strong><\/a><\/p>\n<p><a href=\"https:\/\/www.classtools.net\/arcade\/quiz--5_wWUPm\"><strong>LO SCISMA D&#8217;ORIENTE<\/strong><\/a><\/p>\n<p><a href=\"https:\/\/www.classtools.net\/arcade\/quiz--5_IsTYL\"><strong>I PELLEGRINAGGI<\/strong><\/a><\/p>\n<p><strong>LE CROCIATE<\/strong><\/p>\n<\/div>\n\t\t<\/div><\/div><div id=\"pgc-403-1-2\"  class=\"panel-grid-cell\" ><div id=\"panel-403-1-2-0\" class=\"so-panel widget widget_text panel-first-child panel-last-child\" data-index=\"5\" >\t\t\t<div class=\"textwidget\"><p><a href=\"https:\/\/www.classtools.net\/arcade\/quiz--18_SAN--FRANCESCO--nxFh2\"><strong>SAN FRANCESCO D&#8217;ASSISI<\/strong><\/a><\/p>\n<p><a href=\"https:\/\/www.classtools.net\/arcade\/quiz--1_upThd\"><strong>GLI ORDINI MENDICANTI<\/strong><\/a><\/p>\n<p><a href=\"https:\/\/www.classtools.net\/arcade\/quiz--2_MZdp2\"><strong>CHIESA E RIFORMA PROTESTANTE<\/strong><\/a><\/p>\n<p><a href=\"https:\/\/www.classtools.net\/arcade\/quiz--8_NnbG3\"><strong>I GESTI DELLA CHIESA<\/strong><\/a><\/p>\n<p><a href=\"https:\/\/www.classtools.net\/arcade\/quiz--4_vRGTz\"><strong>CHIESA E REGIMI TOTALITARI<\/strong><\/a><\/p>\n<p><a href=\"https:\/\/www.classtools.net\/arcade\/quiz--1_TRXhz\"><strong>IL CONCILIO VATICANO II<\/strong><\/a><\/p>\n<\/div>\n\t\t<\/div><\/div><\/div><div id=\"pg-403-2\"  class=\"panel-grid panel-no-style\" ><div id=\"pgc-403-2-0\"  class=\"panel-grid-cell\" ><div id=\"panel-403-2-0-0\" class=\"so-panel widget widget_text panel-first-child panel-last-child\" data-index=\"6\" ><div class=\"panel-widget-style panel-widget-style-for-403-2-0-0\" >\t\t\t<div class=\"textwidget\"><h3><strong><a href=\"https:\/\/venezia.webdiocesi.it\/insegnamento-religione-cattolica\/test-on-line\/\">&#8230;torna alla pagina iniziale di TEST ONLINE!<\/a><\/strong><\/h3>\n<\/div>\n\t\t<\/div><\/div><\/div><\/div><\/div>","protected":false},"excerpt":{"rendered":"<p>RELIGIONI NATURALI ANTICHE BIBBIA (formazione, struttura) ANTICO TESTAMENTO ABRAMO GIACOBBE E LE 12 TRIB\u00d9 GIUSEPPE MOS\u00c8 L&#8217;ESODO E L&#8217;ALLEANZA SUL SINAI GIUDICI IL REGNO (DAVIDE E SALOMONE) LA DIVISIONE DEL REGNO L&#8217;ESILIO I PROFETI RITORNO IN PATRIA E LA DIASPORA LA TERRA DI GES\u00d9 LA SOCIET\u00c0 AL TEMPO DI GES\u00d9 LE FONTI STORICHE SU GES\u00d9 [&hellip;]<\/p>\n","protected":false},"author":0,"featured_media":0,"parent":304,"menu_order":0,"comment_status":"closed","ping_status":"closed","template":"page-simple.php","meta":{"_acf_changed":false,"ip_address":"","user_agent":"","level":"","revision":"","cookie_id":"","page_referer":"","html_form":"","footnotes":""},"class_list":["post-403","page","type-page","status-publish","hentry"],"acf":[],"_links":{"self":[{"href":"https:\/\/www.patriarcatovenezia.it\/insegnamento-religione-cattolica\/wp-json\/wp\/v2\/pages\/403"}],"collection":[{"href":"https:\/\/www.patriarcatovenezia.it\/insegnamento-religione-cattolica\/wp-json\/wp\/v2\/pages"}],"about":[{"href":"https:\/\/www.patriarcatovenezia.it\/insegnamento-religione-cattolica\/wp-json\/wp\/v2\/types\/page"}],"author":[{"embeddable":true,"href":"https:\/\/www.patriarcatovenezia.it\/insegnamento-religione-cattolica\/wp-json\/wp\/v2\/users\/10"}],"replies":[{"embeddable":true,"href":"https:\/\/www.patriarcatovenezia.it\/insegnamento-religione-cattolica\/wp-json\/wp\/v2\/comments?post=403"}],"version-history":[{"count":9,"href":"https:\/\/www.patriarcatovenezia.it\/insegnamento-religione-cattolica\/wp-json\/wp\/v2\/pages\/403\/revisions"}],"predecessor-version":[{"id":426,"href":"https:\/\/www.patriarcatovenezia.it\/insegnamento-religione-cattolica\/wp-json\/wp\/v2\/pages\/403\/revisions\/426"}],"up":[{"embeddable":true,"href":"https:\/\/www.patriarcatovenezia.it\/insegnamento-religione-cattolica\/wp-json\/wp\/v2\/pages\/304"}],"wp:attachment":[{"href":"https:\/\/www.patriarcatovenezia.it\/insegnamento-religione-cattolica\/wp-json\/wp\/v2\/media?parent=403"}],"curies":[{"name":"wp","href":"https:\/\/api.w.org\/{rel}","templated":true}]}}