{"id":4308,"date":"2023-10-16T11:47:37","date_gmt":"2023-10-16T09:47:37","guid":{"rendered":"https:\/\/venezia.webdiocesi.it\/Evangelizzazione-e-Catechesi\/?page_id=4308"},"modified":"2023-10-16T16:05:09","modified_gmt":"2023-10-16T14:05:09","slug":"io-saro-con-te-percorso-in-sei-schede-per-i-gruppi-catechisti","status":"publish","type":"page","link":"https:\/\/www.patriarcatovenezia.it\/evangelizzazione-e-catechesi\/attivita\/io-saro-con-te-percorso-in-sei-schede-per-i-gruppi-catechisti\/","title":{"rendered":"IO SARO&#8217; CON TE &#8211; percorso in sei schede per i gruppi catechisti"},"content":{"rendered":"<p>Negli incontri zonali vissuti a maggio 2023 il Patriarca Francesco ha presentato il Ministero istituito del catechista invitandoci a riprendere in mano alcuni racconti biblici di persone chiamate da Dio a collaborare nella storia della Salvezza e nell\u2019annuncio del Vangelo.<\/p>\n<p>Queste storie di <em>vocazione<\/em>, ci diceva, hanno una dinamica ricorrente, sono caratterizzate da una resistenza profondamente umana che nasce dalla sproporzione percepita tra le nostre povere persone e la grandezza del disegno di Dio. Egli vince queste resistenze, non forzando mai la libert\u00e0, ma garantendo la sua presenza al nostro fianco! Rileggere le vicende di <strong>Abramo, Mos\u00e8, Elia, Davide, Geremia, Pietro\u2026<\/strong> ci far\u00e0 capire meglio i criteri secondo i quali il Signore sceglie (che sappiamo bene non essere i nostri) e come non abbia mai la pretesa di avere davanti a s\u00e9 uomini e donne senza difetti per assegnare loro un compito.<\/p>\n<p>Abbiamo quindi pensato di cogliere questo suggerimento del Patriarca, agevolando il lavoro con sei schede &#8211; raccolte in un percorso dal titolo <strong>IO SAR\u00d2 CON TE<\/strong> &#8211; messe a disposizione di tutti i gruppi catechisti nelle parrocchie o nelle collaborazioni, proseguendo cos\u00ec ci\u00f2 che si \u00e8 iniziato nelle giornate formative diocesane svolte tra settembre\/ottobre.<\/p>\n<p>Un grazie particolare a don Paolo Ferrazzo, Direttore dell&#8217;Ufficio Missioni, per la sua preziosa collaborazione.<\/p>\n<p>Scaricabili da qui sotto la presentazione, con i consigli per l&#8217;uso, e le 6 schede:<\/p>\n<ul>\n<li><a href=\"https:\/\/venezia.webdiocesi.it\/Evangelizzazione-e-Catechesi\/wp-content\/uploads\/sites\/17\/2023\/10\/presentazione_IO_SARO_CON_TE.pdf\" target=\"_blank\" rel=\"noopener\"><strong>Presentazione<\/strong><\/a><\/li>\n<li><strong><a href=\"https:\/\/venezia.webdiocesi.it\/Evangelizzazione-e-Catechesi\/wp-content\/uploads\/sites\/17\/2023\/10\/1.schedaABRAMO.pdf\" target=\"_blank\" rel=\"noopener\">ABRAMO: LA PATERNIT\u00c0<\/a><\/strong><\/li>\n<li><strong><a href=\"https:\/\/venezia.webdiocesi.it\/Evangelizzazione-e-Catechesi\/wp-content\/uploads\/sites\/17\/2023\/10\/2.schedaMOSE.pdf\" target=\"_blank\" rel=\"noopener\">MOS\u00c9: LA GUIDA DI UN POPOLO<\/a><\/strong><\/li>\n<li><strong><a href=\"https:\/\/venezia.webdiocesi.it\/Evangelizzazione-e-Catechesi\/wp-content\/uploads\/sites\/17\/2023\/10\/3.schedaELIA.pdf\" target=\"_blank\" rel=\"noopener\">ELIA: IL FUOCO DELLA MISSIONE<\/a><\/strong><\/li>\n<li><strong><a href=\"https:\/\/venezia.webdiocesi.it\/Evangelizzazione-e-Catechesi\/wp-content\/uploads\/sites\/17\/2023\/10\/4.schedaDAVIDE.pdf\" target=\"_blank\" rel=\"noopener\">DAVIDE: LA FIDUCIA IN DIO<\/a><\/strong><\/li>\n<li><strong><a href=\"https:\/\/venezia.webdiocesi.it\/Evangelizzazione-e-Catechesi\/wp-content\/uploads\/sites\/17\/2023\/10\/5.schedaGEREMIA.pdf\" target=\"_blank\" rel=\"noopener\">GEREMIA: IL SERVIZIO ALLA PAROLA<\/a><\/strong><\/li>\n<li><strong><a href=\"https:\/\/venezia.webdiocesi.it\/Evangelizzazione-e-Catechesi\/wp-content\/uploads\/sites\/17\/2023\/10\/6.schedaPIETRO.pdf\" target=\"_blank\" rel=\"noopener\">PIETRO: LA COMUNIONE<\/a><\/strong><\/li>\n<\/ul>\n","protected":false},"excerpt":{"rendered":"<p>Negli incontri zonali vissuti a maggio 2023 il Patriarca Francesco ha presentato il Ministero istituito del catechista invitandoci a riprendere in mano alcuni racconti biblici di persone chiamate da Dio a collaborare nella storia della Salvezza e nell\u2019annuncio del Vangelo. Queste storie di vocazione, ci diceva, hanno una dinamica ricorrente, sono caratterizzate da una resistenza [&hellip;]<\/p>\n","protected":false},"author":0,"featured_media":4316,"parent":2158,"menu_order":0,"comment_status":"closed","ping_status":"closed","template":"","meta":{"_acf_changed":false,"ip_address":"","user_agent":"","level":"","revision":"","cookie_id":"","page_referer":"","html_form":"","footnotes":""},"class_list":["post-4308","page","type-page","status-publish","has-post-thumbnail","hentry"],"acf":[],"_links":{"self":[{"href":"https:\/\/www.patriarcatovenezia.it\/evangelizzazione-e-catechesi\/wp-json\/wp\/v2\/pages\/4308"}],"collection":[{"href":"https:\/\/www.patriarcatovenezia.it\/evangelizzazione-e-catechesi\/wp-json\/wp\/v2\/pages"}],"about":[{"href":"https:\/\/www.patriarcatovenezia.it\/evangelizzazione-e-catechesi\/wp-json\/wp\/v2\/types\/page"}],"author":[{"embeddable":true,"href":"https:\/\/www.patriarcatovenezia.it\/evangelizzazione-e-catechesi\/wp-json\/wp\/v2\/users\/9"}],"replies":[{"embeddable":true,"href":"https:\/\/www.patriarcatovenezia.it\/evangelizzazione-e-catechesi\/wp-json\/wp\/v2\/comments?post=4308"}],"version-history":[{"count":9,"href":"https:\/\/www.patriarcatovenezia.it\/evangelizzazione-e-catechesi\/wp-json\/wp\/v2\/pages\/4308\/revisions"}],"predecessor-version":[{"id":4332,"href":"https:\/\/www.patriarcatovenezia.it\/evangelizzazione-e-catechesi\/wp-json\/wp\/v2\/pages\/4308\/revisions\/4332"}],"up":[{"embeddable":true,"href":"https:\/\/www.patriarcatovenezia.it\/evangelizzazione-e-catechesi\/wp-json\/wp\/v2\/pages\/2158"}],"wp:featuredmedia":[{"embeddable":true,"href":"https:\/\/www.patriarcatovenezia.it\/evangelizzazione-e-catechesi\/wp-json\/wp\/v2\/media\/4316"}],"wp:attachment":[{"href":"https:\/\/www.patriarcatovenezia.it\/evangelizzazione-e-catechesi\/wp-json\/wp\/v2\/media?parent=4308"}],"curies":[{"name":"wp","href":"https:\/\/api.w.org\/{rel}","templated":true}]}}