{"id":3844,"date":"2021-11-24T14:26:22","date_gmt":"2021-11-24T13:26:22","guid":{"rendered":"https:\/\/venezia.webdiocesi.it\/Evangelizzazione-e-Catechesi\/?page_id=3844"},"modified":"2021-11-29T14:28:57","modified_gmt":"2021-11-29T13:28:57","slug":"incontro-della-carita-2021","status":"publish","type":"page","link":"https:\/\/www.patriarcatovenezia.it\/evangelizzazione-e-catechesi\/attivita\/incontro-della-carita-2021\/","title":{"rendered":"Incontro della carit\u00e0 2021"},"content":{"rendered":"<div id=\"pl-3844\"  class=\"panel-layout\" ><div id=\"pg-3844-0\"  class=\"panel-grid panel-no-style\" ><div id=\"pgc-3844-0-0\"  class=\"panel-grid-cell\" ><div id=\"panel-3844-0-0-0\" class=\"so-panel widget panel-first-child panel-last-child\" data-index=\"0\" ><\/div><\/div><div id=\"pgc-3844-0-1\"  class=\"panel-grid-cell\" ><div id=\"panel-3844-0-1-0\" class=\"so-panel widget widget_text panel-first-child\" data-index=\"1\" ><div class=\"panel-widget-style panel-widget-style-for-3844-0-1-0\" >\t\t\t<div class=\"textwidget\"><p><strong>CHE COS&#8217;\u00c8 L&#8217;INCONTRO DELLA CARIT\u00c0?<br \/>\n<\/strong>Si tratta del tradizionale appuntamento diocesano al termine del percorso di Avvento, proposto da vari Uffici pastorali ai bambini della scuola primaria, attraverso le parrocchie. Lo scopo principale \u00e8 prepararsi a vivere il Santo Natale con gesti di attenzione verso i fratelli pi\u00f9 poveri.<\/p>\n<p><strong>A CHI \u00c8 RIVOLTO?<\/strong><br \/>\nL&#8217;incontro della carit\u00e0 \u00e8 rivolto quest&#8217;anno alle <strong>famiglie con bambini dai 6 ai 10 anni<\/strong>.<br \/>\n<strong><br \/>\nCOME POSSIAMO PARTECIPARE?<\/strong><br \/>\nCi si pu\u00f2 iscrivere come &#8220;singola famiglia&#8221; o come piccolo &#8220;gruppo di famiglie&#8221;, coordinandosi con i catechisti e i sacerdoti. VEDI sotto il MODULO DI PARTECIPAZIONE<br \/>\nLa presenza nella Basilica di San Marco deve rispondere alle norme anti-Covid vigenti, perci\u00f2 l&#8217;iscrizione all&#8217;incontro permette anche di <strong>prenotare il posto in Basilica<\/strong>, fino ai limiti consentiti.<br \/>\n<strong><br \/>\nCOME SI SVOLGE IL POMERIGGIO del 19 dicembre?<\/strong><br \/>\nL&#8217;appuntamento \u00e8 diviso in due parti:<br \/>\n<em><strong>1^ parte &#8211; dalle 14.00 alle 16.00:<\/strong>\u00a0itinerari suggeriti per arrivare a San Marco che portino alla scoperta di luoghi e figure storiche della carit\u00e0 veneziana. Nei <strong>punti di partenza<\/strong> del Centro-storico, in base alla provenienza, sar\u00e0 consegnato il materiale ai partecipanti (mappa e indicazioni).<\/em><br \/>\n<em><strong>2^ parte &#8211; dalle 16.00 alle 16.45<\/strong>: momento in Basilica con il Patriarca Francesco (racconti, preghiere, canti e animazione)\u00a0<\/em><\/p>\n<p><strong>SE HAI LETTO TUTTO E QUALCOSA ANCORA NON TI\u00a0\u00c8 CHIARO&#8230; SCRIVI A: catechistico@patriarcatovenezia.it\u00a0<\/strong><\/p>\n<\/div>\n\t\t<\/div><\/div><div id=\"panel-3844-0-1-1\" class=\"so-panel widget widget_siteorigin-panels-builder panel-last-child\" data-index=\"2\" ><div id=\"pl-w61a4d5993c652\"  class=\"panel-layout\" ><div id=\"pg-w61a4d5993c652-0\"  class=\"panel-grid panel-no-style\" ><div id=\"pgc-w61a4d5993c652-0-0\"  class=\"panel-grid-cell\" ><div id=\"panel-w61a4d5993c652-0-0-0\" class=\"so-panel widget panel-first-child\" data-index=\"0\" ><\/div><div id=\"panel-w61a4d5993c652-0-0-1\" class=\"so-panel widget panel-last-child\" data-index=\"1\" ><\/div><\/div><div id=\"pgc-w61a4d5993c652-0-1\"  class=\"panel-grid-cell\" ><div id=\"panel-w61a4d5993c652-0-1-0\" class=\"so-panel widget panel-first-child\" data-index=\"2\" ><\/div><div id=\"panel-w61a4d5993c652-0-1-1\" class=\"so-panel widget panel-last-child\" data-index=\"3\" ><\/div><\/div><\/div><\/div><\/div><\/div><\/div><\/div>","protected":false},"excerpt":{"rendered":"<p>CHE COS&#8217;\u00c8 L&#8217;INCONTRO DELLA CARIT\u00c0? Si tratta del tradizionale appuntamento diocesano al termine del percorso di Avvento, proposto da vari Uffici pastorali ai bambini della scuola primaria, attraverso le parrocchie. Lo scopo principale \u00e8 prepararsi a vivere il Santo Natale con gesti di attenzione verso i fratelli pi\u00f9 poveri. A CHI \u00c8 RIVOLTO? L&#8217;incontro della [&hellip;]<\/p>\n","protected":false},"author":0,"featured_media":0,"parent":2158,"menu_order":0,"comment_status":"closed","ping_status":"closed","template":"page-full-width.php","meta":{"_acf_changed":false,"ip_address":"","user_agent":"","level":"","revision":"","cookie_id":"","page_referer":"","html_form":"","footnotes":""},"class_list":["post-3844","page","type-page","status-publish","hentry"],"acf":[],"_links":{"self":[{"href":"https:\/\/www.patriarcatovenezia.it\/evangelizzazione-e-catechesi\/wp-json\/wp\/v2\/pages\/3844"}],"collection":[{"href":"https:\/\/www.patriarcatovenezia.it\/evangelizzazione-e-catechesi\/wp-json\/wp\/v2\/pages"}],"about":[{"href":"https:\/\/www.patriarcatovenezia.it\/evangelizzazione-e-catechesi\/wp-json\/wp\/v2\/types\/page"}],"author":[{"embeddable":true,"href":"https:\/\/www.patriarcatovenezia.it\/evangelizzazione-e-catechesi\/wp-json\/wp\/v2\/users\/9"}],"replies":[{"embeddable":true,"href":"https:\/\/www.patriarcatovenezia.it\/evangelizzazione-e-catechesi\/wp-json\/wp\/v2\/comments?post=3844"}],"version-history":[{"count":16,"href":"https:\/\/www.patriarcatovenezia.it\/evangelizzazione-e-catechesi\/wp-json\/wp\/v2\/pages\/3844\/revisions"}],"predecessor-version":[{"id":3870,"href":"https:\/\/www.patriarcatovenezia.it\/evangelizzazione-e-catechesi\/wp-json\/wp\/v2\/pages\/3844\/revisions\/3870"}],"up":[{"embeddable":true,"href":"https:\/\/www.patriarcatovenezia.it\/evangelizzazione-e-catechesi\/wp-json\/wp\/v2\/pages\/2158"}],"wp:attachment":[{"href":"https:\/\/www.patriarcatovenezia.it\/evangelizzazione-e-catechesi\/wp-json\/wp\/v2\/media?parent=3844"}],"curies":[{"name":"wp","href":"https:\/\/api.w.org\/{rel}","templated":true}]}}