{"id":3137,"date":"2020-03-30T12:16:49","date_gmt":"2020-03-30T10:16:49","guid":{"rendered":"https:\/\/venezia.webdiocesi.it\/Evangelizzazione-e-Catechesi\/?page_id=3137"},"modified":"2020-04-11T12:14:22","modified_gmt":"2020-04-11T10:14:22","slug":"ragazzi-e-pasqua-il-triduo-pasquale-con-le-opere-di-tintoretto","status":"publish","type":"page","link":"https:\/\/www.patriarcatovenezia.it\/evangelizzazione-e-catechesi\/attivita\/ragazzi-e-pasqua-il-triduo-pasquale-con-le-opere-di-tintoretto\/","title":{"rendered":"RAGAZZI&#8230; \u00c8 PASQUA! Il triduo pasquale con le opere di Tintoretto"},"content":{"rendered":"<div id=\"pl-3137\"  class=\"panel-layout\" ><div id=\"pg-3137-0\"  class=\"panel-grid panel-no-style\" ><div id=\"pgc-3137-0-0\"  class=\"panel-grid-cell\" ><div id=\"panel-3137-0-0-0\" class=\"so-panel widget panel-first-child panel-last-child\" data-index=\"0\" ><div class=\"panel-widget-style panel-widget-style-for-3137-0-0-0\" ><\/div><\/div><\/div><\/div><div id=\"pg-3137-1\"  class=\"panel-grid panel-has-style\" ><div class=\"panel-row-style panel-row-style-for-3137-1\" ><div id=\"pgc-3137-1-0\"  class=\"panel-grid-cell\" ><div id=\"panel-3137-1-0-0\" class=\"so-panel widget widget_media_video panel-first-child\" data-index=\"1\" ><div class=\"panel-widget-style panel-widget-style-for-3137-1-0-0\" ><h3 class=\"widget-title\">Gioved\u00ec Santo<\/h3><div style=\"width:100%;\" class=\"wp-video\"><!--[if lt IE 9]><script>document.createElement('video');<\/script><![endif]-->\n<video class=\"wp-video-shortcode\" id=\"video-3137-1\" preload=\"metadata\" controls=\"controls\"><source type=\"video\/youtube\" src=\"https:\/\/www.youtube.com\/watch?v=-bFAqb9LXl8&#038;_=1\" \/><a href=\"https:\/\/www.youtube.com\/watch?v=-bFAqb9LXl8\">https:\/\/www.youtube.com\/watch?v=-bFAqb9LXl8<\/a><\/video><\/div><\/div><\/div><div id=\"panel-3137-1-0-1\" class=\"so-panel widget widget_text panel-last-child\" data-index=\"2\" ><div class=\"panel-widget-style panel-widget-style-for-3137-1-0-1\" >\t\t\t<div class=\"textwidget\"><p><strong><a href=\"https:\/\/venezia.webdiocesi.it\/Evangelizzazione-e-Catechesi\/wp-content\/uploads\/sites\/17\/2020\/03\/GIOCHI_giovedi_santo.pdf\" target=\"_blank\" rel=\"noopener\">GIOCHI &#8211; <em>Ultima cena<\/em><\/a><\/strong><\/p>\n<\/div>\n\t\t<\/div><\/div><\/div><div id=\"pgc-3137-1-1\"  class=\"panel-grid-cell\" ><div id=\"panel-3137-1-1-0\" class=\"so-panel widget widget_media_video panel-first-child\" data-index=\"3\" ><div class=\"panel-widget-style panel-widget-style-for-3137-1-1-0\" ><h3 class=\"widget-title\">Venerd\u00ec Santo<\/h3><div style=\"width:100%;\" class=\"wp-video\"><video class=\"wp-video-shortcode\" id=\"video-3137-2\" preload=\"metadata\" controls=\"controls\"><source type=\"video\/youtube\" src=\"https:\/\/www.youtube.com\/watch?v=3zA8tN4zPJk&#038;_=2\" \/><a href=\"https:\/\/www.youtube.com\/watch?v=3zA8tN4zPJk\">https:\/\/www.youtube.com\/watch?v=3zA8tN4zPJk<\/a><\/video><\/div><\/div><\/div><div id=\"panel-3137-1-1-1\" class=\"so-panel widget widget_text panel-last-child\" data-index=\"4\" ><div class=\"panel-widget-style panel-widget-style-for-3137-1-1-1\" >\t\t\t<div class=\"textwidget\"><p><strong><a href=\"https:\/\/venezia.webdiocesi.it\/Evangelizzazione-e-Catechesi\/wp-content\/uploads\/sites\/17\/2020\/03\/GIOCHI_venerdi_santo.pdf\" target=\"_blank\" rel=\"noopener\">GIOCHI &#8211; <em>Crocifissione<\/em><\/a><\/strong><\/p>\n<\/div>\n\t\t<\/div><\/div><\/div><div id=\"pgc-3137-1-2\"  class=\"panel-grid-cell\" ><div id=\"panel-3137-1-2-0\" class=\"so-panel widget widget_media_video panel-first-child\" data-index=\"5\" ><div class=\"panel-widget-style panel-widget-style-for-3137-1-2-0\" ><h3 class=\"widget-title\">Sabato Santo<\/h3><div style=\"width:100%;\" class=\"wp-video\"><video class=\"wp-video-shortcode\" id=\"video-3137-3\" preload=\"metadata\" controls=\"controls\"><source type=\"video\/youtube\" src=\"https:\/\/www.youtube.com\/watch?v=3cMuHnyzjzE&#038;_=3\" \/><a href=\"https:\/\/www.youtube.com\/watch?v=3cMuHnyzjzE\">https:\/\/www.youtube.com\/watch?v=3cMuHnyzjzE<\/a><\/video><\/div><\/div><\/div><div id=\"panel-3137-1-2-1\" class=\"so-panel widget widget_text panel-last-child\" data-index=\"6\" ><div class=\"panel-widget-style panel-widget-style-for-3137-1-2-1\" >\t\t\t<div class=\"textwidget\"><p><strong><a href=\"https:\/\/venezia.webdiocesi.it\/Evangelizzazione-e-Catechesi\/wp-content\/uploads\/sites\/17\/2020\/03\/GIOCHI_sabato_santo.pdf\" target=\"_blank\" rel=\"noopener\">GIOCHI &#8211; <em>Deposizione<\/em><\/a><\/strong><\/p>\n<\/div>\n\t\t<\/div><\/div><\/div><div id=\"pgc-3137-1-3\"  class=\"panel-grid-cell\" ><div id=\"panel-3137-1-3-0\" class=\"so-panel widget widget_media_video panel-first-child\" data-index=\"7\" ><div class=\"panel-widget-style panel-widget-style-for-3137-1-3-0\" ><h3 class=\"widget-title\">Domenica di Pasqua<\/h3><div style=\"width:100%;\" class=\"wp-video\"><video class=\"wp-video-shortcode\" id=\"video-3137-4\" preload=\"metadata\" controls=\"controls\"><source type=\"video\/youtube\" src=\"https:\/\/www.youtube.com\/watch?v=IvCqKIoiGTM&#038;_=4\" \/><a href=\"https:\/\/www.youtube.com\/watch?v=IvCqKIoiGTM\">https:\/\/www.youtube.com\/watch?v=IvCqKIoiGTM<\/a><\/video><\/div><\/div><\/div><div id=\"panel-3137-1-3-1\" class=\"so-panel widget widget_text panel-last-child\" data-index=\"8\" ><div class=\"panel-widget-style panel-widget-style-for-3137-1-3-1\" >\t\t\t<div class=\"textwidget\"><p><strong><a href=\"https:\/\/venezia.webdiocesi.it\/Evangelizzazione-e-Catechesi\/wp-content\/uploads\/sites\/17\/2020\/03\/GIOCHI_domenica_di_pasqua.pdf\" target=\"_blank\" rel=\"noopener\">GIOCHI &#8211; <em>Risurrezione<\/em><\/a><\/strong><\/p>\n<\/div>\n\t\t<\/div><\/div><\/div><\/div><\/div><div id=\"pg-3137-2\"  class=\"panel-grid panel-no-style\" ><div id=\"pgc-3137-2-0\"  class=\"panel-grid-cell\" ><div id=\"panel-3137-2-0-0\" class=\"so-panel widget widget_text panel-first-child panel-last-child\" data-index=\"9\" >\t\t\t<div class=\"textwidget\"><p>L&#8217;emergenza covid-19 ci ha fatto vivere una quaresima &#8220;straordinaria&#8221;, in tutti i sensi, che ricorderemo per molto tempo&#8230; ora che si avvicina la settimana santa, vorremmo aiutare i nostri bambini e ragazzi a non perdere la ricchezza del tempo liturgico che ci viene comunque donato. Verr\u00e0 necessariamente a mancare alla comunit\u00e0 cristiana la celebrazione comunitaria di tutti i riti del triduo pasquale e noi sappiamo come una comunit\u00e0 reale che celebra e vive la Pasqua sia una insostituibile fonte per l&#8217;iniziazione cristiana dei nostri ragazzi. Consapevoli di questo, vorremmo offrire loro, tramite i catechisti e le famiglie, un piccolo accompagnamento che possa comunque aiutarli ogni giorno a soffermarsi sul mistero pasquale e a coglierne il valore per la propria vita.<\/p>\n<p>Lo strumento che mettiamo a disposizione,\u00a0 sono questi <strong>4 video di 5 minuti l&#8217;uno<\/strong> che, attraverso altrettante opere di <strong>Jacopo Tintoretto<\/strong>, siano da stimolo ai bambini e ai ragazzi <strong>per vivere ogni giorno del triduo<\/strong> un momento di catechesi e riflessione. Ogni giornata \u00e8 poi accompagnata anche da una scheda con alcuni giochi che si possono scaricare sotto il video, per continuare ad approfondire il messaggio del Vangelo o dell&#8217;opera d&#8217;arte stessa.<\/p>\n<p><em>N.B.: sono pensati per la fascia 7-10, ma si possono proporre anche ai primi anni delle medie (ciascun catechista valuti in base ai propri ragazzi).<\/em><\/p>\n<p>Speriamo possa essere uno strumento utile e apprezzato anche per il contenuto artistico-culturale e invogliare qualcuno (appena potremo tornare a godere del patrimonio artistico veneziano dal vivo!) ad andare a vedere di persona l&#8217;opera presentata.<\/p>\n<p><img loading=\"lazy\" decoding=\"async\" class=\" wp-image-1244 alignleft\" src=\"https:\/\/venezia.webdiocesi.it\/Evangelizzazione-e-Catechesi\/wp-content\/uploads\/sites\/17\/2016\/01\/mano_che_indica20Dx.gif\" alt=\"\" width=\"58\" height=\"39\" \/>Vi segnaliamo, inoltre, il<strong> <a href=\"https:\/\/venezia.webdiocesi.it\/Evangelizzazione-e-Catechesi\/wp-content\/uploads\/sites\/17\/2020\/03\/triduo_Marango_-2020-.pdf\">SUSSIDIO per IL TRIDUO PASQUALE in FAMIGLIA<\/a>\u00a0<\/strong>a cura della Comunit\u00e0 monastica di Marango.<\/p>\n<p><strong> \u00a0BUONA SANTA PASQUA A TUTTI!!!<\/strong><\/p>\n<\/div>\n\t\t<\/div><\/div><\/div><div id=\"pg-3137-3\"  class=\"panel-grid panel-no-style\" ><div id=\"pgc-3137-3-0\"  class=\"panel-grid-cell\" ><div id=\"panel-3137-3-0-0\" class=\"so-panel widget widget_text panel-first-child\" data-index=\"10\" ><div class=\"panel-widget-style panel-widget-style-for-3137-3-0-0\" >\t\t\t<div class=\"textwidget\"><p><img loading=\"lazy\" decoding=\"async\" class=\" wp-image-3224 alignleft\" src=\"https:\/\/venezia.webdiocesi.it\/Evangelizzazione-e-Catechesi\/wp-content\/uploads\/sites\/17\/2020\/04\/soluzioni_uovo-229x300.png\" alt=\"\" width=\"144\" height=\"189\" \/><\/p>\n<p>SORPRESA (annunciata)&#8230; le <strong><a href=\"https:\/\/venezia.webdiocesi.it\/Evangelizzazione-e-Catechesi\/wp-content\/uploads\/sites\/17\/2020\/04\/soluzioni_giochi.pdf\">SOLUZIONI dei GIOCHI<\/a><\/strong><\/p>\n<p>Speriamo tu abbia potuto vivere con fede e con gioia questi giorni assieme a noi.<br \/>\nBUONA SANTA PASQUA!!!<\/p>\n<p>Marietta &amp; C.<\/p>\n<\/div>\n\t\t<\/div><\/div><div id=\"panel-3137-3-0-1\" class=\"so-panel widget widget_text panel-last-child\" data-index=\"11\" >\t\t\t<div class=\"textwidget\"><p><a href=\"http:\/\/www.marcianumpress.it\/libri\/tintoretto-pittore-e-regista\" target=\"_blank\" rel=\"noopener\"><img loading=\"lazy\" decoding=\"async\" class=\"alignleft wp-image-3177\" src=\"https:\/\/venezia.webdiocesi.it\/Evangelizzazione-e-Catechesi\/wp-content\/uploads\/sites\/17\/2020\/03\/cop_libro-210x300.jpg\" alt=\"\" width=\"93\" height=\"132\" \/><\/a>I testi di presentazione delle opere di Tintoretto e i giochi collegati, sono tratti dal libro<br \/>\n<em><strong>&#8220;TINTORETTO. PITTORE E REGISTA&#8221;<\/strong>,<\/em><br \/>\ncurato da E. Brunet, A. Marchiori, M. Voltan.<br \/>\nLe\u00a0illustrazioni di Marietta sono di Saverio Nardella<br \/>\ned. <em>Marcianum Press<\/em>, 2018.<\/p>\n<p>&nbsp;<\/p>\n<\/div>\n\t\t<\/div><\/div><\/div><div id=\"pg-3137-4\"  class=\"panel-grid panel-no-style\" ><div id=\"pgc-3137-4-0\"  class=\"panel-grid-cell panel-grid-cell-empty\" ><\/div><\/div><\/div>","protected":false},"excerpt":{"rendered":"<p>GIOCHI &#8211; Ultima cena GIOCHI &#8211; Crocifissione GIOCHI &#8211; Deposizione GIOCHI &#8211; Risurrezione<\/p>\n","protected":false},"author":0,"featured_media":0,"parent":2158,"menu_order":0,"comment_status":"closed","ping_status":"closed","template":"","meta":{"_acf_changed":false,"ip_address":"","user_agent":"","level":"","revision":"","cookie_id":"","page_referer":"","html_form":"","footnotes":""},"class_list":["post-3137","page","type-page","status-publish","hentry"],"acf":[],"_links":{"self":[{"href":"https:\/\/www.patriarcatovenezia.it\/evangelizzazione-e-catechesi\/wp-json\/wp\/v2\/pages\/3137"}],"collection":[{"href":"https:\/\/www.patriarcatovenezia.it\/evangelizzazione-e-catechesi\/wp-json\/wp\/v2\/pages"}],"about":[{"href":"https:\/\/www.patriarcatovenezia.it\/evangelizzazione-e-catechesi\/wp-json\/wp\/v2\/types\/page"}],"author":[{"embeddable":true,"href":"https:\/\/www.patriarcatovenezia.it\/evangelizzazione-e-catechesi\/wp-json\/wp\/v2\/users\/9"}],"replies":[{"embeddable":true,"href":"https:\/\/www.patriarcatovenezia.it\/evangelizzazione-e-catechesi\/wp-json\/wp\/v2\/comments?post=3137"}],"version-history":[{"count":30,"href":"https:\/\/www.patriarcatovenezia.it\/evangelizzazione-e-catechesi\/wp-json\/wp\/v2\/pages\/3137\/revisions"}],"predecessor-version":[{"id":3233,"href":"https:\/\/www.patriarcatovenezia.it\/evangelizzazione-e-catechesi\/wp-json\/wp\/v2\/pages\/3137\/revisions\/3233"}],"up":[{"embeddable":true,"href":"https:\/\/www.patriarcatovenezia.it\/evangelizzazione-e-catechesi\/wp-json\/wp\/v2\/pages\/2158"}],"wp:attachment":[{"href":"https:\/\/www.patriarcatovenezia.it\/evangelizzazione-e-catechesi\/wp-json\/wp\/v2\/media?parent=3137"}],"curies":[{"name":"wp","href":"https:\/\/api.w.org\/{rel}","templated":true}]}}