{"id":2715,"date":"2019-08-08T15:57:45","date_gmt":"2019-08-08T13:57:45","guid":{"rendered":"https:\/\/venezia.webdiocesi.it\/Evangelizzazione-e-Catechesi\/?page_id=2715"},"modified":"2019-09-02T15:17:46","modified_gmt":"2019-09-02T13:17:46","slug":"giornata-di-formazione-catechisti-2019","status":"publish","type":"page","link":"https:\/\/www.patriarcatovenezia.it\/evangelizzazione-e-catechesi\/archivio-attivita\/formazione-catechisti-a-p-2020-2021\/giornata-di-formazione-catechisti-2019\/","title":{"rendered":"Giornata di formazione catechisti 2019"},"content":{"rendered":"<p style=\"text-align: justify\">Dopo un paio di anni in cui abbiamo vissuto dei momenti diocesani speciali attorno al nostro Patriarca (2017 e 2018) con tematiche trasversali che interessavano tutti gli educatori alla fede, in quest&#8217;anno pastorale verr\u00e0 ripresa la tradizionale proposta delle giornate di formazione catechisti, anche se condensate in un&#8217;unica giornata per zona (o in tre serate come nel Litorale).<\/p>\n<p>Ecco il calendario:<\/p>\n<h6><span style=\"color: #800000\"><strong>ZONA DI MESTRE\/MARGHERA <\/strong><\/span><\/h6>\n<p><strong>SABATO 14 settembre<\/strong> &#8211; ore 9.00\/17.30\u00a0\u21d2 <em>Centro Pastorale &#8220;Card. G. Urbani&#8221;<\/em><\/p>\n<h6><span style=\"color: #800000\"><strong>ZONA DI VENEZIA e ISOLE<\/strong><\/span><\/h6>\n<p><strong>SABATO 21 settembre\u00a0<\/strong>&#8211; ore 9.00\/17.30\u00a0\u21d2 <em>Parrocchia dei Frari<\/em><\/p>\n<h6><span style=\"color: #800000\"><strong>ZONA DI GAMBARARE<\/strong><\/span><\/h6>\n<p><strong>DOMENICA 22 settembre<\/strong> &#8211;\u00a0ore 9.00\/17.30\u00a0\u21d2 <em>Parrocchia di San Giovanni Battista<\/em><\/p>\n<h6><span style=\"color: #800000\"><strong>ZONA DEL LITORALE<\/strong><\/span><\/h6>\n<p><strong>8 &#8211; 9 &#8211; 10 ottobre <\/strong>&#8211; ore 20.45\/22.15\u00a0\u21d2 <em>Parrocchia di S. Maria Concetta<\/em><\/p>\n<p><strong><img loading=\"lazy\" decoding=\"async\" class=\" wp-image-2719 alignleft\" src=\"https:\/\/venezia.webdiocesi.it\/Evangelizzazione-e-Catechesi\/wp-content\/uploads\/sites\/17\/2019\/08\/banner_GGcat2019-300x197.png\" alt=\"\" width=\"363\" height=\"238\" \/>Le giornate catechistiche<\/strong> nelle 4 diverse zone pastorali, si concentreranno sull\u2019accompagnamento delle famiglie da parte dei catechisti e dell\u2019intera comunit\u00e0 cristiana. L\u2019episodio di <em>Filippo e l\u2019etiope<\/em> (scelto come icona diocesana per tutti) ci suggerisce lo stile missionario necessario: lasciare che sia lo Spirito Santo ad ispirare la nostra azione evangelizzatrice, il farsi vicino, l\u2019ascolto della vita dell\u2019altro, saper porre le domande \u201cgiuste\u201d che non inibiscano il dialogo, innestare la buona notizia che \u00e8 Ges\u00f9 nell\u2019esperienza umana e la celebrazione del sacramento come massima densit\u00e0 dell\u2019annuncio evangelico. Si privileger\u00e0 lo stile testimoniale di catechisti e genitori, per cogliere i\u00a0dinamismi corretti della comunicazione della fede.<\/p>\n<p><img loading=\"lazy\" decoding=\"async\" class=\" wp-image-2762 alignright\" src=\"https:\/\/venezia.webdiocesi.it\/Evangelizzazione-e-Catechesi\/wp-content\/uploads\/sites\/17\/2019\/09\/don-Sandro.jpg\" alt=\"\" width=\"111\" height=\"133\" \/><\/p>\n<p style=\"text-align: right\">Ci aiuteranno in questo lavoro di studio <strong>don Sandro Dalle Fratte e alcuni collaboratori della Pastorale Familiare della Diocesi di Treviso<\/strong>.<\/p>\n<p>&nbsp;<\/p>\n<p><strong>&gt;&gt;&gt; SCARICA IL PROGRAMMA:\u00a0<a href=\"https:\/\/venezia.webdiocesi.it\/Evangelizzazione-e-Catechesi\/wp-content\/uploads\/sites\/17\/2019\/09\/GIORNATE-DI-FORMAZIONE-PER-I-CATECHISTI_2019.pdf\">GIORNATE-DI-FORMAZIONE-PER-I-CATECHISTI_2019.pdf<\/a><\/strong><\/p>\n<hr \/>\n<p style=\"text-align: center\"><strong><span style=\"color: #ff0000\">PROGRAMMA di massima della GIORNATA*<\/span><\/strong><\/p>\n<p><strong>Ore 9.00<\/strong>\u00a0\u00a0\u00a0\u00a0\u00a0\u00a0\u00a0\u00a0 Accoglienza<\/p>\n<p><strong>Ore 9.30<\/strong> \u00a0\u00a0\u00a0\u00a0\u00a0\u00a0\u00a0\u00a0 Preghiera delle Lodi e introduzione della giornata<\/p>\n<p><strong>Ore 10.00<\/strong> \u00a0\u00a0\u00a0\u00a0\u00a0\u00a0 Relazione a cura della Pastorale familiare della Diocesi di Treviso <em>(don Sandro DALLE FRATTE e due coppie di collaboratori: Piero e Francesca GRANZIOL, Stefano e Martina MANDARINI) <\/em><\/p>\n<p><strong>Ore 11.00<\/strong> \u00a0\u00a0\u00a0\u00a0\u00a0 Comunicazioni sulle varie attivit\u00e0 diocesane + Breve pausa ricreativa<\/p>\n<p><strong>Ore 11.30<\/strong> \u00a0\u00a0\u00a0\u00a0\u00a0 Rielaborazione a piccoli gruppi e restituzione in assemblea delle domande emerse<\/p>\n<p><strong>Ore 13.00<\/strong> \u00a0\u00a0\u00a0\u00a0\u00a0 Pausa pranzo (<u>al sacco<\/u>)<\/p>\n<p><strong>Ore 14.00<\/strong> \u00a0\u00a0\u00a0\u00a0\u00a0\u00a0 Pomeriggio dedicato alla discussione in forma laboratoriale, su quanto presentato al mattino e condivisione di buone pratiche per le comunit\u00e0 parrocchiali<\/p>\n<p><strong>Ore 16.00<\/strong> \u00a0\u00a0\u00a0\u00a0\u00a0 Dibattito in assemblea<\/p>\n<p><strong>Ore 17.00<\/strong> \u00a0\u00a0\u00a0\u00a0\u00a0 Celebrazione dei Vespri<\/p>\n<p><strong>*N.B.: gli stessi contenuti, in modalit\u00e0 e tempi rivisti, saranno proposti anche nelle 3 serate del LITORALE<\/strong><\/p>\n<p><strong>*N.B.<\/strong> <strong>per la sola zona di Gambarare: <\/strong>essendo svolta di domenica la <strong>Santa Messa<\/strong> verr\u00e0 celebrata alle <strong>ore 12.00<\/strong> (e non ci sar\u00e0 celebrazione dei Vespri). Il pranzo sar\u00e0, come da tradizione, preparato gentilmente dagli amici della Parrocchia di Gambarare. Ogni gruppo parrocchiale perci\u00f2 \u00e8 chiamato a segnalare il proprio numero di catechisti presenti quel giorno, inviando una mail entro il 18 settembre a <strong><u>catechistico@patriarcatovenezia.it<\/u><\/strong><\/p>\n","protected":false},"excerpt":{"rendered":"<p>Dopo un paio di anni in cui abbiamo vissuto dei momenti diocesani speciali attorno al nostro Patriarca (2017 e 2018) con tematiche trasversali che interessavano tutti gli educatori alla fede, in quest&#8217;anno pastorale verr\u00e0 ripresa la tradizionale proposta delle giornate di formazione catechisti, anche se condensate in un&#8217;unica giornata per zona (o in tre serate [&hellip;]<\/p>\n","protected":false},"author":0,"featured_media":0,"parent":2680,"menu_order":0,"comment_status":"closed","ping_status":"closed","template":"","meta":{"_acf_changed":false,"ip_address":"","user_agent":"","level":"","revision":"","cookie_id":"","page_referer":"","html_form":"","footnotes":""},"class_list":["post-2715","page","type-page","status-publish","hentry"],"acf":[],"_links":{"self":[{"href":"https:\/\/www.patriarcatovenezia.it\/evangelizzazione-e-catechesi\/wp-json\/wp\/v2\/pages\/2715"}],"collection":[{"href":"https:\/\/www.patriarcatovenezia.it\/evangelizzazione-e-catechesi\/wp-json\/wp\/v2\/pages"}],"about":[{"href":"https:\/\/www.patriarcatovenezia.it\/evangelizzazione-e-catechesi\/wp-json\/wp\/v2\/types\/page"}],"author":[{"embeddable":true,"href":"https:\/\/www.patriarcatovenezia.it\/evangelizzazione-e-catechesi\/wp-json\/wp\/v2\/users\/9"}],"replies":[{"embeddable":true,"href":"https:\/\/www.patriarcatovenezia.it\/evangelizzazione-e-catechesi\/wp-json\/wp\/v2\/comments?post=2715"}],"version-history":[{"count":8,"href":"https:\/\/www.patriarcatovenezia.it\/evangelizzazione-e-catechesi\/wp-json\/wp\/v2\/pages\/2715\/revisions"}],"predecessor-version":[{"id":2763,"href":"https:\/\/www.patriarcatovenezia.it\/evangelizzazione-e-catechesi\/wp-json\/wp\/v2\/pages\/2715\/revisions\/2763"}],"up":[{"embeddable":true,"href":"https:\/\/www.patriarcatovenezia.it\/evangelizzazione-e-catechesi\/wp-json\/wp\/v2\/pages\/2680"}],"wp:attachment":[{"href":"https:\/\/www.patriarcatovenezia.it\/evangelizzazione-e-catechesi\/wp-json\/wp\/v2\/media?parent=2715"}],"curies":[{"name":"wp","href":"https:\/\/api.w.org\/{rel}","templated":true}]}}

<p style="text-align: justify">Dopo un paio di anni in cui abbiamo vissuto dei momenti diocesani speciali attorno al nostro Patriarca (2017 e 2018) con tematiche trasversali che interessavano tutti gli educatori alla fede, in quest&#8217;anno pastorale verrà ripresa la tradizionale proposta delle giornate di formazione catechisti, anche se condensate in un&#8217;unica giornata per zona (o in tre serate come nel Litorale).</p>
<p>Ecco il calendario:</p>
<h6><span style="color: #800000"><strong>ZONA DI MESTRE/MARGHERA </strong></span></h6>
<p><strong>SABATO 14 settembre</strong> &#8211; ore 9.00/17.30 ⇒ <em>Centro Pastorale &#8220;Card. G. Urbani&#8221;</em></p>
<h6><span style="color: #800000"><strong>ZONA DI VENEZIA e ISOLE</strong></span></h6>
<p><strong>SABATO 21 settembre </strong>&#8211; ore 9.00/17.30 ⇒ <em>Parrocchia dei Frari</em></p>
<h6><span style="color: #800000"><strong>ZONA DI GAMBARARE</strong></span></h6>
<p><strong>DOMENICA 22 settembre</strong> &#8211; ore 9.00/17.30 ⇒ <em>Parrocchia di San Giovanni Battista</em></p>
<h6><span style="color: #800000"><strong>ZONA DEL LITORALE</strong></span></h6>
<p><strong>8 &#8211; 9 &#8211; 10 ottobre </strong>&#8211; ore 20.45/22.15 ⇒ <em>Parrocchia di S. Maria Concetta</em></p>
<p><strong><img loading="lazy" decoding="async" class=" wp-image-2719 alignleft" src="https://venezia.webdiocesi.it/Evangelizzazione-e-Catechesi/wp-content/uploads/sites/17/2019/08/banner_GGcat2019-300x197.png" alt="" width="363" height="238" />Le giornate catechistiche</strong> nelle 4 diverse zone pastorali, si concentreranno sull’accompagnamento delle famiglie da parte dei catechisti e dell’intera comunità cristiana. L’episodio di <em>Filippo e l’etiope</em> (scelto come icona diocesana per tutti) ci suggerisce lo stile missionario necessario: lasciare che sia lo Spirito Santo ad ispirare la nostra azione evangelizzatrice, il farsi vicino, l’ascolto della vita dell’altro, saper porre le domande “giuste” che non inibiscano il dialogo, innestare la buona notizia che è Gesù nell’esperienza umana e la celebrazione del sacramento come massima densità dell’annuncio evangelico. Si privilegerà lo stile testimoniale di catechisti e genitori, per cogliere i dinamismi corretti della comunicazione della fede.</p>
<p><img loading="lazy" decoding="async" class=" wp-image-2762 alignright" src="https://venezia.webdiocesi.it/Evangelizzazione-e-Catechesi/wp-content/uploads/sites/17/2019/09/don-Sandro.jpg" alt="" width="111" height="133" /></p>
<p style="text-align: right">Ci aiuteranno in questo lavoro di studio <strong>don Sandro Dalle Fratte e alcuni collaboratori della Pastorale Familiare della Diocesi di Treviso</strong>.</p>
<p>&nbsp;</p>
<p><strong>&gt;&gt;&gt; SCARICA IL PROGRAMMA: <a href="https://venezia.webdiocesi.it/Evangelizzazione-e-Catechesi/wp-content/uploads/sites/17/2019/09/GIORNATE-DI-FORMAZIONE-PER-I-CATECHISTI_2019.pdf">GIORNATE-DI-FORMAZIONE-PER-I-CATECHISTI_2019.pdf</a></strong></p>
<hr />
<p style="text-align: center"><strong><span style="color: #ff0000">PROGRAMMA di massima della GIORNATA*</span></strong></p>
<p><strong>Ore 9.00</strong>         Accoglienza</p>
<p><strong>Ore 9.30</strong>          Preghiera delle Lodi e introduzione della giornata</p>
<p><strong>Ore 10.00</strong>        Relazione a cura della Pastorale familiare della Diocesi di Treviso <em>(don Sandro DALLE FRATTE e due coppie di collaboratori: Piero e Francesca GRANZIOL, Stefano e Martina MANDARINI) </em></p>
<p><strong>Ore 11.00</strong>       Comunicazioni sulle varie attività diocesane + Breve pausa ricreativa</p>
<p><strong>Ore 11.30</strong>       Rielaborazione a piccoli gruppi e restituzione in assemblea delle domande emerse</p>
<p><strong>Ore 13.00</strong>       Pausa pranzo (<u>al sacco</u>)</p>
<p><strong>Ore 14.00</strong>        Pomeriggio dedicato alla discussione in forma laboratoriale, su quanto presentato al mattino e condivisione di buone pratiche per le comunità parrocchiali</p>
<p><strong>Ore 16.00</strong>       Dibattito in assemblea</p>
<p><strong>Ore 17.00</strong>       Celebrazione dei Vespri</p>
<p><strong>*N.B.: gli stessi contenuti, in modalità e tempi rivisti, saranno proposti anche nelle 3 serate del LITORALE</strong></p>
<p><strong>*N.B.</strong> <strong>per la sola zona di Gambarare: </strong>essendo svolta di domenica la <strong>Santa Messa</strong> verrà celebrata alle <strong>ore 12.00</strong> (e non ci sarà celebrazione dei Vespri). Il pranzo sarà, come da tradizione, preparato gentilmente dagli amici della Parrocchia di Gambarare. Ogni gruppo parrocchiale perciò è chiamato a segnalare il proprio numero di catechisti presenti quel giorno, inviando una mail entro il 18 settembre a <strong><u>catechistico@patriarcatovenezia.it</u></strong></p>

<p>Dopo un paio di anni in cui abbiamo vissuto dei momenti diocesani speciali attorno al nostro Patriarca (2017 e 2018) con tematiche trasversali che interessavano tutti gli educatori alla fede, in quest&#8217;anno pastorale verrà ripresa la tradizionale proposta delle giornate di formazione catechisti, anche se condensate in un&#8217;unica giornata per zona (o in tre serate [&hellip;]</p>
