{"id":2621,"date":"2019-05-08T16:05:32","date_gmt":"2019-05-08T14:05:32","guid":{"rendered":"https:\/\/venezia.webdiocesi.it\/Evangelizzazione-e-Catechesi\/?page_id=2621"},"modified":"2019-05-08T16:12:12","modified_gmt":"2019-05-08T14:12:12","slug":"assisi-2018","status":"publish","type":"page","link":"https:\/\/www.patriarcatovenezia.it\/evangelizzazione-e-catechesi\/archivio-attivita\/assisi-2018\/","title":{"rendered":"ASSISI 2018"},"content":{"rendered":"<h4 style=\"text-align: center\"><img loading=\"lazy\" decoding=\"async\" class=\" wp-image-2624 alignleft\" src=\"https:\/\/venezia.webdiocesi.it\/Evangelizzazione-e-Catechesi\/wp-content\/uploads\/sites\/17\/2019\/05\/Assisi2018-300x182.png\" alt=\"\" width=\"376\" height=\"228\" srcset=\"https:\/\/www.patriarcatovenezia.it\/evangelizzazione-e-catechesi\/wp-content\/uploads\/sites\/17\/2019\/05\/Assisi2018-300x182.png 300w, https:\/\/www.patriarcatovenezia.it\/evangelizzazione-e-catechesi\/wp-content\/uploads\/sites\/17\/2019\/05\/Assisi2018-768x465.png 768w, https:\/\/www.patriarcatovenezia.it\/evangelizzazione-e-catechesi\/wp-content\/uploads\/sites\/17\/2019\/05\/Assisi2018-360x218.png 360w, https:\/\/www.patriarcatovenezia.it\/evangelizzazione-e-catechesi\/wp-content\/uploads\/sites\/17\/2019\/05\/Assisi2018.png 976w\" sizes=\"(max-width: 376px) 100vw, 376px\" \/>Coordinamento per la Pastorale dei Ragazzi<\/h4>\n<h4 style=\"text-align: center\"><span style=\"color: #ff6600\">Assisi (PG)\u00a0<strong>20-22 aprile 2018<\/strong><\/span><\/h4>\n<h2 style=\"text-align: center\"><span style=\"color: #993366\"><strong>CHI CERCATE?<\/strong><\/span><\/h2>\n<p style=\"text-align: right\">Attraverso il cammino personale e comunitario, chiunque si mette dietro al Cristo \u00e8 chiamato a riconoscere che tra tante <strong>COSE<\/strong>\u2026 \u00e8 un <strong>CHI<\/strong> il vero <em>motore di ricerca<\/em> interiore. Risulter\u00e0 importante perci\u00f2 non affidarci a frettolosi giudizi sul mondo dei ragazzi, sugli oggetti di cui si circondano, sui loro atteggiamenti fastidiosi, per non cadere in luoghi comuni che il pi\u00f9 delle volte ottengono solo l\u2019effetto di allontanarli dalla Chiesa e di interrompere qualsiasi principio di ricerca. Nostro compito sar\u00e0 piuttosto quello di aiutarli a prendere sul serio i loro desideri, sogni e bi-sogni, a saperli vagliare per tenere ci\u00f2 che \u00e8 veramente essenziale al fine di una vita piena di amicizie e affetti, cos\u00ec come suggerisce il loro giovane cuore.<\/p>\n<p>Questa la traccia di base con cui vorremmo accompagnare i nostri ragazzi verso la Santa Pasqua e oltre, ripercorrendo alcuni episodi della vita di Francesco d\u2019Assisi, santo proprio perch\u00e9 queste domande profonde non le ha eluse e non si \u00e8 accontentato delle risposte preconfezionate che altri volevano fornirgli.Un santo mai quieto, sempre in movimento, alla perenne ricerca della gioia evangelica, che lo ha portato per\u00f2 a dimorare nel mistero stesso di Dio Padre, Figlio e Spirito Santo.<\/p>\n<p><img loading=\"lazy\" decoding=\"async\" class=\" wp-image-2641 alignright\" src=\"https:\/\/venezia.webdiocesi.it\/Evangelizzazione-e-Catechesi\/wp-content\/uploads\/sites\/17\/2019\/05\/copertina-213x300.png\" alt=\"\" width=\"251\" height=\"353\" srcset=\"https:\/\/www.patriarcatovenezia.it\/evangelizzazione-e-catechesi\/wp-content\/uploads\/sites\/17\/2019\/05\/copertina-213x300.png 213w, https:\/\/www.patriarcatovenezia.it\/evangelizzazione-e-catechesi\/wp-content\/uploads\/sites\/17\/2019\/05\/copertina-199x280.png 199w, https:\/\/www.patriarcatovenezia.it\/evangelizzazione-e-catechesi\/wp-content\/uploads\/sites\/17\/2019\/05\/copertina.png 480w\" sizes=\"(max-width: 251px) 100vw, 251px\" \/><\/p>\n<p>&nbsp;<\/p>\n<p>Scarica le <strong>12 tappe del PERCORSO<\/strong> per accompagnare i gruppi di adolescenti al pellegrinaggio diocesano:<\/p>\n<p><strong>\u21d2 <a href=\"https:\/\/venezia.webdiocesi.it\/Evangelizzazione-e-Catechesi\/wp-content\/uploads\/sites\/17\/2019\/05\/presentazione_PERCORSO_ASSISI-2018.pdf\">presentazione_PERCORSO_ASSISI 2018<\/a><\/strong><\/p>\n<p><strong>\u25ca <a href=\"https:\/\/venezia.webdiocesi.it\/Evangelizzazione-e-Catechesi\/wp-content\/uploads\/sites\/17\/2019\/05\/1_TAPPA.pdf\">1_TAPPA<\/a>\u00a0 \u00a0\u25ca\u00a0<a href=\"https:\/\/venezia.webdiocesi.it\/Evangelizzazione-e-Catechesi\/wp-content\/uploads\/sites\/17\/2019\/05\/2_TAPPA.pdf\">2_TAPPA<\/a>\u00a0 \u00a0\u25ca\u00a0<a href=\"https:\/\/venezia.webdiocesi.it\/Evangelizzazione-e-Catechesi\/wp-content\/uploads\/sites\/17\/2019\/05\/3_TAPPA.pdf\">3_TAPPA<\/a>\u00a0 \u00a0\u00a0\u25ca\u00a0<a href=\"https:\/\/venezia.webdiocesi.it\/Evangelizzazione-e-Catechesi\/wp-content\/uploads\/sites\/17\/2019\/05\/4_TAPPA.pdf\">4_TAPPA<\/a>\u00a0 \u00a0\u00a0\u25ca\u00a0<a href=\"https:\/\/venezia.webdiocesi.it\/Evangelizzazione-e-Catechesi\/wp-content\/uploads\/sites\/17\/2019\/05\/5_TAPPA.pdf\">5_TAPPA<\/a>\u00a0 \u00a0\u25ca\u00a0<a href=\"https:\/\/venezia.webdiocesi.it\/Evangelizzazione-e-Catechesi\/wp-content\/uploads\/sites\/17\/2019\/05\/6_TAPPA.pdf\">6_TAPPA<\/a>\u00a0 \u00a0\u25ca\u00a0<a href=\"https:\/\/venezia.webdiocesi.it\/Evangelizzazione-e-Catechesi\/wp-content\/uploads\/sites\/17\/2019\/05\/7_TAPPA.pdf\">7_TAPPA<\/a>\u00a0 \u00a0\u25ca\u00a0<a href=\"https:\/\/venezia.webdiocesi.it\/Evangelizzazione-e-Catechesi\/wp-content\/uploads\/sites\/17\/2019\/05\/8_TAPPA.pdf\">8_TAPPA<\/a>\u00a0 \u00a0\u25ca\u00a0<a href=\"https:\/\/venezia.webdiocesi.it\/Evangelizzazione-e-Catechesi\/wp-content\/uploads\/sites\/17\/2019\/05\/9_TAPPA.pdf\">9_TAPPA<\/a>\u00a0 \u00a0\u25ca\u00a0<a href=\"https:\/\/venezia.webdiocesi.it\/Evangelizzazione-e-Catechesi\/wp-content\/uploads\/sites\/17\/2019\/05\/10_TAPPA.pdf\">10_TAPPA<\/a>\u00a0 \u00a0\u25ca\u00a0<a href=\"https:\/\/venezia.webdiocesi.it\/Evangelizzazione-e-Catechesi\/wp-content\/uploads\/sites\/17\/2019\/05\/11_TAPPA.pdf\">11_TAPPA<\/a>\u00a0 \u00a0\u25ca\u00a0<a href=\"https:\/\/venezia.webdiocesi.it\/Evangelizzazione-e-Catechesi\/wp-content\/uploads\/sites\/17\/2019\/05\/12_TAPPA.pdf\">12_TAPPA<\/a><\/strong><\/p>\n<p><strong>\u2665 <a href=\"https:\/\/venezia.webdiocesi.it\/Evangelizzazione-e-Catechesi\/wp-content\/uploads\/sites\/17\/2019\/05\/ALLEGATO_A_descrizione-luoghi.pdf\">ALLEGATO_A_descrizione luoghi<\/a>\u00a0 \u00a0 \u00a0 \u00a0 \u2665\u00a0<a href=\"https:\/\/venezia.webdiocesi.it\/Evangelizzazione-e-Catechesi\/wp-content\/uploads\/sites\/17\/2019\/05\/ALLEGATO_B_proposta-per-la-prima-media.pdf\">ALLEGATO_B_proposta per la prima media<\/a><\/strong><\/p>\n<p>&nbsp;<\/p>\n","protected":false},"excerpt":{"rendered":"<p>Coordinamento per la Pastorale dei Ragazzi Assisi (PG)\u00a020-22 aprile 2018 CHI CERCATE? Attraverso il cammino personale e comunitario, chiunque si mette dietro al Cristo \u00e8 chiamato a riconoscere che tra tante COSE\u2026 \u00e8 un CHI il vero motore di ricerca interiore. Risulter\u00e0 importante perci\u00f2 non affidarci a frettolosi giudizi sul mondo dei ragazzi, sugli oggetti [&hellip;]<\/p>\n","protected":false},"author":0,"featured_media":0,"parent":221,"menu_order":0,"comment_status":"closed","ping_status":"closed","template":"","meta":{"_acf_changed":false,"ip_address":"","user_agent":"","level":"","revision":"","cookie_id":"","page_referer":"","html_form":"","footnotes":""},"class_list":["post-2621","page","type-page","status-publish","hentry"],"acf":[],"_links":{"self":[{"href":"https:\/\/www.patriarcatovenezia.it\/evangelizzazione-e-catechesi\/wp-json\/wp\/v2\/pages\/2621"}],"collection":[{"href":"https:\/\/www.patriarcatovenezia.it\/evangelizzazione-e-catechesi\/wp-json\/wp\/v2\/pages"}],"about":[{"href":"https:\/\/www.patriarcatovenezia.it\/evangelizzazione-e-catechesi\/wp-json\/wp\/v2\/types\/page"}],"author":[{"embeddable":true,"href":"https:\/\/www.patriarcatovenezia.it\/evangelizzazione-e-catechesi\/wp-json\/wp\/v2\/users\/9"}],"replies":[{"embeddable":true,"href":"https:\/\/www.patriarcatovenezia.it\/evangelizzazione-e-catechesi\/wp-json\/wp\/v2\/comments?post=2621"}],"version-history":[{"count":4,"href":"https:\/\/www.patriarcatovenezia.it\/evangelizzazione-e-catechesi\/wp-json\/wp\/v2\/pages\/2621\/revisions"}],"predecessor-version":[{"id":2644,"href":"https:\/\/www.patriarcatovenezia.it\/evangelizzazione-e-catechesi\/wp-json\/wp\/v2\/pages\/2621\/revisions\/2644"}],"up":[{"embeddable":true,"href":"https:\/\/www.patriarcatovenezia.it\/evangelizzazione-e-catechesi\/wp-json\/wp\/v2\/pages\/221"}],"wp:attachment":[{"href":"https:\/\/www.patriarcatovenezia.it\/evangelizzazione-e-catechesi\/wp-json\/wp\/v2\/media?parent=2621"}],"curies":[{"name":"wp","href":"https:\/\/api.w.org\/{rel}","templated":true}]}}