{"id":2249,"date":"2017-11-03T19:30:02","date_gmt":"2017-11-03T18:30:02","guid":{"rendered":"https:\/\/venezia.webdiocesi.it\/Evangelizzazione-e-Catechesi\/?page_id=2249"},"modified":"2018-10-31T15:44:54","modified_gmt":"2018-10-31T14:44:54","slug":"incontro-della-carita-2017","status":"publish","type":"page","link":"https:\/\/www.patriarcatovenezia.it\/evangelizzazione-e-catechesi\/archivio-attivita\/incontro-della-carita-2017\/","title":{"rendered":"Incontro della carit\u00e0 2017"},"content":{"rendered":"<p><img loading=\"lazy\" decoding=\"async\" class=\"wp-image-2302 alignleft\" src=\"https:\/\/venezia.webdiocesi.it\/Evangelizzazione-e-Catechesi\/wp-content\/uploads\/sites\/17\/2017\/11\/loc_IdC2017-300x212.png\" alt=\"\" width=\"425\" height=\"300\" \/><\/p>\n<h3 style=\"text-align: left\"><span style=\"color: #993366\"><strong>INCONTRO DELLA CARITA\u2019 2017<\/strong><\/span><\/h3>\n<h3 style=\"text-align: left\"><span style=\"color: #993366\"><strong>domenica 3 dicembre &#8211; <\/strong><strong>ore 15.00 <\/strong><\/span><\/h3>\n<p style=\"text-align: left\"><span style=\"color: #333399\">Ponte di Rialto e Basilica di San Marco<\/span><\/p>\n<p style=\"text-align: left\"><span style=\"color: #993366\"><em>\u201cAbbiate il coraggio di insegnarci che \u00e8 pi\u00f9 facile costruire ponti che innalzare muri\u2026\u00a0<\/em><\/span><\/p>\n<p style=\"text-align: left\"><span style=\"color: #993366\"><em>e tutti insieme chiediamo che esigiate da noi di percorrere le strade della fraternit\u00e0.\u201d\u00a0 \u00a0 \u00a0 \u00a0 \u00a0<\/em><em>Papa Francesco<\/em><\/span><\/p>\n<hr \/>\n<p>Il desiderio di Papa Francesco di lavorare per un percorso che conduca alla fraternit\u00e0, ha ispirato il nostro cammino per l\u2019Avvento 2017: raccogliendo la sua provocazione si \u00e8 pensato di anticipare il tradizionale appuntamento diocesano dell\u2019Incontro della Carit\u00e0, portandolo a diventare un festoso primo passo verso il Santo Natale. L\u2019invito a \u201cfarsi ponti\u201d ci pare che risponda bene &#8211; in chiave contemporanea &#8211; sia all\u2019esortazione sempre viva di San Giovanni Battista a <em>preparare la via<\/em> all\u2019incontro con il Signore, sia al bisogno di trovare forme nuove e attuali di vivere il Vangelo della fraternit\u00e0.<\/p>\n<p>Tale invito si concretizzer\u00e0, infatti, in ciascuna parrocchia, secondo le esigenze riscontrate nel territorio e vedr\u00e0 i bambini protagonisti di un gesto di carit\u00e0 che possa esprimere bene il messaggio dell\u2019Incarnazione del Signore Ges\u00f9: <em>poterlo incontrare e riconoscere come fratello e sorella \u00a0in ogni uomo o donna che incontriamo.<\/em><\/p>\n<p>L\u2019immagine del ponte, in una citt\u00e0 come Venezia, non poteva che essere la pi\u00f9 azzeccata e ci ha indirizzato subito al ponte veneziano per eccellenza: <strong>RIALTO<\/strong>.\u00a0Perci\u00f2 tutti i bambini del Patriarcato sono invitati a prendere come impegno questo messaggio natalizio e a \u201cri-lanciarlo\u201d a tutta la cittadinanza<\/p>\n<p style=\"text-align: center\"><span style=\"color: #ff0000\"><strong>DOMENICA 3 DICEMBRE ALLE ORE 15.00 &#8211;\u00a0<\/strong><strong>presso il PONTE DI RIALTO<\/strong><\/span><\/p>\n<p><strong>PUNTI DI RACCOLTA<\/strong> &#8211; L\u2019appuntamento sar\u00e0 dapprima nei punti di raccolta (Campo San Bartolomeo, Campo San Giacometto\u2026 e dintorni) per un\u2019accoglienza ordinata e per la distribuzione di centinaia di palloncini gonfiati ad elio a tutti i bambini presenti.<\/p>\n<p><strong>SUL PONTE DI RIALTO<\/strong> &#8211; All\u2019ora stabilita, <u>verso le 15.30,<\/u> avverr\u00e0 lo spostamento sopra il ponte di Rialto per uno scenografico lancio di palloncini, alla presenza del Patriarca Francesco Moraglia e del Sindaco Luigi Brugnaro (o di un suo delegato). Inevitabile l\u2019ingaggio di fotografi e video-operatori per far s\u00ec che l\u2019evento sia registrato e abbia la maggiore risonanza.<\/p>\n<p><strong>CORTEO FESTOSO<\/strong> &#8211; Proseguiremo poi verso San Marco in forma organizzata, attraverso le mercerie, con cartelli e quant\u2019altro i gruppi vorranno produrre e portare con s\u00e9.<\/p>\n<hr \/>\n<p><strong>IMPORTANTE!<\/strong> A questa prima parte, i gruppi &#8211; attraverso gli stessi bambini e le loro famiglie &#8211; possono decidere di <strong>invitare compagni di scuola e amici di qualsiasi appartenenza culturale e religione<\/strong>. Se qualcuno accetter\u00e0 l\u2019invito, potr\u00e0 liberamente unirsi a noi a Rialto e durante la strada verso San Marco ed eventualmente entrare in Basilica oppure decidere diversamente. Sar\u00e0 fondamentale, dunque, far capire alle famiglie (soprattutto se straniere) come \u00e8 strutturato l\u2019incontro, affinch\u00e9 possono accompagnare i loro figli fin dove credono opportuno, sentendosi sempre a loro agio.<\/p>\n<hr \/>\n<p><strong>IN BASILICA DI SAN MARCO<\/strong> &#8211; Una volta giunti in Basilica l\u2019incontro terminer\u00e0 con un momento di riflessione, il messaggio del Patriarca per l\u2019Avvento e una preghiera cantata.<\/p>\n<p><img loading=\"lazy\" decoding=\"async\" class=\" wp-image-2265 alignleft\" src=\"https:\/\/venezia.webdiocesi.it\/Evangelizzazione-e-Catechesi\/wp-content\/uploads\/sites\/17\/2017\/11\/volantino_promoIDC-300x214.png\" alt=\"\" width=\"266\" height=\"190\" srcset=\"https:\/\/www.patriarcatovenezia.it\/evangelizzazione-e-catechesi\/wp-content\/uploads\/sites\/17\/2017\/11\/volantino_promoIDC-300x214.png 300w, https:\/\/www.patriarcatovenezia.it\/evangelizzazione-e-catechesi\/wp-content\/uploads\/sites\/17\/2017\/11\/volantino_promoIDC-768x548.png 768w, https:\/\/www.patriarcatovenezia.it\/evangelizzazione-e-catechesi\/wp-content\/uploads\/sites\/17\/2017\/11\/volantino_promoIDC-1024x731.png 1024w, https:\/\/www.patriarcatovenezia.it\/evangelizzazione-e-catechesi\/wp-content\/uploads\/sites\/17\/2017\/11\/volantino_promoIDC-360x257.png 360w, https:\/\/www.patriarcatovenezia.it\/evangelizzazione-e-catechesi\/wp-content\/uploads\/sites\/17\/2017\/11\/volantino_promoIDC.png 1646w\" sizes=\"(max-width: 266px) 100vw, 266px\" \/><\/p>\n<h4 style=\"text-align: left\"><span style=\"color: #800080\"><strong>MATERIALI UTILI IN PREPARAZIONE AL 3 DICEMBRE<\/strong><\/span><\/h4>\n<p><strong>SCARICA<\/strong> DA QUI\u00a0<strong><a href=\"https:\/\/venezia.webdiocesi.it\/Evangelizzazione-e-Catechesi\/wp-content\/uploads\/sites\/17\/2017\/11\/UNA-RIFLESSIONE-SUL-TEMA.doc\">UNA RIFLESSIONE SUL TEMA<\/a>\u00a0\u00a0\u00a0\u00a0<\/strong><\/p>\n<p>e\u00a0 degli\u00a0 <strong><a href=\"https:\/\/venezia.webdiocesi.it\/Evangelizzazione-e-Catechesi\/wp-content\/uploads\/sites\/17\/2017\/11\/SPUNTI-PER-LE-ATTIVITA.doc\">SPUNTI PER LE ATTIVITA<\/a>&#8216;<\/strong><\/p>\n<p style=\"text-align: left\">il<strong>\u00a0\u00a0<a href=\"https:\/\/venezia.webdiocesi.it\/Evangelizzazione-e-Catechesi\/wp-content\/uploads\/sites\/17\/2017\/11\/volantino_promoIDC.pdf\">VOLANTINO\/INVITO da fotocopiare<\/a><\/strong><\/p>\n<p>la<strong>\u00a0<a href=\"https:\/\/venezia.webdiocesi.it\/Evangelizzazione-e-Catechesi\/wp-content\/uploads\/sites\/17\/2017\/11\/loc_IdC2017_A4.pdf\">LOCANDINA<\/a>\u00a0<\/strong><\/p>\n<p>&nbsp;<\/p>\n<p>Canti per il momento in Basilica: <em><strong>Tutta la terra attende &#8211; Lui verr\u00e0 e ti salver\u00e0 &#8211; Maranatha, vieni Signor &#8211; Ti racconto una gioia<\/strong> (se non li conosci cerca prima su you-tube&#8230; oppure scrivici: catechistico@patriarcatovenezia.it)<\/em><\/p>\n<p>\u2192 Ascolta e poi scarica (col tasto destro)\u00a0<strong><span style=\"color: #ff0000\">IL<\/span> <span style=\"color: #ff0000\">RITORNELLO da cantare sui PONTI<\/span>!!!\u00a0 1. canto &#8211;\u00a0 2. base<\/strong><\/p>\n<!--[if lt IE 9]><script>document.createElement('audio');<\/script><![endif]-->\n<audio class=\"wp-audio-shortcode\" id=\"audio-2249-1\" preload=\"none\" style=\"width: 100%;\" controls=\"controls\"><source type=\"audio\/mpeg\" src=\"https:\/\/venezia.webdiocesi.it\/Evangelizzazione-e-Catechesi\/wp-content\/uploads\/sites\/17\/2017\/11\/INNO-CARITA-2017-mix-CANTATO.mp3?_=1\" \/><a href=\"https:\/\/venezia.webdiocesi.it\/Evangelizzazione-e-Catechesi\/wp-content\/uploads\/sites\/17\/2017\/11\/INNO-CARITA-2017-mix-CANTATO.mp3\">https:\/\/venezia.webdiocesi.it\/Evangelizzazione-e-Catechesi\/wp-content\/uploads\/sites\/17\/2017\/11\/INNO-CARITA-2017-mix-CANTATO.mp3<\/a><\/audio>\n<audio class=\"wp-audio-shortcode\" id=\"audio-2249-2\" preload=\"none\" style=\"width: 100%;\" controls=\"controls\"><source type=\"audio\/mpeg\" src=\"https:\/\/venezia.webdiocesi.it\/Evangelizzazione-e-Catechesi\/wp-content\/uploads\/sites\/17\/2017\/11\/INNO-CARITA-2017-mix-BASE.mp3?_=2\" \/><a href=\"https:\/\/venezia.webdiocesi.it\/Evangelizzazione-e-Catechesi\/wp-content\/uploads\/sites\/17\/2017\/11\/INNO-CARITA-2017-mix-BASE.mp3\">https:\/\/venezia.webdiocesi.it\/Evangelizzazione-e-Catechesi\/wp-content\/uploads\/sites\/17\/2017\/11\/INNO-CARITA-2017-mix-BASE.mp3<\/a><\/audio>\n<p style=\"text-align: center\"><strong>PONTI PONTI PONTI SIAMO NOI<\/strong><br \/>\n<strong> SIAMO PRONTI PERCH\u00c9\u00a0FIGLI TUOI.<\/strong><br \/>\n<strong> PONTI PONTI DI UN AMORE CHE<\/strong><br \/>\n<strong> PASSA I PONTI E ARRIVA FINO A TE!<\/strong><\/p>\n<hr \/>\n<p style=\"text-align: center\"><span style=\"color: #800080\"><strong>\u2026FINO A NATALE<\/strong><\/span><\/p>\n<p>L\u2019Incontro della Carit\u00e0 sar\u00e0 dunque per quest\u2019anno la prima domenica di un Avvento speciale all\u2019insegna della ricerca e dell\u2019attuazione di COSA POSSIAMO FARE NOI PER ESSERE PONTI? I suggerimenti perci\u00f2 contenuti nel <a href=\"https:\/\/venezia.webdiocesi.it\/Evangelizzazione-e-Catechesi\/attivita\/bambini-e-ragazzi\/cammino-per-lavvento-e-il-santo-natale-2017\/\"><strong>Sussidio di Avvento<\/strong><\/a>\u00a0andranno in questa direzione e aiuteranno ad individuare un modo concreto di vivere l\u2019impegno preso davanti al Patriarca e simbolicamente a tutta Venezia.<\/p>\n","protected":false},"excerpt":{"rendered":"<p>INCONTRO DELLA CARITA\u2019 2017 domenica 3 dicembre &#8211; ore 15.00 Ponte di Rialto e Basilica di San Marco \u201cAbbiate il coraggio di insegnarci che \u00e8 pi\u00f9 facile costruire ponti che innalzare muri\u2026\u00a0 e tutti insieme chiediamo che esigiate da noi di percorrere le strade della fraternit\u00e0.\u201d\u00a0 \u00a0 \u00a0 \u00a0 \u00a0Papa Francesco Il desiderio di Papa [&hellip;]<\/p>\n","protected":false},"author":0,"featured_media":0,"parent":221,"menu_order":0,"comment_status":"closed","ping_status":"closed","template":"","meta":{"_acf_changed":false,"ip_address":"","user_agent":"","level":"","revision":"","cookie_id":"","page_referer":"","html_form":"","footnotes":""},"class_list":["post-2249","page","type-page","status-publish","hentry"],"acf":[],"_links":{"self":[{"href":"https:\/\/www.patriarcatovenezia.it\/evangelizzazione-e-catechesi\/wp-json\/wp\/v2\/pages\/2249"}],"collection":[{"href":"https:\/\/www.patriarcatovenezia.it\/evangelizzazione-e-catechesi\/wp-json\/wp\/v2\/pages"}],"about":[{"href":"https:\/\/www.patriarcatovenezia.it\/evangelizzazione-e-catechesi\/wp-json\/wp\/v2\/types\/page"}],"author":[{"embeddable":true,"href":"https:\/\/www.patriarcatovenezia.it\/evangelizzazione-e-catechesi\/wp-json\/wp\/v2\/users\/9"}],"replies":[{"embeddable":true,"href":"https:\/\/www.patriarcatovenezia.it\/evangelizzazione-e-catechesi\/wp-json\/wp\/v2\/comments?post=2249"}],"version-history":[{"count":16,"href":"https:\/\/www.patriarcatovenezia.it\/evangelizzazione-e-catechesi\/wp-json\/wp\/v2\/pages\/2249\/revisions"}],"predecessor-version":[{"id":2307,"href":"https:\/\/www.patriarcatovenezia.it\/evangelizzazione-e-catechesi\/wp-json\/wp\/v2\/pages\/2249\/revisions\/2307"}],"up":[{"embeddable":true,"href":"https:\/\/www.patriarcatovenezia.it\/evangelizzazione-e-catechesi\/wp-json\/wp\/v2\/pages\/221"}],"wp:attachment":[{"href":"https:\/\/www.patriarcatovenezia.it\/evangelizzazione-e-catechesi\/wp-json\/wp\/v2\/media?parent=2249"}],"curies":[{"name":"wp","href":"https:\/\/api.w.org\/{rel}","templated":true}]}}