{"id":2213,"date":"2017-07-27T16:34:16","date_gmt":"2017-07-27T14:34:16","guid":{"rendered":"https:\/\/venezia.webdiocesi.it\/Evangelizzazione-e-Catechesi\/?page_id=2213"},"modified":"2018-08-01T09:30:52","modified_gmt":"2018-08-01T07:30:52","slug":"assemblea-diocesana-animatori-e-partecipanti-gda","status":"publish","type":"page","link":"https:\/\/www.patriarcatovenezia.it\/evangelizzazione-e-catechesi\/settori\/gruppi-di-ascolto-della-parola-di-dio\/assemblea-diocesana-animatori-e-partecipanti-gda\/","title":{"rendered":"Le parole del Card. Marco C\u00e8"},"content":{"rendered":"<h3 style=\"text-align: center\"><\/h3>\n<p><img loading=\"lazy\" decoding=\"async\" class=\"wp-image-2223 alignleft\" src=\"https:\/\/venezia.webdiocesi.it\/Evangelizzazione-e-Catechesi\/wp-content\/uploads\/sites\/17\/2016\/08\/Card.Ce_-284x300.jpg\" alt=\"\" width=\"149\" height=\"157\" srcset=\"https:\/\/www.patriarcatovenezia.it\/evangelizzazione-e-catechesi\/wp-content\/uploads\/sites\/17\/2016\/08\/Card.Ce_.jpg 284w, https:\/\/www.patriarcatovenezia.it\/evangelizzazione-e-catechesi\/wp-content\/uploads\/sites\/17\/2016\/08\/Card.Ce_-265x280.jpg 265w\" sizes=\"(max-width: 149px) 100vw, 149px\" \/><\/p>\n<p><a href=\"https:\/\/venezia.webdiocesi.it\/Evangelizzazione-e-Catechesi\/wp-content\/uploads\/sites\/17\/2018\/06\/AC-x-Celebrazione-Pa.-Marco-C\u00e8-1.doc\">AC x Celebrazione Pa. Marco C\u00e8 (1)<\/a><\/p>\n<p><a href=\"https:\/\/venezia.webdiocesi.it\/Evangelizzazione-e-Catechesi\/wp-content\/uploads\/sites\/17\/2018\/06\/AC-x-Celebrazione-Pa.-Marco-C\u00e8-2.doc\">AC x Celebrazione Pa. Marco C\u00e8 (2)<\/a><\/p>\n<p><a href=\"https:\/\/venezia.webdiocesi.it\/Evangelizzazione-e-Catechesi\/wp-content\/uploads\/sites\/17\/2018\/06\/Casa-Famiglia-S.Pio-X-x-celebrazione-Pat-Marco-C\u00e8-2doc.doc\">Casa Famiglia S.Pio X x celebrazione Pat Marco C\u00e8 2doc<\/a><\/p>\n<p><a href=\"https:\/\/venezia.webdiocesi.it\/Evangelizzazione-e-Catechesi\/wp-content\/uploads\/sites\/17\/2018\/06\/Casa-Famiglia-S.Pio-X-x-celebrazione-Pat-Marco-C\u00e8.doc\">Casa Famiglia S.Pio X x celebrazione Pat Marco C\u00e8<\/a><\/p>\n<p><a href=\"https:\/\/venezia.webdiocesi.it\/Evangelizzazione-e-Catechesi\/wp-content\/uploads\/sites\/17\/2018\/06\/DEDICA-PATR.-MARCO-CE-X-VANGELO-Mc-8.10.1999.doc\">DEDICA PATR. MARCO CE&#8217; X VANGELO Mc 8.10.1999<\/a><\/p>\n<p><a href=\"https:\/\/venezia.webdiocesi.it\/Evangelizzazione-e-Catechesi\/wp-content\/uploads\/sites\/17\/2018\/06\/Diaconato-X-Pat-Marco-C\u00e8.docx\">Diaconato X Pat Marco C\u00e8<\/a><\/p>\n<p><a href=\"https:\/\/venezia.webdiocesi.it\/Evangelizzazione-e-Catechesi\/wp-content\/uploads\/sites\/17\/2018\/06\/Diacono-T.-Scatto-x-Pat-Marco-C\u00e8-2-doc.doc\">Diacono T. Scatto x Pat Marco C\u00e8 2 doc<\/a><\/p>\n<p><a href=\"https:\/\/venezia.webdiocesi.it\/Evangelizzazione-e-Catechesi\/wp-content\/uploads\/sites\/17\/2018\/06\/Diacono-T.-Scatto-x-Pat-Marco-C\u00e8.doc\">Diacono T. Scatto x Pat Marco C\u00e8<\/a><\/p>\n<p><a href=\"https:\/\/venezia.webdiocesi.it\/Evangelizzazione-e-Catechesi\/wp-content\/uploads\/sites\/17\/2018\/06\/Don_Danilo_revMarco_ultima.docx\">Don_Danilo_revMarco_ultima<\/a><\/p>\n<p><a href=\"https:\/\/venezia.webdiocesi.it\/Evangelizzazione-e-Catechesi\/wp-content\/uploads\/sites\/17\/2018\/06\/Don_Danilo_revMarco-1.docx\">Don_Danilo_revMarco-1<\/a><\/p>\n<p><a href=\"https:\/\/venezia.webdiocesi.it\/Evangelizzazione-e-Catechesi\/wp-content\/uploads\/sites\/17\/2018\/06\/GdA-x-Celebrazione-Pat-Marco-C\u00e8.2.doc\">GdA x Celebrazione Pat Marco C\u00e8.2<\/a><\/p>\n<p><a href=\"https:\/\/venezia.webdiocesi.it\/Evangelizzazione-e-Catechesi\/wp-content\/uploads\/sites\/17\/2018\/06\/GdA-x-Celebrazione-Pat-Marco-C\u00e8.doc\">GdA x Celebrazione Pat Marco C\u00e8<\/a><\/p>\n<p><a href=\"https:\/\/venezia.webdiocesi.it\/Evangelizzazione-e-Catechesi\/wp-content\/uploads\/sites\/17\/2018\/06\/INTERVENTI-DEL-PAT-MARCO-CE-ALLE-RELIGIOSE-2-.docx\">INTERVENTI DEL PAT MARCO CE&#8217; ALLE RELIGIOSE 2<\/a><\/p>\n<p><a href=\"https:\/\/venezia.webdiocesi.it\/Evangelizzazione-e-Catechesi\/wp-content\/uploads\/sites\/17\/2018\/06\/MarcoCe_DD_Attualita_Past_12MAGGIO2018.docx\">MarcoCe_DD_Attualita_Past_12MAGGIO2018<\/a><\/p>\n<p><a href=\"https:\/\/venezia.webdiocesi.it\/Evangelizzazione-e-Catechesi\/wp-content\/uploads\/sites\/17\/2018\/06\/Oders-2003-Il-servizio-nella-Chiesa-trascrizione-web.doc\">Oders 2003 Il servizio nella Chiesa trascrizione web<\/a><\/p>\n<p><a href=\"https:\/\/venezia.webdiocesi.it\/Evangelizzazione-e-Catechesi\/wp-content\/uploads\/sites\/17\/2018\/06\/ODERS-A-tutti-gli-Evangelizzatori.-1doc.doc\">ODERS A tutti gli Evangelizzatori. 1doc<\/a><\/p>\n<p><a href=\"https:\/\/venezia.webdiocesi.it\/Evangelizzazione-e-Catechesi\/wp-content\/uploads\/sites\/17\/2018\/06\/ODERS-A-tutti-gli-Evangelizzatori.doc\">ODERS A tutti gli Evangelizzatori<\/a><\/p>\n<p><a href=\"https:\/\/venezia.webdiocesi.it\/Evangelizzazione-e-Catechesi\/wp-content\/uploads\/sites\/17\/2018\/06\/ODERS-ciascuno-di-noi.doc\">ODERS ciascuno di noi<\/a><\/p>\n<p><a href=\"https:\/\/venezia.webdiocesi.it\/Evangelizzazione-e-Catechesi\/wp-content\/uploads\/sites\/17\/2018\/06\/Omelia_Patriarca_Marco_ecumenismo_1997-1.doc\">Omelia_Patriarca_Marco_ecumenismo_1997-1<\/a><\/p>\n<p><a href=\"https:\/\/venezia.webdiocesi.it\/Evangelizzazione-e-Catechesi\/wp-content\/uploads\/sites\/17\/2018\/06\/Omelia_Patriarca_Marco_ecumenismo_1997-2doc.doc\">Omelia_Patriarca_Marco_ecumenismo_1997-2doc<\/a><\/p>\n<p><a href=\"https:\/\/venezia.webdiocesi.it\/Evangelizzazione-e-Catechesi\/wp-content\/uploads\/sites\/17\/2018\/06\/QUALCHE-STRALCIO-DEI-PREZIOSI-INTERVENTI-DI-MARCO-CEQUALCHE-STRALCIO-DEI-PREZIOSI-INTERVENTI-DI-MARCO-CE-ALLE-RELIGIOSE-2.docx\">QUALCHE STRALCIO DEI PREZIOSI INTERVENTI DI MARCO CE&#8217;QUALCHE STRALCIO DEI PREZIOSI INTERVENTI DI MARCO CE&#8217; ALLE RELIGIOSE 2<\/a><\/p>\n<p><a href=\"https:\/\/venezia.webdiocesi.it\/Evangelizzazione-e-Catechesi\/wp-content\/uploads\/sites\/17\/2018\/06\/SALUTO-DI-MARCO-CE-ALLA-25-ASSEMBLEA-DEGLI-SPOSI-1.doc\">SALUTO DI MARCO C&#8217;E&#8217; ALLA 25 ASSEMBLEA DEGLI SPOSI 1<\/a><\/p>\n<p><a href=\"https:\/\/venezia.webdiocesi.it\/Evangelizzazione-e-Catechesi\/wp-content\/uploads\/sites\/17\/2018\/06\/SALUTO-DI-MARCO-CE-ALLA-25-ASSEMBLEA-DEGLI-SPOSI-3.doc\">SALUTO DI MARCO C&#8217;E&#8217; ALLA 25 ASSEMBLEA DEGLI SPOSI 3<\/a><\/p>\n<p><a href=\"https:\/\/venezia.webdiocesi.it\/Evangelizzazione-e-Catechesi\/wp-content\/uploads\/sites\/17\/2018\/06\/Scuola-Biblica-x-celebrazione-Pat-Marco-C\u00e8-Maria-Leonardi-2.doc\">Scuola Biblica x celebrazione Pat Marco C\u00e8 Maria Leonardi 2<\/a><\/p>\n<p><a href=\"https:\/\/venezia.webdiocesi.it\/Evangelizzazione-e-Catechesi\/wp-content\/uploads\/sites\/17\/2018\/06\/Scuola-Biblica-x-celebrazione-Pat-Marco-C\u00e8-Maria-Leonardi.doc\">Scuola Biblica x celebrazione Pat Marco C\u00e8 Maria Leonardi<\/a><\/p>\n<p><a href=\"https:\/\/venezia.webdiocesi.it\/Evangelizzazione-e-Catechesi\/wp-content\/uploads\/sites\/17\/2018\/06\/UCIIM-X-Celebrazione-Pat-Marco-C\u00e8.doc\">UCIIM X Celebrazione Pat Marco C\u00e8<\/a><\/p>\n<p>&nbsp;<\/p>\n<p style=\"text-align: center\">\n","protected":false},"excerpt":{"rendered":"<p>AC x Celebrazione Pa. Marco C\u00e8 (1) AC x Celebrazione Pa. Marco C\u00e8 (2) Casa Famiglia S.Pio X x celebrazione Pat Marco C\u00e8 2doc Casa Famiglia S.Pio X x celebrazione Pat Marco C\u00e8 DEDICA PATR. MARCO CE&#8217; X VANGELO Mc 8.10.1999 Diaconato X Pat Marco C\u00e8 Diacono T. Scatto x Pat Marco C\u00e8 2 doc [&hellip;]<\/p>\n","protected":false},"author":0,"featured_media":0,"parent":120,"menu_order":0,"comment_status":"closed","ping_status":"closed","template":"","meta":{"_acf_changed":false,"ip_address":"","user_agent":"","level":"","revision":"","cookie_id":"","page_referer":"","html_form":"","footnotes":""},"class_list":["post-2213","page","type-page","status-publish","hentry"],"acf":[],"_links":{"self":[{"href":"https:\/\/www.patriarcatovenezia.it\/evangelizzazione-e-catechesi\/wp-json\/wp\/v2\/pages\/2213"}],"collection":[{"href":"https:\/\/www.patriarcatovenezia.it\/evangelizzazione-e-catechesi\/wp-json\/wp\/v2\/pages"}],"about":[{"href":"https:\/\/www.patriarcatovenezia.it\/evangelizzazione-e-catechesi\/wp-json\/wp\/v2\/types\/page"}],"author":[{"embeddable":true,"href":"https:\/\/www.patriarcatovenezia.it\/evangelizzazione-e-catechesi\/wp-json\/wp\/v2\/users\/9"}],"replies":[{"embeddable":true,"href":"https:\/\/www.patriarcatovenezia.it\/evangelizzazione-e-catechesi\/wp-json\/wp\/v2\/comments?post=2213"}],"version-history":[{"count":8,"href":"https:\/\/www.patriarcatovenezia.it\/evangelizzazione-e-catechesi\/wp-json\/wp\/v2\/pages\/2213\/revisions"}],"predecessor-version":[{"id":2459,"href":"https:\/\/www.patriarcatovenezia.it\/evangelizzazione-e-catechesi\/wp-json\/wp\/v2\/pages\/2213\/revisions\/2459"}],"up":[{"embeddable":true,"href":"https:\/\/www.patriarcatovenezia.it\/evangelizzazione-e-catechesi\/wp-json\/wp\/v2\/pages\/120"}],"wp:attachment":[{"href":"https:\/\/www.patriarcatovenezia.it\/evangelizzazione-e-catechesi\/wp-json\/wp\/v2\/media?parent=2213"}],"curies":[{"name":"wp","href":"https:\/\/api.w.org\/{rel}","templated":true}]}}