{"id":2049,"date":"2017-06-01T16:22:19","date_gmt":"2017-06-01T14:22:19","guid":{"rendered":"https:\/\/venezia.webdiocesi.it\/Evangelizzazione-e-Catechesi\/?page_id=2049"},"modified":"2017-06-01T16:23:29","modified_gmt":"2017-06-01T14:23:29","slug":"incontro-della-carita-2007","status":"publish","type":"page","link":"https:\/\/www.patriarcatovenezia.it\/evangelizzazione-e-catechesi\/archivio-attivita\/incontro-della-carita-2007\/","title":{"rendered":"Incontro della Carit\u00e0 2007"},"content":{"rendered":"<h4><strong><img loading=\"lazy\" decoding=\"async\" class=\"size-medium wp-image-2050 alignleft\" src=\"https:\/\/venezia.webdiocesi.it\/Evangelizzazione-e-Catechesi\/wp-content\/uploads\/sites\/17\/2017\/06\/pendola-da-presentazione-175x300.jpg\" alt=\"\" width=\"175\" height=\"300\" srcset=\"https:\/\/www.patriarcatovenezia.it\/evangelizzazione-e-catechesi\/wp-content\/uploads\/sites\/17\/2017\/06\/pendola-da-presentazione-175x300.jpg 175w, https:\/\/www.patriarcatovenezia.it\/evangelizzazione-e-catechesi\/wp-content\/uploads\/sites\/17\/2017\/06\/pendola-da-presentazione-768x1317.jpg 768w, https:\/\/www.patriarcatovenezia.it\/evangelizzazione-e-catechesi\/wp-content\/uploads\/sites\/17\/2017\/06\/pendola-da-presentazione-597x1024.jpg 597w, https:\/\/www.patriarcatovenezia.it\/evangelizzazione-e-catechesi\/wp-content\/uploads\/sites\/17\/2017\/06\/pendola-da-presentazione-163x280.jpg 163w, https:\/\/www.patriarcatovenezia.it\/evangelizzazione-e-catechesi\/wp-content\/uploads\/sites\/17\/2017\/06\/pendola-da-presentazione-448x768.jpg 448w, https:\/\/www.patriarcatovenezia.it\/evangelizzazione-e-catechesi\/wp-content\/uploads\/sites\/17\/2017\/06\/pendola-da-presentazione.jpg 1447w\" sizes=\"(max-width: 175px) 100vw, 175px\" \/>DOMENICA 16 DICEMBRE<\/strong><\/h4>\n<h5><strong>ore 15.30 &#8211; Basilica di San Marco<\/strong><\/h5>\n<h4><span style=\"color: #993366\"><strong>INCONTRO della CARITA&#8217; 2007<\/strong><\/span><\/h4>\n<h4><span style=\"color: #993366\"><strong>&#8220;SEI TU COLUI CHE DEVE VENIRE?&#8221;<\/strong><\/span><\/h4>\n<p>Ricordiamo ancora una volta che <strong>la raccolta di materiale didattico<\/strong> per i bambini delle scuole di Peja (in Kossovo) e di Livno (in Bosnia-Herzegovina) va consegnato, come segnalato nel sussidio di Avvento, presso le sedi della Caritas (a Venezia) e della San Vincenzo (a Mestre).<\/p>\n<p><strong>Ultime <a href=\"https:\/\/venezia.webdiocesi.it\/Evangelizzazione-e-Catechesi\/wp-content\/uploads\/sites\/17\/2017\/06\/Ultime-comunicazioni-per-il-16-dicembre.pdf\">informazioni per la partecipazione<\/a><\/strong><\/p>\n<p><strong>OTTAVIO\u2026 il contatorno<\/strong><br \/>\nPer far s\u00ec che i bambini possano prepararsi all&#8217;incontro e contemporaneamente riconoscersi lungo la via, si \u00e8 pensato di far costruire ad ognuno un particolare \u201corologio\u201d che servir\u00e0 a misurare il tempo che ci separa dall&#8217;appuntamento con il Patriarca a S. Marco\u2026 <img loading=\"lazy\" decoding=\"async\" class=\"wp-image-1949 alignright\" src=\"https:\/\/venezia.webdiocesi.it\/Evangelizzazione-e-Catechesi\/wp-content\/uploads\/sites\/17\/2017\/05\/orologio_colorato-300x300.jpg\" alt=\"\" width=\"198\" height=\"198\" \/>L&#8217;orologio sar\u00e0 usato anche in Basilica per scandire alcuni passaggi e (come ci spiegher\u00e0 il Patriarca stesso) a tenere alta &#8220;la tensione&#8221; verso il Natale\u2026 \u00c8 molto importante perci\u00f2 realizzare con ogni bambino questo semplice oggetto per far s\u00ec che tutti possano godere di una piena partecipazione all&#8217;evento.<\/p>\n<p style=\"text-align: right\"><strong>Scarica il pdf con il disegno e le istruzioni per costruire <a href=\"https:\/\/venezia.webdiocesi.it\/Evangelizzazione-e-Catechesi\/wp-content\/uploads\/sites\/17\/2017\/06\/OTTAVIO_il-contatorno.pdf\">OTTAVIO<\/a><\/strong><\/p>\n","protected":false},"excerpt":{"rendered":"<p>DOMENICA 16 DICEMBRE ore 15.30 &#8211; Basilica di San Marco INCONTRO della CARITA&#8217; 2007 &#8220;SEI TU COLUI CHE DEVE VENIRE?&#8221; Ricordiamo ancora una volta che la raccolta di materiale didattico per i bambini delle scuole di Peja (in Kossovo) e di Livno (in Bosnia-Herzegovina) va consegnato, come segnalato nel sussidio di Avvento, presso le sedi [&hellip;]<\/p>\n","protected":false},"author":0,"featured_media":0,"parent":221,"menu_order":0,"comment_status":"closed","ping_status":"closed","template":"","meta":{"_acf_changed":false,"ip_address":"","user_agent":"","level":"","revision":"","cookie_id":"","page_referer":"","html_form":"","footnotes":""},"class_list":["post-2049","page","type-page","status-publish","hentry"],"acf":[],"_links":{"self":[{"href":"https:\/\/www.patriarcatovenezia.it\/evangelizzazione-e-catechesi\/wp-json\/wp\/v2\/pages\/2049"}],"collection":[{"href":"https:\/\/www.patriarcatovenezia.it\/evangelizzazione-e-catechesi\/wp-json\/wp\/v2\/pages"}],"about":[{"href":"https:\/\/www.patriarcatovenezia.it\/evangelizzazione-e-catechesi\/wp-json\/wp\/v2\/types\/page"}],"author":[{"embeddable":true,"href":"https:\/\/www.patriarcatovenezia.it\/evangelizzazione-e-catechesi\/wp-json\/wp\/v2\/users\/9"}],"replies":[{"embeddable":true,"href":"https:\/\/www.patriarcatovenezia.it\/evangelizzazione-e-catechesi\/wp-json\/wp\/v2\/comments?post=2049"}],"version-history":[{"count":2,"href":"https:\/\/www.patriarcatovenezia.it\/evangelizzazione-e-catechesi\/wp-json\/wp\/v2\/pages\/2049\/revisions"}],"predecessor-version":[{"id":2054,"href":"https:\/\/www.patriarcatovenezia.it\/evangelizzazione-e-catechesi\/wp-json\/wp\/v2\/pages\/2049\/revisions\/2054"}],"up":[{"embeddable":true,"href":"https:\/\/www.patriarcatovenezia.it\/evangelizzazione-e-catechesi\/wp-json\/wp\/v2\/pages\/221"}],"wp:attachment":[{"href":"https:\/\/www.patriarcatovenezia.it\/evangelizzazione-e-catechesi\/wp-json\/wp\/v2\/media?parent=2049"}],"curies":[{"name":"wp","href":"https:\/\/api.w.org\/{rel}","templated":true}]}}