{"id":1948,"date":"2017-05-31T16:28:32","date_gmt":"2017-05-31T14:28:32","guid":{"rendered":"https:\/\/venezia.webdiocesi.it\/Evangelizzazione-e-Catechesi\/?page_id=1948"},"modified":"2017-06-01T16:26:34","modified_gmt":"2017-06-01T14:26:34","slug":"cammino-di-avvento-2007-e-quaresima-2008_bambini","status":"publish","type":"page","link":"https:\/\/www.patriarcatovenezia.it\/evangelizzazione-e-catechesi\/cammino-di-avvento-2007-e-quaresima-2008_bambini\/","title":{"rendered":"Cammino di Avvento 2007 e Quaresima 2008_bambini"},"content":{"rendered":"<h5 style=\"text-align: right\"><strong>AVVENTO e SANTO NATALE 2007 &#8211; anno A<\/strong><\/h5>\n<h4 style=\"text-align: right\"><span style=\"color: #993366\"><strong><img loading=\"lazy\" decoding=\"async\" class=\"wp-image-1949 alignleft\" src=\"https:\/\/venezia.webdiocesi.it\/Evangelizzazione-e-Catechesi\/wp-content\/uploads\/sites\/17\/2017\/05\/orologio_colorato-300x300.jpg\" alt=\"\" width=\"251\" height=\"251\" \/>SEI TU COLUI CHE DEVE VENIRE?<\/strong><\/span><\/h4>\n<p>Fare Natale significa innanzitutto affermare che Cristo \u00e8 gi\u00e0 venuto duemila anni fa. Infatti, il bene che facciamo e che vediamo attorno a noi \u00e8 il frutto della sua venuta tra gli uomini. Fare Natale vuol dire anche annunciare che Cristo viene di nuovo, viene oggi, per aiutarci a riconoscere i segni del suo amore e scoprire la gioia che viene da Lui. Egli viene di nuovo per farci vivere da fratelli e figli di Dio. Fare Natale significa prepararci al momento in cui Cristo ritorner\u00e0 tra noi nell&#8217;ultimo giorno, quando tutti <a href=\"https:\/\/venezia.webdiocesi.it\/Evangelizzazione-e-Catechesi\/archivio-attivita\/incontro-della-carita-2007\/\"><img loading=\"lazy\" decoding=\"async\" class=\"wp-image-2055 size-medium alignright\" src=\"https:\/\/venezia.webdiocesi.it\/Evangelizzazione-e-Catechesi\/wp-content\/uploads\/sites\/17\/2017\/05\/locandina-incontro-della-carit\u00e0-2007-125x300.jpg\" width=\"125\" height=\"300\" srcset=\"https:\/\/www.patriarcatovenezia.it\/evangelizzazione-e-catechesi\/wp-content\/uploads\/sites\/17\/2017\/05\/locandina-incontro-della-carit\u00e0-2007-125x300.jpg 125w, https:\/\/www.patriarcatovenezia.it\/evangelizzazione-e-catechesi\/wp-content\/uploads\/sites\/17\/2017\/05\/locandina-incontro-della-carit\u00e0-2007-117x280.jpg 117w, https:\/\/www.patriarcatovenezia.it\/evangelizzazione-e-catechesi\/wp-content\/uploads\/sites\/17\/2017\/05\/locandina-incontro-della-carit\u00e0-2007.jpg 229w\" sizes=\"(max-width: 125px) 100vw, 125px\" \/><\/a>abiteremo nella sua casa dove non ci sar\u00e0 pi\u00f9 il peccato, la morte e il pianto.<br \/>\nPerch\u00e9 noi possiamo riconoscere Ges\u00f9, accoglierlo e seguirlo per sempre, \u00e8 necessario prepararci, \u00e8 necessario \u201cfare Avvento\u201d.<\/p>\n<p><strong>Scarica il sussidio per i gruppi 6-10 anni:<\/strong><\/p>\n<p>\u2666 \u00a0<strong><a href=\"https:\/\/venezia.webdiocesi.it\/Evangelizzazione-e-Catechesi\/wp-content\/uploads\/sites\/17\/2017\/05\/Sei_tu_colui_6-10.pdf\">Sei_tu_colui_6-10<\/a><\/strong><\/p>\n<p style=\"text-align: right\"><span style=\"color: #0000ff\"><strong>Clicca sulla locandina per avere notizie sull&#8217;Incontro della Carit\u00e0 2007<\/strong><\/span><\/p>\n<hr \/>\n<h5><strong>QUARESIMA e SANTA PASQUA 2008 &#8211; anno A<\/strong><\/h5>\n<h4><span style=\"color: #993366\"><strong><img loading=\"lazy\" decoding=\"async\" class=\"wp-image-1951 alignright\" src=\"https:\/\/venezia.webdiocesi.it\/Evangelizzazione-e-Catechesi\/wp-content\/uploads\/sites\/17\/2017\/05\/acqua-corrente-color-300x224.jpg\" alt=\"\" width=\"321\" height=\"240\" srcset=\"https:\/\/www.patriarcatovenezia.it\/evangelizzazione-e-catechesi\/wp-content\/uploads\/sites\/17\/2017\/05\/acqua-corrente-color-300x224.jpg 300w, https:\/\/www.patriarcatovenezia.it\/evangelizzazione-e-catechesi\/wp-content\/uploads\/sites\/17\/2017\/05\/acqua-corrente-color-768x574.jpg 768w, https:\/\/www.patriarcatovenezia.it\/evangelizzazione-e-catechesi\/wp-content\/uploads\/sites\/17\/2017\/05\/acqua-corrente-color-1024x765.jpg 1024w, https:\/\/www.patriarcatovenezia.it\/evangelizzazione-e-catechesi\/wp-content\/uploads\/sites\/17\/2017\/05\/acqua-corrente-color-360x269.jpg 360w, https:\/\/www.patriarcatovenezia.it\/evangelizzazione-e-catechesi\/wp-content\/uploads\/sites\/17\/2017\/05\/acqua-corrente-color.jpg 1044w\" sizes=\"(max-width: 321px) 100vw, 321px\" \/>CHI HA SETE VENGA A ME<\/strong><\/span><\/h4>\n<p>Come arrivare alla notte di Pasqua a rinnovare personalmente le promesse battesimali con maggiore conoscenza dei gesti che compiamo e con un po&#8217; pi\u00f9 di consapevolezza del nostro essere ri-nati per vivere in Cristo ogni giorno del tempo che ci \u00e8 dato?<br \/>\nVogliamo proporre ai bambini e ai ragazzi di tutta la Diocesi di vivere questi 40 giorni con lo sguardo fisso sulla notte in cui la Vita ha sconfitto definitivamente la morte, la notte che ha visto nascere la sorgente della nostra speranza cristiana: il poter partecipare della stessa Vita \u201cpiena\u201d che ha sostenuto Ges\u00f9 mentre si abbassava fino alla morte di croce e lo ha poi strappato dal sepolcro per essere riunito al Padre e allo Spirito Santo.<\/p>\n<p><strong>Scarica il sussidio e tutti i materiali: \u00a0\u2666\u00a0<a href=\"https:\/\/venezia.webdiocesi.it\/Evangelizzazione-e-Catechesi\/wp-content\/uploads\/sites\/17\/2017\/05\/Pres_Acquaresima2008.pdf\">Pres_Acquaresima2008<\/a><\/strong><\/p>\n<p>\u2666 prime 3 settimane\u00a0<strong><a href=\"https:\/\/venezia.webdiocesi.it\/Evangelizzazione-e-Catechesi\/wp-content\/uploads\/sites\/17\/2017\/05\/1Acquaresima_6-10.pdf\">1Acquaresima_6-10<\/a>\u00a0<\/strong>\u00a0\u00a0\u2666 dalla 4^ settimana alle Palme \u00a0<strong><a href=\"https:\/\/venezia.webdiocesi.it\/Evangelizzazione-e-Catechesi\/wp-content\/uploads\/sites\/17\/2017\/05\/2Acquaresima_6-10.pdf\">2Acquaresima_6-10<\/a><\/strong><\/p>\n<p>\u2666 per stampare e colorare i simboli \u00a0<strong><a href=\"https:\/\/venezia.webdiocesi.it\/Evangelizzazione-e-Catechesi\/wp-content\/uploads\/sites\/17\/2017\/05\/Acquaresima.pdf\">Acquaresima_disegniBN<\/a><\/strong><\/p>\n","protected":false},"excerpt":{"rendered":"<p>AVVENTO e SANTO NATALE 2007 &#8211; anno A SEI TU COLUI CHE DEVE VENIRE? Fare Natale significa innanzitutto affermare che Cristo \u00e8 gi\u00e0 venuto duemila anni fa. Infatti, il bene che facciamo e che vediamo attorno a noi \u00e8 il frutto della sua venuta tra gli uomini. Fare Natale vuol dire anche annunciare che Cristo [&hellip;]<\/p>\n","protected":false},"author":0,"featured_media":0,"parent":0,"menu_order":0,"comment_status":"closed","ping_status":"closed","template":"","meta":{"_acf_changed":false,"ip_address":"","user_agent":"","level":"","revision":"","cookie_id":"","page_referer":"","html_form":"","footnotes":""},"class_list":["post-1948","page","type-page","status-publish","hentry"],"acf":[],"_links":{"self":[{"href":"https:\/\/www.patriarcatovenezia.it\/evangelizzazione-e-catechesi\/wp-json\/wp\/v2\/pages\/1948"}],"collection":[{"href":"https:\/\/www.patriarcatovenezia.it\/evangelizzazione-e-catechesi\/wp-json\/wp\/v2\/pages"}],"about":[{"href":"https:\/\/www.patriarcatovenezia.it\/evangelizzazione-e-catechesi\/wp-json\/wp\/v2\/types\/page"}],"author":[{"embeddable":true,"href":"https:\/\/www.patriarcatovenezia.it\/evangelizzazione-e-catechesi\/wp-json\/wp\/v2\/users\/9"}],"replies":[{"embeddable":true,"href":"https:\/\/www.patriarcatovenezia.it\/evangelizzazione-e-catechesi\/wp-json\/wp\/v2\/comments?post=1948"}],"version-history":[{"count":3,"href":"https:\/\/www.patriarcatovenezia.it\/evangelizzazione-e-catechesi\/wp-json\/wp\/v2\/pages\/1948\/revisions"}],"predecessor-version":[{"id":2057,"href":"https:\/\/www.patriarcatovenezia.it\/evangelizzazione-e-catechesi\/wp-json\/wp\/v2\/pages\/1948\/revisions\/2057"}],"wp:attachment":[{"href":"https:\/\/www.patriarcatovenezia.it\/evangelizzazione-e-catechesi\/wp-json\/wp\/v2\/media?parent=1948"}],"curies":[{"name":"wp","href":"https:\/\/api.w.org\/{rel}","templated":true}]}}