{"id":1194,"date":"2016-07-07T16:34:22","date_gmt":"2016-07-07T14:34:22","guid":{"rendered":"https:\/\/venezia.webdiocesi.it\/Evangelizzazione-e-Catechesi\/?page_id=1194"},"modified":"2017-06-01T15:38:51","modified_gmt":"2017-06-01T13:38:51","slug":"cammino-di-avvento-2014-e-quaresima-2015","status":"publish","type":"page","link":"https:\/\/www.patriarcatovenezia.it\/evangelizzazione-e-catechesi\/archivio-attivita\/cammino-di-avvento-2014-e-quaresima-2015\/","title":{"rendered":"Cammino di Avvento 2014 e Quaresima 2015_bambini"},"content":{"rendered":"<h5 style=\"text-align: right\"><strong>AVVENTO e NATALE \u00a0&#8211; anno B<\/strong><\/h5>\n<h4 style=\"text-align: justify\"><img loading=\"lazy\" decoding=\"async\" class=\" wp-image-1195 alignleft\" src=\"https:\/\/venezia.webdiocesi.it\/Evangelizzazione-e-Catechesi\/wp-content\/uploads\/sites\/17\/2016\/07\/coro-300x203.jpg\" alt=\"coro\" width=\"270\" height=\"183\" srcset=\"https:\/\/www.patriarcatovenezia.it\/evangelizzazione-e-catechesi\/wp-content\/uploads\/sites\/17\/2016\/07\/coro-300x203.jpg 300w, https:\/\/www.patriarcatovenezia.it\/evangelizzazione-e-catechesi\/wp-content\/uploads\/sites\/17\/2016\/07\/coro-768x520.jpg 768w, https:\/\/www.patriarcatovenezia.it\/evangelizzazione-e-catechesi\/wp-content\/uploads\/sites\/17\/2016\/07\/coro-360x244.jpg 360w, https:\/\/www.patriarcatovenezia.it\/evangelizzazione-e-catechesi\/wp-content\/uploads\/sites\/17\/2016\/07\/coro.jpg 980w\" sizes=\"(max-width: 270px) 100vw, 270px\" \/><strong><span style=\"color: #993366\">SI&#8217; MA IN CORO<\/span><\/strong><\/h4>\n<p style=\"text-align: justify\">Il cammino di Avvento che qui offriamo alle comunit\u00e0 educanti per i gruppi di bambini dai 6 ai 10 anni, si inquadra nell\u2019orizzonte pastorale diocesano 2014-2015 che ha come titolo \u201cCantare la fede\u201d e desidera sviluppare questa immagine del canto corale quale chiave di lettura del Natale e del periodo di preparazione nelle diverse parrocchie.<\/p>\n<p style=\"text-align: justify\">L\u2019espressione \u201ccantare la fede\u201d suggerita da Papa Francesco e rilanciata dal nostro Patriarca, non \u00e8 solo un\u2019azione, ma contiene gi\u00e0 in s\u00e9 la motivazione: la <u>gioia del Vangelo<\/u> \u00e8 ci\u00f2 che sprigiona e alimenta il canto. Una fede<em> cantata <\/em>\u00e8 dunque una fede che riconosce in Ges\u00f9 Cristo la melodia pi\u00f9 bella da far giungere ad ogni uomo o donna, grande o piccolo, invitandolo per \u201ccontagio\u201d ad unirsi al coro dei credenti. Come ci richiama il Patriarca Francesco: <em>siamo chiamati a dilatare nelle nostre citt\u00e0 e nei paesi, in ogni periferia delle anime e dei corpi, la corsa del Vangelo. <\/em>(v. \u201cCantare la fede\u201d p.3)<\/p>\n<p style=\"text-align: justify\">Le letture della domenica son dunque la struttura di questo cammino di Chiesa, nel quale innestiamo una \u201cno<a href=\"https:\/\/venezia.webdiocesi.it\/Evangelizzazione-e-Catechesi\/incontro-della-carita-2016\/\"><img loading=\"lazy\" decoding=\"async\" class=\"wp-image-1704  alignright\" src=\"https:\/\/venezia.webdiocesi.it\/Evangelizzazione-e-Catechesi\/wp-content\/uploads\/sites\/17\/2017\/05\/locIdC2014-212x300.jpg\" width=\"189\" height=\"267\" \/><\/a>ta\u201d diocesana per camminare \u201caccordati\u201d. In questo caso specifico, non con il classico LA, ma con un SI\u2019 (tutto mariano), per sottolineare la nostra personale e comunitaria partecipazione alla gioia del Natale, a cui gli stessi angeli nel Vangelo ci invitano assieme a tutti gli \u201cuomini di buona volont\u00e0\u201d.<\/p>\n<p style=\"text-align: justify\">La figura di Giovanni Battista, accanto a quella di Maria, ci accompagner\u00e0 con la sua originale \u201clezione\u201d di canto-della-fede che sempre la Chiesa ci affida nell\u2019anno B.<\/p>\n<hr \/>\n<h5 style=\"text-align: right\"><strong>QUARESIMA e SANTA PASQUA &#8211; anno B<\/strong><\/h5>\n<h4 style=\"text-align: justify\"><strong><span style=\"color: #993366\">USCIRE x DONARSI<\/span><\/strong><\/h4>\n<p style=\"text-align: justify\">Il tema che, come Centro Missionario e Ufficio evangelizzazione e catechesi proponiamo alle comunit\u00e0 parrocchiali, si raccoglie attorno a tre espressioni che ci accompagneranno, di domenica in domenica, fino alla Pasqua di risurrezione<strong>: <\/strong><em>uscire &#8211; incontrare &#8211; donarsi.\u00a0<\/em>Tre verbi che siamo chiamati ad imparare a declinare nella vita di tutti i giorni e che ci permetteranno di seguire Ges\u00f9 in cammino verso Gerusalemme.<\/p>\n<p style=\"text-align: justify\"><strong>USCIRE<\/strong> da noi stessi, dalle sicurezze acquisite, dalla pigrizia, dalla comodit\u00e0, dalle piccole schiavit\u00f9 quotidiane.<\/p>\n<p style=\"text-align: justify\"><strong>INCONTRARE<\/strong> gli altri, i diversi, nelle \u201cperiferie esistenziali\u201d indicate da Papa Francesco, quelli che normalmente si evita di incrociare anche solo con lo sguardo. Incontrare per essere incontrati, per conoscer meglio se stessi, per rivelarsi ed accogliere la rivelazione dell\u2019altro. Incontrare coloro che stanno sulla soglia o in ricerca, al fine di condividerne gli interrogativi e le domande di senso.<\/p>\n<p style=\"text-align: justify\"><strong>DONARSI <\/strong>lasciandoci \u201ccadere\u201d senza timore, come chicchi nella terra, per aprire la nostra vita a prospettive nuove che solo l\u2019educazione al dono pu\u00f2 generare. Donare il proprio tempo, che \u00e8 la nostra vita, le cose che la riempiono di nulla, la propria libert\u00e0 che \u00e8 reale solo se condivisa con qualcuno. Donare per poter esistere veramente, perch\u00e9 solo il dono ci ha generati e ci genera alla vita.<\/p>\n<p style=\"text-align: justify\">Il\u00a0personaggio d\u2019eccezione con cui confrontarci secondo tale dinamica evangelica:<\/p>\n<p style=\"text-align: justify\"><strong><img loading=\"lazy\" decoding=\"async\" class=\" wp-image-1197 alignleft\" src=\"https:\/\/venezia.webdiocesi.it\/Evangelizzazione-e-Catechesi\/wp-content\/uploads\/sites\/17\/2016\/07\/Caburlotto-205x300.jpg\" alt=\"Caburlotto\" width=\"106\" height=\"155\" srcset=\"https:\/\/www.patriarcatovenezia.it\/evangelizzazione-e-catechesi\/wp-content\/uploads\/sites\/17\/2016\/07\/Caburlotto-205x300.jpg 205w, https:\/\/www.patriarcatovenezia.it\/evangelizzazione-e-catechesi\/wp-content\/uploads\/sites\/17\/2016\/07\/Caburlotto-191x280.jpg 191w, https:\/\/www.patriarcatovenezia.it\/evangelizzazione-e-catechesi\/wp-content\/uploads\/sites\/17\/2016\/07\/Caburlotto.jpg 254w\" sizes=\"(max-width: 106px) 100vw, 106px\" \/>don LUIGI CABURLOTTO<\/strong> &#8211; per i gruppi di bambini dai 6 ai 10 anni<\/p>\n<p style=\"text-align: justify\"><strong>Per approfondimenti vai al sito:<\/strong> <strong><a href=\"http:\/\/www.beatificazioneluigicaburlotto.it\/\">http:\/\/www.beatificazioneluigicaburlotto.it\/<\/a><\/strong><\/p>\n<p style=\"text-align: justify\">(sacerdote veneziano che verr\u00e0 beatificato <u>il 16 maggio 2015<\/u>)<\/p>\n<p>&nbsp;<\/p>\n<p>&nbsp;<\/p>\n","protected":false},"excerpt":{"rendered":"<p>AVVENTO e NATALE \u00a0&#8211; anno B SI&#8217; MA IN CORO Il cammino di Avvento che qui offriamo alle comunit\u00e0 educanti per i gruppi di bambini dai 6 ai 10 anni, si inquadra nell\u2019orizzonte pastorale diocesano 2014-2015 che ha come titolo \u201cCantare la fede\u201d e desidera sviluppare questa immagine del canto corale quale chiave di lettura [&hellip;]<\/p>\n","protected":false},"author":0,"featured_media":0,"parent":221,"menu_order":0,"comment_status":"closed","ping_status":"closed","template":"","meta":{"_acf_changed":false,"ip_address":"","user_agent":"","level":"","revision":"","cookie_id":"","page_referer":"","html_form":"","footnotes":""},"class_list":["post-1194","page","type-page","status-publish","hentry"],"acf":[],"_links":{"self":[{"href":"https:\/\/www.patriarcatovenezia.it\/evangelizzazione-e-catechesi\/wp-json\/wp\/v2\/pages\/1194"}],"collection":[{"href":"https:\/\/www.patriarcatovenezia.it\/evangelizzazione-e-catechesi\/wp-json\/wp\/v2\/pages"}],"about":[{"href":"https:\/\/www.patriarcatovenezia.it\/evangelizzazione-e-catechesi\/wp-json\/wp\/v2\/types\/page"}],"author":[{"embeddable":true,"href":"https:\/\/www.patriarcatovenezia.it\/evangelizzazione-e-catechesi\/wp-json\/wp\/v2\/users\/9"}],"replies":[{"embeddable":true,"href":"https:\/\/www.patriarcatovenezia.it\/evangelizzazione-e-catechesi\/wp-json\/wp\/v2\/comments?post=1194"}],"version-history":[{"count":4,"href":"https:\/\/www.patriarcatovenezia.it\/evangelizzazione-e-catechesi\/wp-json\/wp\/v2\/pages\/1194\/revisions"}],"predecessor-version":[{"id":2032,"href":"https:\/\/www.patriarcatovenezia.it\/evangelizzazione-e-catechesi\/wp-json\/wp\/v2\/pages\/1194\/revisions\/2032"}],"up":[{"embeddable":true,"href":"https:\/\/www.patriarcatovenezia.it\/evangelizzazione-e-catechesi\/wp-json\/wp\/v2\/pages\/221"}],"wp:attachment":[{"href":"https:\/\/www.patriarcatovenezia.it\/evangelizzazione-e-catechesi\/wp-json\/wp\/v2\/media?parent=1194"}],"curies":[{"name":"wp","href":"https:\/\/api.w.org\/{rel}","templated":true}]}}