{"id":4132,"date":"2023-07-13T09:14:58","date_gmt":"2023-07-13T07:14:58","guid":{"rendered":"https:\/\/venezia.webdiocesi.it\/esercizispirituali-oders\/?page_id=4132"},"modified":"2025-09-19T13:30:47","modified_gmt":"2025-09-19T11:30:47","slug":"calendario-esercizi","status":"publish","type":"page","link":"https:\/\/www.patriarcatovenezia.it\/esercizispirituali-oders\/calendario-esercizi\/","title":{"rendered":"Calendario esercizi"},"content":{"rendered":"<div id=\"pl-4132\"  class=\"panel-layout\" ><div id=\"pg-4132-0\"  class=\"panel-grid panel-no-style\" ><div id=\"pgc-4132-0-0\"  class=\"panel-grid-cell\" ><div id=\"panel-4132-0-0-0\" class=\"so-panel widget widget_sow-editor panel-first-child panel-last-child\" data-index=\"0\" ><div\n\t\t\t\n\t\t\tclass=\"so-widget-sow-editor so-widget-sow-editor-base\"\n\t\t\t\n\t\t>\n<div class=\"siteorigin-widget-tinymce textwidget\">\n\t<h4><span style=\"color: #800000;\"><strong>\"Ges\u00f9 passando\u2026vide\u2026chiam\u00f2\u201d!\u00a0<\/strong><\/span><span style=\"color: #800000;\"><strong>(cf. Mc 1,16-20)<\/strong><\/span><\/h4>\n<\/div>\n<\/div><\/div><\/div><\/div><div id=\"pg-4132-1\"  class=\"panel-grid panel-no-style\" ><div id=\"pgc-4132-1-0\"  class=\"panel-grid-cell\" ><div id=\"panel-4132-1-0-0\" class=\"so-panel widget widget_sow-editor panel-first-child panel-last-child\" data-index=\"1\" ><div\n\t\t\t\n\t\t\tclass=\"so-widget-sow-editor so-widget-sow-editor-base\"\n\t\t\t\n\t\t>\n<div class=\"siteorigin-widget-tinymce textwidget\">\n\t<h6>\u201c<em>Ges\u00f9 [...] Passando sulla riva di quel lago, aveva chiamato Pietro e gli altri primi discepoli a essere come Lui \u201cpescatori di uomini\u201d; e ora, dopo la risurrezione, tocca proprio a loro portare avanti questa missione, gettare sempre e nuovamente la rete per immergere nelle acque del mondo la speranza del Vangelo, navigare nel mare della vita perch\u00e9 tutti possano ritrovarsi nell\u2019abbraccio di Dio. Come pu\u00f2 Pietro portare avanti questo compito? Il Vangelo ci dice che \u00e8 possibile solo perch\u00e9 ha sperimentato nella propria vita l\u2019amore infinito e incondizionato di Dio, anche nell\u2019ora del fallimento e del rinnegamento. Per questo, quando \u00e8 Ges\u00f9 a rivolgersi a Pietro [...] si riferisce all\u2019amore che Dio ha per noi, al suo offrirsi senza riserve e senza calcoli, diverso da quello usato per la risposta di Pietro, che invece descrive l\u2019amore di amicizia, che ci scambiamo tra di noi. Quando Ges\u00f9 chiede a Pietro: \u00abSimone, figlio di Giovanni, mi ami?\u00bb (Gv 21,16), si riferisce dunque all\u2019amore del Padre. \u00c8 come se Ges\u00f9 gli dicesse: solo se hai conosciuto e sperimentato questo amore di Dio, che non viene mai meno, potrai pascere i miei agnelli; solo nell\u2019amore di Dio Padre potrai amare i tuoi fratelli con un \u201cdi pi\u00f9\u201d, cio\u00e8 offrendo la vita per i tuoi fratelli.<\/em>\u201d<\/h6>\n<h6 style=\"text-align: right;\">[Leone XIV, Omelia inizio ministero petrino, 18 maggio 2025]<\/h6>\n<h6>\u201c<em>Si tratta di porre Ges\u00f9 Cristo al centro e [...] aiutare le persone a vivere una relazione personale con Lui, per scoprire la gioia del Vangelo. [...] portare Cristo \u201cnelle vene\u201d dell\u2019umanit\u00e0, rinnovando e condividendo la missione apostolica<\/em>\u201d<\/h6>\n<h6 style=\"text-align: right;\">[Leone XIV, Discorso ai vescovi italiani, 17 giugno 2025]<\/h6>\n<\/div>\n<\/div><\/div><\/div><div id=\"pgc-4132-1-1\"  class=\"panel-grid-cell\" ><div id=\"panel-4132-1-1-0\" class=\"so-panel widget widget_sow-image panel-first-child panel-last-child\" data-index=\"2\" ><div\n\t\t\t\n\t\t\tclass=\"so-widget-sow-image so-widget-sow-image-default-8b5b6f678277-4132\"\n\t\t\t\n\t\t>\n\n<div class=\"sow-image-container\">\n\t\t<img loading=\"lazy\" decoding=\"async\" src=\"https:\/\/www.patriarcatovenezia.it\/esercizispirituali-oders\/wp-content\/uploads\/sites\/4\/2025\/09\/Odersp_2025-2026_immagine.jpg\" width=\"1600\" height=\"1500\" srcset=\"https:\/\/www.patriarcatovenezia.it\/esercizispirituali-oders\/wp-content\/uploads\/sites\/4\/2025\/09\/Odersp_2025-2026_immagine.jpg 1600w, https:\/\/www.patriarcatovenezia.it\/esercizispirituali-oders\/wp-content\/uploads\/sites\/4\/2025\/09\/Odersp_2025-2026_immagine-300x281.jpg 300w, https:\/\/www.patriarcatovenezia.it\/esercizispirituali-oders\/wp-content\/uploads\/sites\/4\/2025\/09\/Odersp_2025-2026_immagine-1024x960.jpg 1024w, https:\/\/www.patriarcatovenezia.it\/esercizispirituali-oders\/wp-content\/uploads\/sites\/4\/2025\/09\/Odersp_2025-2026_immagine-768x720.jpg 768w, https:\/\/www.patriarcatovenezia.it\/esercizispirituali-oders\/wp-content\/uploads\/sites\/4\/2025\/09\/Odersp_2025-2026_immagine-1536x1440.jpg 1536w\" sizes=\"(max-width: 1600px) 100vw, 1600px\" alt=\"\" \t\tclass=\"so-widget-image\"\/>\n\t<\/div>\n\n<\/div><\/div><\/div><\/div><div id=\"pg-4132-2\"  class=\"panel-grid panel-no-style\" ><div id=\"pgc-4132-2-0\"  class=\"panel-grid-cell\" ><div id=\"panel-4132-2-0-0\" class=\"so-panel widget widget_sow-editor panel-first-child\" data-index=\"3\" ><div\n\t\t\t\n\t\t\tclass=\"so-widget-sow-editor so-widget-sow-editor-base\"\n\t\t\t\n\t\t>\n<div class=\"siteorigin-widget-tinymce textwidget\">\n\t<h4><span style=\"color: #800000;\"><strong>Date 2025-2026<\/strong><\/span><\/h4>\n<\/div>\n<\/div><\/div><div id=\"panel-4132-2-0-1\" class=\"so-panel widget widget_sow-image panel-last-child\" data-index=\"4\" ><div\n\t\t\t\n\t\t\tclass=\"so-widget-sow-image so-widget-sow-image-default-8b5b6f678277-4132\"\n\t\t\t\n\t\t>\n\n<div class=\"sow-image-container\">\n\t\t\t<a href=\"https:\/\/www.patriarcatovenezia.it\/esercizispirituali-oders\/wp-content\/uploads\/sites\/4\/2025\/09\/Loc-es.-spirituali-2025OK_Layout-1_OK.jpg\"\n\t\t\t\t\t data-rel=\"lightbox-image-0\" data-rl_title=\"\" data-rl_caption=\"\">\n\t\t\t<img loading=\"lazy\" decoding=\"async\" src=\"https:\/\/www.patriarcatovenezia.it\/esercizispirituali-oders\/wp-content\/uploads\/sites\/4\/2025\/09\/Loc-es.-spirituali-2025OK_Layout-1_OK.jpg\" width=\"1797\" height=\"2561\" srcset=\"https:\/\/www.patriarcatovenezia.it\/esercizispirituali-oders\/wp-content\/uploads\/sites\/4\/2025\/09\/Loc-es.-spirituali-2025OK_Layout-1_OK.jpg 1797w, https:\/\/www.patriarcatovenezia.it\/esercizispirituali-oders\/wp-content\/uploads\/sites\/4\/2025\/09\/Loc-es.-spirituali-2025OK_Layout-1_OK-211x300.jpg 211w, https:\/\/www.patriarcatovenezia.it\/esercizispirituali-oders\/wp-content\/uploads\/sites\/4\/2025\/09\/Loc-es.-spirituali-2025OK_Layout-1_OK-719x1024.jpg 719w, https:\/\/www.patriarcatovenezia.it\/esercizispirituali-oders\/wp-content\/uploads\/sites\/4\/2025\/09\/Loc-es.-spirituali-2025OK_Layout-1_OK-768x1095.jpg 768w, https:\/\/www.patriarcatovenezia.it\/esercizispirituali-oders\/wp-content\/uploads\/sites\/4\/2025\/09\/Loc-es.-spirituali-2025OK_Layout-1_OK-1078x1536.jpg 1078w, https:\/\/www.patriarcatovenezia.it\/esercizispirituali-oders\/wp-content\/uploads\/sites\/4\/2025\/09\/Loc-es.-spirituali-2025OK_Layout-1_OK-1437x2048.jpg 1437w\" sizes=\"(max-width: 1797px) 100vw, 1797px\" title=\"\" alt=\"\" \t\tclass=\"so-widget-image\"\/>\n\t<\/a><\/div>\n\n<\/div><\/div><\/div><\/div><div id=\"pg-4132-3\"  class=\"panel-grid panel-no-style\" ><div id=\"pgc-4132-3-0\"  class=\"panel-grid-cell\" ><div id=\"panel-4132-3-0-0\" class=\"so-panel widget widget_sow-editor panel-first-child panel-last-child\" data-index=\"5\" ><div\n\t\t\t\n\t\t\tclass=\"so-widget-sow-editor so-widget-sow-editor-base\"\n\t\t\t\n\t\t>\n<div class=\"siteorigin-widget-tinymce textwidget\">\n\t<hr \/>\n<h3><strong><span style=\"color: #000000;\"><em>Vuoi saperne di pi\u00f9? desideri iscriverti?\u00a0<\/em><\/span><\/strong><strong><span style=\"color: #000000;\"><em>Vai alla pagina<\/em> <\/span><a href=\"https:\/\/www.patriarcatovenezia.it\/esercizispirituali-oders\/informazioni-e-iscrizioni\/\">INFORMAZIONI E ISCRIZIONI<\/a><\/strong><\/h3>\n<p>&nbsp;<\/p>\n<\/div>\n<\/div><\/div><\/div><\/div><\/div>","protected":false},"excerpt":{"rendered":"<p>&#8220;Ges\u00f9 passando\u2026vide\u2026chiam\u00f2\u201d!\u00a0(cf. Mc 1,16-20) \u201cGes\u00f9 [&#8230;] Passando sulla riva di quel lago, aveva chiamato Pietro e gli altri primi discepoli a essere come Lui \u201cpescatori di uomini\u201d; e ora, dopo la risurrezione, tocca proprio a loro portare avanti questa missione, gettare sempre e nuovamente la rete per immergere nelle acque del mondo la speranza del [&hellip;]<\/p>\n","protected":false},"author":0,"featured_media":0,"parent":0,"menu_order":5,"comment_status":"closed","ping_status":"closed","template":"","meta":{"_acf_changed":false,"ip_address":"","user_agent":"","level":"","revision":"","cookie_id":"","page_referer":"","html_form":"","footnotes":""},"class_list":["post-4132","page","type-page","status-publish","hentry"],"acf":[],"_links":{"self":[{"href":"https:\/\/www.patriarcatovenezia.it\/esercizispirituali-oders\/wp-json\/wp\/v2\/pages\/4132"}],"collection":[{"href":"https:\/\/www.patriarcatovenezia.it\/esercizispirituali-oders\/wp-json\/wp\/v2\/pages"}],"about":[{"href":"https:\/\/www.patriarcatovenezia.it\/esercizispirituali-oders\/wp-json\/wp\/v2\/types\/page"}],"author":[{"embeddable":true,"href":"https:\/\/www.patriarcatovenezia.it\/esercizispirituali-oders\/wp-json\/wp\/v2\/users\/10"}],"replies":[{"embeddable":true,"href":"https:\/\/www.patriarcatovenezia.it\/esercizispirituali-oders\/wp-json\/wp\/v2\/comments?post=4132"}],"version-history":[{"count":30,"href":"https:\/\/www.patriarcatovenezia.it\/esercizispirituali-oders\/wp-json\/wp\/v2\/pages\/4132\/revisions"}],"predecessor-version":[{"id":11157,"href":"https:\/\/www.patriarcatovenezia.it\/esercizispirituali-oders\/wp-json\/wp\/v2\/pages\/4132\/revisions\/11157"}],"wp:attachment":[{"href":"https:\/\/www.patriarcatovenezia.it\/esercizispirituali-oders\/wp-json\/wp\/v2\/media?parent=4132"}],"curies":[{"name":"wp","href":"https:\/\/api.w.org\/{rel}","templated":true}]}}

<div id="pl-4132"  class="panel-layout" ><div id="pg-4132-0"  class="panel-grid panel-no-style" ><div id="pgc-4132-0-0"  class="panel-grid-cell" ><div id="panel-4132-0-0-0" class="so-panel widget widget_sow-editor panel-first-child panel-last-child" data-index="0" ><div
			
			class="so-widget-sow-editor so-widget-sow-editor-base"
			
		>
<div class="siteorigin-widget-tinymce textwidget">
	<h4><span style="color: #800000;"><strong>"Gesù passando…vide…chiamò”! </strong></span><span style="color: #800000;"><strong>(cf. Mc 1,16-20)</strong></span></h4>
</div>
</div></div></div></div><div id="pg-4132-1"  class="panel-grid panel-no-style" ><div id="pgc-4132-1-0"  class="panel-grid-cell" ><div id="panel-4132-1-0-0" class="so-panel widget widget_sow-editor panel-first-child panel-last-child" data-index="1" ><div
			
			class="so-widget-sow-editor so-widget-sow-editor-base"
			
		>
<div class="siteorigin-widget-tinymce textwidget">
	<h6>“<em>Gesù [...] Passando sulla riva di quel lago, aveva chiamato Pietro e gli altri primi discepoli a essere come Lui “pescatori di uomini”; e ora, dopo la risurrezione, tocca proprio a loro portare avanti questa missione, gettare sempre e nuovamente la rete per immergere nelle acque del mondo la speranza del Vangelo, navigare nel mare della vita perché tutti possano ritrovarsi nell’abbraccio di Dio. Come può Pietro portare avanti questo compito? Il Vangelo ci dice che è possibile solo perché ha sperimentato nella propria vita l’amore infinito e incondizionato di Dio, anche nell’ora del fallimento e del rinnegamento. Per questo, quando è Gesù a rivolgersi a Pietro [...] si riferisce all’amore che Dio ha per noi, al suo offrirsi senza riserve e senza calcoli, diverso da quello usato per la risposta di Pietro, che invece descrive l’amore di amicizia, che ci scambiamo tra di noi. Quando Gesù chiede a Pietro: «Simone, figlio di Giovanni, mi ami?» (Gv 21,16), si riferisce dunque all’amore del Padre. È come se Gesù gli dicesse: solo se hai conosciuto e sperimentato questo amore di Dio, che non viene mai meno, potrai pascere i miei agnelli; solo nell’amore di Dio Padre potrai amare i tuoi fratelli con un “di più”, cioè offrendo la vita per i tuoi fratelli.</em>”</h6>
<h6 style="text-align: right;">[Leone XIV, Omelia inizio ministero petrino, 18 maggio 2025]</h6>
<h6>“<em>Si tratta di porre Gesù Cristo al centro e [...] aiutare le persone a vivere una relazione personale con Lui, per scoprire la gioia del Vangelo. [...] portare Cristo “nelle vene” dell’umanità, rinnovando e condividendo la missione apostolica</em>”</h6>
<h6 style="text-align: right;">[Leone XIV, Discorso ai vescovi italiani, 17 giugno 2025]</h6>
</div>
</div></div></div><div id="pgc-4132-1-1"  class="panel-grid-cell" ><div id="panel-4132-1-1-0" class="so-panel widget widget_sow-image panel-first-child panel-last-child" data-index="2" ><div
			
			class="so-widget-sow-image so-widget-sow-image-default-8b5b6f678277-4132"
			
		>

<div class="sow-image-container">
		<img loading="lazy" decoding="async" src="https://www.patriarcatovenezia.it/esercizispirituali-oders/wp-content/uploads/sites/4/2025/09/Odersp_2025-2026_immagine.jpg" width="1600" height="1500" srcset="https://www.patriarcatovenezia.it/esercizispirituali-oders/wp-content/uploads/sites/4/2025/09/Odersp_2025-2026_immagine.jpg 1600w, https://www.patriarcatovenezia.it/esercizispirituali-oders/wp-content/uploads/sites/4/2025/09/Odersp_2025-2026_immagine-300x281.jpg 300w, https://www.patriarcatovenezia.it/esercizispirituali-oders/wp-content/uploads/sites/4/2025/09/Odersp_2025-2026_immagine-1024x960.jpg 1024w, https://www.patriarcatovenezia.it/esercizispirituali-oders/wp-content/uploads/sites/4/2025/09/Odersp_2025-2026_immagine-768x720.jpg 768w, https://www.patriarcatovenezia.it/esercizispirituali-oders/wp-content/uploads/sites/4/2025/09/Odersp_2025-2026_immagine-1536x1440.jpg 1536w" sizes="(max-width: 1600px) 100vw, 1600px" alt="" 		class="so-widget-image"/>
	</div>

</div></div></div></div><div id="pg-4132-2"  class="panel-grid panel-no-style" ><div id="pgc-4132-2-0"  class="panel-grid-cell" ><div id="panel-4132-2-0-0" class="so-panel widget widget_sow-editor panel-first-child" data-index="3" ><div
			
			class="so-widget-sow-editor so-widget-sow-editor-base"
			
		>
<div class="siteorigin-widget-tinymce textwidget">
	<h4><span style="color: #800000;"><strong>Date 2025-2026</strong></span></h4>
</div>
</div></div><div id="panel-4132-2-0-1" class="so-panel widget widget_sow-image panel-last-child" data-index="4" ><div
			
			class="so-widget-sow-image so-widget-sow-image-default-8b5b6f678277-4132"
			
		>

<div class="sow-image-container">
			<a href="https://www.patriarcatovenezia.it/esercizispirituali-oders/wp-content/uploads/sites/4/2025/09/Loc-es.-spirituali-2025OK_Layout-1_OK.jpg"
					 data-rel="lightbox-image-0" data-rl_title="" data-rl_caption="">
			<img loading="lazy" decoding="async" src="https://www.patriarcatovenezia.it/esercizispirituali-oders/wp-content/uploads/sites/4/2025/09/Loc-es.-spirituali-2025OK_Layout-1_OK.jpg" width="1797" height="2561" srcset="https://www.patriarcatovenezia.it/esercizispirituali-oders/wp-content/uploads/sites/4/2025/09/Loc-es.-spirituali-2025OK_Layout-1_OK.jpg 1797w, https://www.patriarcatovenezia.it/esercizispirituali-oders/wp-content/uploads/sites/4/2025/09/Loc-es.-spirituali-2025OK_Layout-1_OK-211x300.jpg 211w, https://www.patriarcatovenezia.it/esercizispirituali-oders/wp-content/uploads/sites/4/2025/09/Loc-es.-spirituali-2025OK_Layout-1_OK-719x1024.jpg 719w, https://www.patriarcatovenezia.it/esercizispirituali-oders/wp-content/uploads/sites/4/2025/09/Loc-es.-spirituali-2025OK_Layout-1_OK-768x1095.jpg 768w, https://www.patriarcatovenezia.it/esercizispirituali-oders/wp-content/uploads/sites/4/2025/09/Loc-es.-spirituali-2025OK_Layout-1_OK-1078x1536.jpg 1078w, https://www.patriarcatovenezia.it/esercizispirituali-oders/wp-content/uploads/sites/4/2025/09/Loc-es.-spirituali-2025OK_Layout-1_OK-1437x2048.jpg 1437w" sizes="(max-width: 1797px) 100vw, 1797px" title="" alt="" 		class="so-widget-image"/>
	</a></div>

</div></div></div></div><div id="pg-4132-3"  class="panel-grid panel-no-style" ><div id="pgc-4132-3-0"  class="panel-grid-cell" ><div id="panel-4132-3-0-0" class="so-panel widget widget_sow-editor panel-first-child panel-last-child" data-index="5" ><div
			
			class="so-widget-sow-editor so-widget-sow-editor-base"
			
		>
<div class="siteorigin-widget-tinymce textwidget">
	<hr />
<h3><strong><span style="color: #000000;"><em>Vuoi saperne di più? desideri iscriverti? </em></span></strong><strong><span style="color: #000000;"><em>Vai alla pagina</em> </span><a href="https://www.patriarcatovenezia.it/esercizispirituali-oders/informazioni-e-iscrizioni/">INFORMAZIONI E ISCRIZIONI</a></strong></h3>
<p>&nbsp;</p>
</div>
</div></div></div></div></div>

<p>&#8220;Gesù passando…vide…chiamò”! (cf. Mc 1,16-20) “Gesù [&#8230;] Passando sulla riva di quel lago, aveva chiamato Pietro e gli altri primi discepoli a essere come Lui “pescatori di uomini”; e ora, dopo la risurrezione, tocca proprio a loro portare avanti questa missione, gettare sempre e nuovamente la rete per immergere nelle acque del mondo la speranza del [&hellip;]</p>
