{"id":53,"date":"2019-03-19T15:13:06","date_gmt":"2019-03-19T14:13:06","guid":{"rendered":"https:\/\/venezia.webdiocesi.it\/caritas\/?page_id=53"},"modified":"2023-02-14T11:40:54","modified_gmt":"2023-02-14T10:40:54","slug":"centrodascolto","status":"publish","type":"page","link":"https:\/\/www.patriarcatovenezia.it\/caritas\/servizi\/centrodascolto\/","title":{"rendered":"Centro d&#8217;Ascolto"},"content":{"rendered":"<div style=\"width: 1920px;\" class=\"wp-video\"><!--[if lt IE 9]><script>document.createElement('video');<\/script><![endif]-->\n<video class=\"wp-video-shortcode\" id=\"video-53-1\" width=\"1920\" height=\"1080\" preload=\"metadata\" controls=\"controls\"><source type=\"video\/mp4\" src=\"https:\/\/venezia.webdiocesi.it\/caritas\/wp-content\/uploads\/sites\/14\/2022\/10\/scena-1.mp4?_=1\" \/><a href=\"https:\/\/venezia.webdiocesi.it\/caritas\/wp-content\/uploads\/sites\/14\/2022\/10\/scena-1.mp4\">https:\/\/venezia.webdiocesi.it\/caritas\/wp-content\/uploads\/sites\/14\/2022\/10\/scena-1.mp4<\/a><\/video><\/div>\n<hr \/>\n<p><img loading=\"lazy\" decoding=\"async\" class=\"wp-image-904 alignleft\" src=\"https:\/\/venezia.webdiocesi.it\/caritas\/wp-content\/uploads\/sites\/14\/2021\/06\/8X1000-CARIT\u00e0-300x106.jpg\" alt=\"\" width=\"305\" height=\"108\" srcset=\"https:\/\/www.patriarcatovenezia.it\/caritas\/wp-content\/uploads\/sites\/14\/2021\/06\/8X1000-CARIT\u00e0-300x106.jpg 300w, https:\/\/www.patriarcatovenezia.it\/caritas\/wp-content\/uploads\/sites\/14\/2021\/06\/8X1000-CARIT\u00e0-360x127.jpg 360w, https:\/\/www.patriarcatovenezia.it\/caritas\/wp-content\/uploads\/sites\/14\/2021\/06\/8X1000-CARIT\u00e0.jpg 497w\" sizes=\"(max-width: 305px) 100vw, 305px\" \/><\/p>\n<p>Alla base dell\u2019agire di Caritas vi sono i Centri di ascolto con i quali i volontari e gli operatori vengono a contatto con chi ha bisogno di una relazione di aiuto.<\/p>\n<p>Le persone che si pongono in ascolto e\/o intendono aiutare gli altri nei Centri presentano eterogenee motivazioni: professionalita\u0300, abilita\u0300 relazionali, aspettative. Sono modalita\u0300 con le quali esplicano il loro servizio alla persona.<\/p>\n<p>Ad esse non e\u0300 richiesto di possedere un particolare modello teorico di aiuto, quanto, invece, condividere il piu\u0300 possibile il metodo della pedagogia dei fatti, \u00abquello che parte dai problemi e dalle sofferenze delle persone per aiutare tutta la comunita\u0300 (non soltanto i buoni, i bravi, i praticanti, i migliori) a costruire risposte di solidarieta\u0300 nella dimensione della partecipazione e delle corresponsabilita\u0300 per restituire gesti concreti, accoglienza, ospitalita\u0300, servizi del volontariato cattolico diffuso capillarmente in tutte le diocesi italiane\u00bb.<\/p>\n<p>I CdA sono un\u2019espressione di questa sollecitazione, un gesto concreto per dare risposte ai problemi e alle sofferenze delle persone e delle famiglie che chiedono per questo di essere ascoltate La pedagogia dei fatti non pu\u00f2 riguardare solo il singolo gesto, cio\u00e8 non privilegia solo il rapporto che si viene a creare tra chi chiede e chi da\u0300 ascolto, ma riguarda una comunit\u00e0 tutta che nel sortire questi gesti concreti e\u0300 tale in quanto dialoga al suo interno, mettendo in relazione quanti ne fanno parte o vi entrano in contatto.<\/p>\n<p>Il Centro di Ascolto fa dell&#8217;ASCOLTO il suo MODO PROPRIO di SERVIZIO. Il suo &#8220;fare&#8221; prevalente \u00e8 l&#8217;ascolto, cuore della relazione di aiuto, dove chi ascolta e chi \u00e8 ascoltato vengono coinvolti, con ruoli diversi, in un progetto che, ricercando le soluzioni pi\u00f9 adeguate, punta a un processo di liberazione della persona dal bisogno.<\/p>\n<p><a href=\"https:\/\/venezia.webdiocesi.it\/caritas\/wp-content\/uploads\/sites\/14\/2019\/03\/4a74348bf780a12006804bbe34639115_XL.jpg\" data-rel=\"lightbox-image-0\" data-rl_title=\"\" data-rl_caption=\"\" title=\"\"><img loading=\"lazy\" decoding=\"async\" class=\"size-medium wp-image-54 alignright\" src=\"https:\/\/venezia.webdiocesi.it\/caritas\/wp-content\/uploads\/sites\/14\/2019\/03\/4a74348bf780a12006804bbe34639115_XL-300x257.jpg\" alt=\"\" width=\"300\" height=\"257\" srcset=\"https:\/\/www.patriarcatovenezia.it\/caritas\/wp-content\/uploads\/sites\/14\/2019\/03\/4a74348bf780a12006804bbe34639115_XL-300x257.jpg 300w, https:\/\/www.patriarcatovenezia.it\/caritas\/wp-content\/uploads\/sites\/14\/2019\/03\/4a74348bf780a12006804bbe34639115_XL-768x659.jpg 768w, https:\/\/www.patriarcatovenezia.it\/caritas\/wp-content\/uploads\/sites\/14\/2019\/03\/4a74348bf780a12006804bbe34639115_XL-326x280.jpg 326w, https:\/\/www.patriarcatovenezia.it\/caritas\/wp-content\/uploads\/sites\/14\/2019\/03\/4a74348bf780a12006804bbe34639115_XL-895x768.jpg 895w, https:\/\/www.patriarcatovenezia.it\/caritas\/wp-content\/uploads\/sites\/14\/2019\/03\/4a74348bf780a12006804bbe34639115_XL.jpg 900w\" sizes=\"(max-width: 300px) 100vw, 300px\" \/><\/a>Dall&#8217;Ascolto e dall&#8217;Accoglienza della persona conseguono le altre funzioni specifiche:<\/p>\n<ol>\n<li>Presa in carico delle storie di sofferenza e definizione di un progetto di\u00a0&#8220;liberazione&#8221;.<\/li>\n<li>Orientamento delle persone verso una rilettura delle reali esigenze e una ricerca\u00a0delle soluzioni pi\u00f9 indicate e dei servizi pi\u00f9 adeguati presenti sul territorio.<\/li>\n<li>Accompagnamento di chi sperimenta la mancanza di punti di riferimento e di\u00a0interlocutori che restituiscano la speranza di un cambiamento, mettendo in contatto la\u00a0persona con i servizi presenti sul territorio ed attivando tutte le risorse possibili.<\/li>\n<li>Prima risposta per i bisogni pi\u00f9 urgenti, sempre attraverso il coinvolgimento delle\u00a0comunit\u00e0 parrocchiali e del territorio.<\/li>\n<\/ol>\n<p>A volte dopo una attenta valutazione del bisogno, l\u2019\u00e9quipe del CdA, pu\u00f2 decidere di sostenere economicamente la persona in stato di necessit\u00e0 pagando quote di affitto, utenze, spese sanitarie, funerali,\u2026 Caritas in questi casi non consegna mai denaro contante in mano delle persone, ma paga direttamente il debitore, che sia privato o Istituzionale.<\/p>\n<p>Il Centro d\u2019Ascolto pu\u00f2 aiutare le persone nel disbrigo di pratiche amministrative e indirizzarle verso il riconoscimento di eventuali diritti.<\/p>\n<p>La collaborazione tra Servizi del Comune di Venezia e il Centro d\u2019Ascolto \u00e8 quotidiana e fondamentale per sostenere le persone nel loro percorso di fuoriuscita dalla situazione di disagio.<\/p>\n<p>I Centri d\u2019Ascolto si trovano distribuiti sul territorio diocesano (per info: <a href=\"tel:3341032714\">3341032714<\/a>):<\/p>\n<ul>\n<li>Cda Marghera<\/li>\n<li>Cda Venezia<\/li>\n<li>Cda Mestre\n<ul>\n<li>Cda di II livello specializzato in inserimenti nelle opere segno e sostegno migranti<\/li>\n<li>Cda II livello \u2013 Problemi familiari e disagio giovanile<\/li>\n<\/ul>\n<\/li>\n<\/ul>\n<p>&nbsp;<\/p>\n<figure id=\"attachment_275\" aria-describedby=\"caption-attachment-275\" style=\"width: 730px\" class=\"wp-caption aligncenter\"><a href=\"http:\/\/www.caritasitaliana.it\/home_page\/attivita_\/00006833_Centri_di_ascolto.html\"><img loading=\"lazy\" decoding=\"async\" class=\"wp-image-275 size-full\" src=\"https:\/\/venezia.webdiocesi.it\/caritas\/wp-content\/uploads\/sites\/14\/2019\/08\/BANNER-1.jpg\" alt=\"\" width=\"730\" height=\"80\" srcset=\"https:\/\/www.patriarcatovenezia.it\/caritas\/wp-content\/uploads\/sites\/14\/2019\/08\/BANNER-1.jpg 730w, https:\/\/www.patriarcatovenezia.it\/caritas\/wp-content\/uploads\/sites\/14\/2019\/08\/BANNER-1-300x33.jpg 300w, https:\/\/www.patriarcatovenezia.it\/caritas\/wp-content\/uploads\/sites\/14\/2019\/08\/BANNER-1-360x39.jpg 360w\" sizes=\"(max-width: 730px) 100vw, 730px\" \/><\/a><figcaption id=\"caption-attachment-275\" class=\"wp-caption-text\"><strong>(a cura di Caritas Italiana)<\/strong><\/figcaption><\/figure>\n","protected":false},"excerpt":{"rendered":"<p>Alla base dell\u2019agire di Caritas vi sono i Centri di ascolto con i quali i volontari e gli operatori vengono a contatto con chi ha bisogno di una relazione di aiuto. Le persone che si pongono in ascolto e\/o intendono aiutare gli altri nei Centri presentano eterogenee motivazioni: professionalita\u0300, abilita\u0300 relazionali, aspettative. Sono modalita\u0300 con [&hellip;]<\/p>\n","protected":false},"author":0,"featured_media":0,"parent":162,"menu_order":0,"comment_status":"closed","ping_status":"closed","template":"","meta":{"_acf_changed":false,"ip_address":"","user_agent":"","level":"","revision":"","cookie_id":"","page_referer":"","html_form":"","footnotes":""},"class_list":["post-53","page","type-page","status-publish","hentry"],"acf":[],"_links":{"self":[{"href":"https:\/\/www.patriarcatovenezia.it\/caritas\/wp-json\/wp\/v2\/pages\/53"}],"collection":[{"href":"https:\/\/www.patriarcatovenezia.it\/caritas\/wp-json\/wp\/v2\/pages"}],"about":[{"href":"https:\/\/www.patriarcatovenezia.it\/caritas\/wp-json\/wp\/v2\/types\/page"}],"author":[{"embeddable":true,"href":"https:\/\/www.patriarcatovenezia.it\/caritas\/wp-json\/wp\/v2\/users\/21"}],"replies":[{"embeddable":true,"href":"https:\/\/www.patriarcatovenezia.it\/caritas\/wp-json\/wp\/v2\/comments?post=53"}],"version-history":[{"count":17,"href":"https:\/\/www.patriarcatovenezia.it\/caritas\/wp-json\/wp\/v2\/pages\/53\/revisions"}],"predecessor-version":[{"id":1113,"href":"https:\/\/www.patriarcatovenezia.it\/caritas\/wp-json\/wp\/v2\/pages\/53\/revisions\/1113"}],"up":[{"embeddable":true,"href":"https:\/\/www.patriarcatovenezia.it\/caritas\/wp-json\/wp\/v2\/pages\/162"}],"wp:attachment":[{"href":"https:\/\/www.patriarcatovenezia.it\/caritas\/wp-json\/wp\/v2\/media?parent=53"}],"curies":[{"name":"wp","href":"https:\/\/api.w.org\/{rel}","templated":true}]}}