{"id":2,"date":"2019-02-26T11:18:47","date_gmt":"2019-02-26T10:18:47","guid":{"rendered":"https:\/\/venezia.webdiocesi.it\/caritas\/?page_id=2"},"modified":"2025-06-23T15:10:11","modified_gmt":"2025-06-23T13:10:11","slug":"chi-siamo","status":"publish","type":"page","link":"https:\/\/www.patriarcatovenezia.it\/caritas\/chi-siamo\/","title":{"rendered":"Chi siamo"},"content":{"rendered":"<blockquote><p><span style=\"color: #800000;\"><strong>Dallo Statuto, articolo 1<\/strong><\/span><\/p>\n<p><span style=\"color: #800000;\"><em>La Caritas Veneziana \u00e8 l\u2019organismo pastorale istituito dal Patriarca al fine di promuovere, anche in collaborazione con altri organismi, la testimonianza della carit\u00e0 della comunit\u00e0 ecclesiale diocesana, e delle comunit\u00e0 minori, specie parrocchiali, in forme consone ai tempi e ai bisogni, in vista dello sviluppo integrale dell\u2019uomo, della giustizia sociale e della pace con prevalente funzione pedagogica e con particolare attenzione agli ultimi.<\/em><\/span><\/p>\n<p><span style=\"color: #800000;\"><em>La Caritas \u00e8 lo strumento ufficiale della Diocesi per la promozione e il coordinamento delle iniziative caritative e assistenziali.<\/em><\/span><\/p><\/blockquote>\n<hr \/>\n<p><span style=\"color: #800000;\"><strong>\u00c9QUIPE CARITAS VENEZIANA<\/strong><\/span><\/p>\n<p><b>DIRETTORE<\/b><br \/>\nSENSINI dott. FRANCO<\/p>\n<p><b>SEGRETERIA<\/b><br \/>\nGRASSELLI ALBERTA<br \/>\nBONALDI CARLO<\/p>\n<p><b>AREA GIUSTIZIA<\/b><br \/>\nGRASSELLI ALBERTA<br \/>\nLIBERT\u00c1 MARTINA<\/p>\n<p><strong>ACCOGLIENZE<\/strong><br \/>\nLIBERT\u00c1 MARTINA<br \/>\nBALDAN DENIS<\/p>\n<hr \/>\n<blockquote><p><span style=\"color: #800000;\"><em><span id=\"CEI2008_2_53_13_1\" class=\"verse with_note \"><span class=\"text-to-speech\">Se parlassi le lingue degli uomini e degli angeli, ma non avessi la carit\u00e0, sarei come bronzo che rimbomba o come cimbalo che strepita.<\/span><\/span><\/em><\/span><\/p>\n<p><span style=\"color: #800000;\"><em><span id=\"CEI2008_2_53_13_2\" class=\"verse \"><span class=\"text-to-speech\">E se avessi il dono della profezia, se conoscessi tutti i misteri e avessi tutta la conoscenza, se possedessi tanta fede da trasportare le montagne, ma non avessi la carit\u00e0, non sarei nulla.<\/span><\/span><\/em><\/span><\/p>\n<p><span style=\"color: #800000;\"><em><span id=\"CEI2008_2_53_13_3\" class=\"verse with_note \"><span class=\"text-to-speech\">E se anche dessi in cibo tutti i miei beni e consegnassi il mio corpo per averne vanto, ma non avessi la carit\u00e0, a nulla mi servirebbe.<\/span><\/span><\/em><\/span><\/p>\n<p><span style=\"color: #800000;\"><em><span id=\"CEI2008_2_53_13_4\" class=\"verse with_note \"><span class=\"text-to-speech\">La carit\u00e0 \u00e8 magnanima, benevola \u00e8 la carit\u00e0; non \u00e8 invidiosa, non si vanta, non si gonfia d&#8217;orgoglio,<\/span>\u00a0<\/span><span id=\"CEI2008_2_53_13_5\" class=\"verse \"><span class=\"text-to-speech\">non manca di rispetto, non cerca il proprio interesse, non si adira, non tiene conto del male ricevuto,<\/span>\u00a0<\/span><span id=\"CEI2008_2_53_13_6\" class=\"verse \"><span class=\"text-to-speech\">non gode dell&#8217;ingiustizia ma si rallegra della verit\u00e0.<\/span><\/span><\/em><\/span><\/p>\n<p><span style=\"color: #800000;\"><em><span id=\"CEI2008_2_53_13_7\" class=\"verse \"><span class=\"text-to-speech\">Tutto scusa, tutto crede, tutto spera, tutto sopporta.<\/span><\/span><\/em><\/span><\/p>\n<p style=\"text-align: right;\"><span style=\"color: #800000;\">Prima lettera di San Paolo apostolo ai Corinzi, cap. 13<\/span><\/p>\n<\/blockquote>\n","protected":false},"excerpt":{"rendered":"<p>Dallo Statuto, articolo 1 La Caritas Veneziana \u00e8 l\u2019organismo pastorale istituito dal Patriarca al fine di promuovere, anche in collaborazione con altri organismi, la testimonianza della carit\u00e0 della comunit\u00e0 ecclesiale diocesana, e delle comunit\u00e0 minori, specie parrocchiali, in forme consone ai tempi e ai bisogni, in vista dello sviluppo integrale dell\u2019uomo, della giustizia sociale e [&hellip;]<\/p>\n","protected":false},"author":0,"featured_media":0,"parent":0,"menu_order":0,"comment_status":"closed","ping_status":"open","template":"","meta":{"_acf_changed":false,"ip_address":"","user_agent":"","level":"","revision":"","cookie_id":"","page_referer":"","html_form":"","footnotes":""},"class_list":["post-2","page","type-page","status-publish","hentry"],"acf":[],"_links":{"self":[{"href":"https:\/\/www.patriarcatovenezia.it\/caritas\/wp-json\/wp\/v2\/pages\/2"}],"collection":[{"href":"https:\/\/www.patriarcatovenezia.it\/caritas\/wp-json\/wp\/v2\/pages"}],"about":[{"href":"https:\/\/www.patriarcatovenezia.it\/caritas\/wp-json\/wp\/v2\/types\/page"}],"author":[{"embeddable":true,"href":"https:\/\/www.patriarcatovenezia.it\/caritas\/wp-json\/wp\/v2\/users\/1"}],"replies":[{"embeddable":true,"href":"https:\/\/www.patriarcatovenezia.it\/caritas\/wp-json\/wp\/v2\/comments?post=2"}],"version-history":[{"count":28,"href":"https:\/\/www.patriarcatovenezia.it\/caritas\/wp-json\/wp\/v2\/pages\/2\/revisions"}],"predecessor-version":[{"id":3542,"href":"https:\/\/www.patriarcatovenezia.it\/caritas\/wp-json\/wp\/v2\/pages\/2\/revisions\/3542"}],"wp:attachment":[{"href":"https:\/\/www.patriarcatovenezia.it\/caritas\/wp-json\/wp\/v2\/media?parent=2"}],"curies":[{"name":"wp","href":"https:\/\/api.w.org\/{rel}","templated":true}]}}

<blockquote><p><span style="color: #800000;"><strong>Dallo Statuto, articolo 1</strong></span></p>
<p><span style="color: #800000;"><em>La Caritas Veneziana è l’organismo pastorale istituito dal Patriarca al fine di promuovere, anche in collaborazione con altri organismi, la testimonianza della carità della comunità ecclesiale diocesana, e delle comunità minori, specie parrocchiali, in forme consone ai tempi e ai bisogni, in vista dello sviluppo integrale dell’uomo, della giustizia sociale e della pace con prevalente funzione pedagogica e con particolare attenzione agli ultimi.</em></span></p>
<p><span style="color: #800000;"><em>La Caritas è lo strumento ufficiale della Diocesi per la promozione e il coordinamento delle iniziative caritative e assistenziali.</em></span></p></blockquote>
<hr />
<p><span style="color: #800000;"><strong>ÉQUIPE CARITAS VENEZIANA</strong></span></p>
<p><b>DIRETTORE</b><br />
SENSINI dott. FRANCO</p>
<p><b>SEGRETERIA</b><br />
GRASSELLI ALBERTA<br />
BONALDI CARLO</p>
<p><b>AREA GIUSTIZIA</b><br />
GRASSELLI ALBERTA<br />
LIBERTÁ MARTINA</p>
<p><strong>ACCOGLIENZE</strong><br />
LIBERTÁ MARTINA<br />
BALDAN DENIS</p>
<hr />
<blockquote><p><span style="color: #800000;"><em><span id="CEI2008_2_53_13_1" class="verse with_note "><span class="text-to-speech">Se parlassi le lingue degli uomini e degli angeli, ma non avessi la carità, sarei come bronzo che rimbomba o come cimbalo che strepita.</span></span></em></span></p>
<p><span style="color: #800000;"><em><span id="CEI2008_2_53_13_2" class="verse "><span class="text-to-speech">E se avessi il dono della profezia, se conoscessi tutti i misteri e avessi tutta la conoscenza, se possedessi tanta fede da trasportare le montagne, ma non avessi la carità, non sarei nulla.</span></span></em></span></p>
<p><span style="color: #800000;"><em><span id="CEI2008_2_53_13_3" class="verse with_note "><span class="text-to-speech">E se anche dessi in cibo tutti i miei beni e consegnassi il mio corpo per averne vanto, ma non avessi la carità, a nulla mi servirebbe.</span></span></em></span></p>
<p><span style="color: #800000;"><em><span id="CEI2008_2_53_13_4" class="verse with_note "><span class="text-to-speech">La carità è magnanima, benevola è la carità; non è invidiosa, non si vanta, non si gonfia d&#8217;orgoglio,</span> </span><span id="CEI2008_2_53_13_5" class="verse "><span class="text-to-speech">non manca di rispetto, non cerca il proprio interesse, non si adira, non tiene conto del male ricevuto,</span> </span><span id="CEI2008_2_53_13_6" class="verse "><span class="text-to-speech">non gode dell&#8217;ingiustizia ma si rallegra della verità.</span></span></em></span></p>
<p><span style="color: #800000;"><em><span id="CEI2008_2_53_13_7" class="verse "><span class="text-to-speech">Tutto scusa, tutto crede, tutto spera, tutto sopporta.</span></span></em></span></p>
<p style="text-align: right;"><span style="color: #800000;">Prima lettera di San Paolo apostolo ai Corinzi, cap. 13</span></p>
</blockquote>

<p>Dallo Statuto, articolo 1 La Caritas Veneziana è l’organismo pastorale istituito dal Patriarca al fine di promuovere, anche in collaborazione con altri organismi, la testimonianza della carità della comunità ecclesiale diocesana, e delle comunità minori, specie parrocchiali, in forme consone ai tempi e ai bisogni, in vista dello sviluppo integrale dell’uomo, della giustizia sociale e [&hellip;]</p>
