{"id":1864,"date":"2025-01-15T13:06:43","date_gmt":"2025-01-15T12:06:43","guid":{"rendered":"https:\/\/www.patriarcatovenezia.it\/caritas\/?page_id=1864"},"modified":"2026-04-21T13:12:18","modified_gmt":"2026-04-21T11:12:18","slug":"servizio-civile","status":"publish","type":"page","link":"https:\/\/www.patriarcatovenezia.it\/caritas\/servizio-civile\/","title":{"rendered":"Servizio Civile"},"content":{"rendered":"<p>Siamo felici di annunciare che \u00e8 stato pubblicato <a href=\"https:\/\/www.politichegiovanili.gov.it\/comunicazione\/avvisi-e-bandi\/servizio-civile\/bandi-di-selezione-volontari\/bando_ordinario_2026\/\" target=\"_blank\" rel=\"noopener\">il bando nazionale per il Servizio Civile Universale!<\/a>\u00a0Il Servizio Civile rappresenta un&#8217;importante opportunit\u00e0 di crescita personale e professionale per i giovani tra i 18 e i 28 anni. <strong>Caritas Veneziana offre quattro posti disponibili tra Venezia e Mestre<\/strong>. Il Progetto prevede un impegno annuale, a partire da Settembre 2026 (data da definire), per un totale di 1.145 ore annue, ed \u00e8 previsto per ogni volontario un assegno mensile di \u20ac 519,47.<\/p>\n<p>&nbsp;<\/p>\n<h2 style=\"text-align: center\"><span style=\"color: #ff0000\"><i class=\"fas fa-clock-rotate-left\"><\/i><\/span><\/h2>\n<h3 style=\"text-align: center\"><span style=\"text-decoration: underline\"><span style=\"color: #ff0000;text-decoration: underline\"><strong>La scadenza per presentare la candidatura \u00e8 entro e non oltre<\/strong><\/span><\/span><\/h3>\n<h2 style=\"text-align: center\"><span style=\"text-decoration: underline\"><span style=\"color: #ff0000;text-decoration: underline\"><strong>le ore 14.00 dell\u20198 aprile 2026.<\/strong><\/span><\/span><\/h2>\n<p>&nbsp;<\/p>\n<h2 style=\"text-align: center\"><span style=\"color: #ff0000\">PROROGA AL 16 APRILE 2026!!!<\/span><\/h2>\n<p>&nbsp;<\/p>\n<p>Di seguito trovi una descrizione del Progetto (qui la\u00a0<a href=\"https:\/\/www.caritas.it\/wp-content\/uploads\/sites\/2\/2026\/02\/Ce-posto-per-te-2026-Triveneto.pdf\" target=\"_blank\" rel=\"noopener\">Scheda<\/a>) e delle attivit\u00e0 previste. Prima di inviare la tua candidatura tramite <a href=\"https:\/\/domandaonline.serviziocivile.it\/\" target=\"_blank\" rel=\"noopener\">l&#8217;apposita piattaforma ministeriale<\/a>, ti consigliamo di contattare Caritas Veneziana per una chiacchierata informativa, che ti sar\u00e0 sicuramente utile. Inoltre, per conoscere meglio gli ambiti dei progetti e fare una scelta consapevole, puoi anche visitare le sedi dei progetti attraverso un tirocinio osservativo.<\/p>\n<p>&nbsp;<\/p>\n<h2 style=\"text-align: center\"><strong><span style=\"color: #ff9900\"><i class=\"fas fa-building-circle-check\"><\/i><\/span><\/strong><\/h2>\n<h3 style=\"text-align: center\"><strong><span style=\"color: #ff9900\">SCEGLI LA TUA SEDE:<\/span><\/strong><\/h3>\n<p style=\"text-align: center\"><strong>2 POSTI A MESTRE<\/strong><\/p>\n<p style=\"text-align: center\">Centro &#8220;Papa Luciani&#8221; &#8211; Via Querini 19\/A \u2013 Mestre (VE) (Cod. sede <strong>224908<\/strong>)<\/p>\n<p><em>Per la promozione e integrazione sociale di persone straniere, Caritas Veneziana si \u00e8 dotata di due servizi: la Scuola di Lingua e Cultura Italiana per stranieri e l\u2019Ambulatorio di Prossimit\u00e0 Caritas.<\/em><\/p>\n<p><em>L\u2019Ambulatorio, gestito da medici specializzati e infermieri volontari, \u00e8 convenzionato con l\u2019ULSS 3 e fornisce orientamento sanitario, cure essenziali e visite specialistiche a coloro i quali hanno difficolt\u00e0 ad accedere al Servizio Sanitario Nazionale. Durante l\u2019attivit\u00e0 in ambulatorio affiancherai gli operatori nel Centro di Ascolto.<\/em><\/p>\n<p><em>La Scuola di Lingua e Cultura Italiana, invece, offre corsi di alfabetizzazione dal livello Pre-A1 al livello B1, con la possibilit\u00e0 di sostenere l\u2019esame per ottenere la certificazione CILS (certificazione linguistica rilasciata dall\u2019Universit\u00e0 per Stranieri di Siena) valida a livello internazionale. I corsi sono gratuiti e mirano a facilitare l\u2019integrazione degli stranieri nella Comunit\u00e0 locale. I volontari potranno ottenere il certificato di somministratori d\u2019esame CILS spendibile anche questo a livello internazionale.<\/em><\/p>\n<p><em>In questa Sede, affiancherai insegnanti, medici, psicologi, mediatori, legali, contribuendo a facilitare l\u2019esigibilit\u00e0 dei Diritti fondamentali, la costruzione di percorsi di inclusione sociale e i diritti all\u2019Istruzione e alla Salute.<\/em><\/p>\n<p style=\"text-align: center\"><strong>2 POSTI A VENEZIA<\/strong><\/p>\n<p style=\"text-align: center\">Casa d\u2019accoglienza &#8220;San Giuseppe &#8211; ex Muneghette&#8221; &#8211; Castello 2616 &#8211; Venezia (Cod. sede <strong>224907<\/strong>)<\/p>\n<p><em>In questa Sede approfondirai la conoscenza delle varie sfaccettature di povert\u00e0 presenti nel territorio, operando in modo particolare con le persone che vivono una situazione di grave marginalit\u00e0.<\/em><\/p>\n<p><em>La Casa d&#8217;accoglienza \u00e8 una struttura aperta 7 giorni su 7, che accoglie persone in condizione di vulnerabilit\u00e0 sociale ed economica. I principali servizi offerti sono: il Centro di Ascolto per il supporto e la presa in carico integrata e multidisciplinare della Persona, un dormitorio femminile ed uno maschile, progetti di seconda accoglienza, il servizio docce per senza fissa dimora, la mensa aperta quotidianamente (sia pranzo che cena).<\/em><\/p>\n<p><em>Nel Progetto, ti occuperai anche di animazione di Comunit\u00e0.<\/em><\/p>\n<p>&nbsp;<\/p>\n<h2 style=\"text-align: center\"><span style=\"color: #339966\"><strong><i class=\"fas fa-pen-to-square\"><\/i><\/strong><\/span><\/h2>\n<h3 style=\"text-align: center\"><span style=\"color: #339966\"><strong>MODALIT\u00c0 DI PRESENTAZIONE DELLA DOMANDA<\/strong><\/span><\/h3>\n<p>Gli aspiranti operatori volontari devono presentare la domanda di partecipazione esclusivamente attraverso <a href=\"https:\/\/domandaonline.serviziocivile.it\/\" target=\"_blank\" rel=\"noopener\">questo link<\/a>. Per accedere ai servizi di compilazione e presentazione della domanda occorre essere riconosciuti dal sistema, che pu\u00f2 avvenire in due modalit\u00e0:<\/p>\n<ul>\n<li>\u00a0I cittadini italiani residenti in Italia o all\u2019estero possono accedervi tramite Carta di Identit\u00e0 Elettronica (CIE). La CIE \u00e8 il documento d\u2019identit\u00e0 dei cittadini italiani che permette l\u2019accertamento dell\u2019identit\u00e0 del possessore e l\u2019accesso ai servizi online delle Pubbliche Amministrazioni sia in Italia che nei Paesi dell\u2019Unione Europea. Per la presentazione della Domanda on-line di Servizio civile occorrono credenziali CIE di livello di sicurezza 2.<\/li>\n<\/ul>\n<p style=\"padding-left: 80px\">\u00c8 consentito, altres\u00ec, l\u2019accesso tramite il Sistema Pubblico di Identit\u00e0 Digitale (SPID). Il Sistema Pubblico di Identit\u00e0 Digitale (SPID) \u00e8 lo strumento di accesso semplice, veloce e sicuro ai servizi digitali delle amministrazioni locali e centrali. Sul sito dell\u2019<a href=\"https:\/\/www.agid.gov.it\/it\/piattaforme\/spid\" target=\"_blank\" rel=\"noopener\">Agenzia per l\u2019Italia Digitale<\/a>\u00a0\u00a0sono disponibili tutte le informazioni su cosa \u00e8 SPID, quali servizi offre e come si richiede. Per la presentazione della Domanda\u00a0<em>on-line<\/em> di Servizio civile occorrono credenziali SPID di livello di sicurezza 2.<\/p>\n<ul>\n<li>I cittadini appartenenti ad un Paese dell\u2019Unione Europea diverso dall\u2019Italia o a Svizzera, Islanda, Norvegia e Liechtenstein, che ancora non possono disporre dello SPID, e i cittadini di Paesi extra Unione Europea in attesa di rilascio di permesso di soggiorno, possono accedere ai servizi della piattaforma DOL previa\u00a0<strong>richiesta di apposite credenziali al Dipartimento<\/strong>, secondo una procedura disponibile sulla home page della piattaforma stessa.<\/li>\n<\/ul>\n<p>&nbsp;<\/p>\n<h3 style=\"text-align: center\"><span style=\"color: #ff0000\"><strong><i class=\"fas fa-triangle-exclamation\"><\/i> Attenzione! <\/strong><\/span><span style=\"color: #ff0000\"><strong><i class=\"fas fa-triangle-exclamation\"><\/i><\/strong><\/span><\/h3>\n<p style=\"text-align: center\"><span style=\"text-decoration: underline\">Non \u00e8 possibile presentare domanda per pi\u00f9 di un progetto;<\/span><\/p>\n<p style=\"text-align: center\"><span style=\"text-decoration: underline\">Le domande trasmesse con modalit\u00e0 diverse da quella indicata non saranno prese in considerazione.<\/span><\/p>\n<p>&nbsp;<\/p>\n<p><strong>PRIMA DI PRESENTARE LA DOMANDA TI SUGGERIAMO DI:<\/strong><\/p>\n<ul>\n<li>Accertarti di avere abilitato la tua identit\u00e0 digitale \u2013 SPID;<\/li>\n<li>Contattare la\/e Caritas Diocesana\/e di tuo interesse, che in qualit\u00e0 di Enti di Accoglienza, sapranno supportarti e orientarti sulla scelta del Progetto che fa per te (anche attraverso la possibilit\u00e0 di fare un tirocinio osservativo, venendo a visitare per un giorno la sede ospitante) e nella presentazione della domanda online.<\/li>\n<\/ul>\n<p><strong>DOPO LA PRESENTAZIONE DELLA DOMANDA:<\/strong><\/p>\n<p>In seguito alla chiusura del Bando si avvia il percorso di selezione che prevede\u00a0<strong>2 fasi<\/strong>:<\/p>\n<ul>\n<li><strong>Corso Informativo<\/strong>;<\/li>\n<li><strong>Colloquio individuale di selezione<\/strong>.<\/li>\n<\/ul>\n<p>&nbsp;<\/p>\n<h2 style=\"text-align: center\"><span style=\"color: #3366ff\"><strong><i class=\"fas fa-list-ol\"><\/i><\/strong><\/span><\/h2>\n<h3 style=\"text-align: center\"><span style=\"color: #3366ff\"><strong>PUBBLICAZIONE DELLE GRADUATORIE<\/strong><\/span><\/h3>\n<p>Una volta affrontati questi step, ci sar\u00e0 la pubblicazione delle graduatorie e l\u2019inizio del servizio.<\/p>\n<p>&nbsp;<\/p>\n<p>&nbsp;<\/p>\n<h3 style=\"text-align: center\">Non ci resta che augurarti in bocca al lupo, e per ogni dubbio non esitare a contattarci!<\/h3>\n<p>&nbsp;<\/p>\n<h3 style=\"text-align: center\"><span style=\"font-weight: 400\">\u00a0<i class=\"fas fa-building\"><\/i><\/span><\/h3>\n<p style=\"text-align: center\"><span style=\"font-weight: 400\">Caritas Veneziana &#8211; Via Querini 19\/A \u2013 30172 MESTRE (VE)<\/span><\/p>\n<h3 style=\"text-align: center\"><span style=\"font-weight: 400\">\u00a0<i class=\"fas fa-phone\"><\/i><\/span><\/h3>\n<p style=\"text-align: center\"><span style=\"font-weight: 400\">tel. 041 975857; cell. 3341032714<\/span><\/p>\n<h3 style=\"text-align: center\"><span style=\"font-weight: 400\">\u00a0<i class=\"fas fa-user\"><\/i><\/span><\/h3>\n<p style=\"text-align: center\"><span style=\"font-weight: 400\">Referenti : Denis Baldan | Francesca Palma<\/span><\/p>\n<h3 style=\"text-align: center\"><span style=\"font-weight: 400\">\u00a0<i class=\"fas fa-envelope\"><\/i><\/span><\/h3>\n<p style=\"text-align: center\"><span style=\"font-weight: 400\">e-mail: <\/span><a href=\"mailto:segreteria.caritas@patriarcatovenezia.it\"><span style=\"font-weight: 400\">segreteria.caritas@patriarcatovenezia.it<\/span><\/a><span style=\"font-weight: 400\">\u00a0<\/span><\/p>\n<h3 style=\"text-align: center\"><span style=\"font-weight: 400\">\u00a0<i class=\"fas fa-camera\"><\/i><\/span><\/h3>\n<p style=\"text-align: center\"><span style=\"font-weight: 400\">Instagram: @caritasveneziana<\/span><\/p>\n","protected":false},"excerpt":{"rendered":"<p>Siamo felici di annunciare che \u00e8 stato pubblicato il bando nazionale per il Servizio Civile Universale!\u00a0Il Servizio Civile rappresenta un&#8217;importante opportunit\u00e0 di crescita personale e professionale per i giovani tra i 18 e i 28 anni. Caritas Veneziana offre quattro posti disponibili tra Venezia e Mestre. Il Progetto prevede un impegno annuale, a partire da [&hellip;]<\/p>\n","protected":false},"author":0,"featured_media":0,"parent":0,"menu_order":0,"comment_status":"closed","ping_status":"closed","template":"","meta":{"_acf_changed":false,"ip_address":"","user_agent":"","level":"","revision":"","cookie_id":"","page_referer":"","html_form":"","footnotes":""},"class_list":["post-1864","page","type-page","status-publish","hentry"],"acf":[],"_links":{"self":[{"href":"https:\/\/www.patriarcatovenezia.it\/caritas\/wp-json\/wp\/v2\/pages\/1864"}],"collection":[{"href":"https:\/\/www.patriarcatovenezia.it\/caritas\/wp-json\/wp\/v2\/pages"}],"about":[{"href":"https:\/\/www.patriarcatovenezia.it\/caritas\/wp-json\/wp\/v2\/types\/page"}],"author":[{"embeddable":true,"href":"https:\/\/www.patriarcatovenezia.it\/caritas\/wp-json\/wp\/v2\/users\/33"}],"replies":[{"embeddable":true,"href":"https:\/\/www.patriarcatovenezia.it\/caritas\/wp-json\/wp\/v2\/comments?post=1864"}],"version-history":[{"count":30,"href":"https:\/\/www.patriarcatovenezia.it\/caritas\/wp-json\/wp\/v2\/pages\/1864\/revisions"}],"predecessor-version":[{"id":6762,"href":"https:\/\/www.patriarcatovenezia.it\/caritas\/wp-json\/wp\/v2\/pages\/1864\/revisions\/6762"}],"wp:attachment":[{"href":"https:\/\/www.patriarcatovenezia.it\/caritas\/wp-json\/wp\/v2\/media?parent=1864"}],"curies":[{"name":"wp","href":"https:\/\/api.w.org\/{rel}","templated":true}]}}

<p>Siamo felici di annunciare che è stato pubblicato <a href="https://www.politichegiovanili.gov.it/comunicazione/avvisi-e-bandi/servizio-civile/bandi-di-selezione-volontari/bando_ordinario_2026/" target="_blank" rel="noopener">il bando nazionale per il Servizio Civile Universale!</a> Il Servizio Civile rappresenta un&#8217;importante opportunità di crescita personale e professionale per i giovani tra i 18 e i 28 anni. <strong>Caritas Veneziana offre quattro posti disponibili tra Venezia e Mestre</strong>. Il Progetto prevede un impegno annuale, a partire da Settembre 2026 (data da definire), per un totale di 1.145 ore annue, ed è previsto per ogni volontario un assegno mensile di € 519,47.</p>
<p>&nbsp;</p>
<h2 style="text-align: center"><span style="color: #ff0000"><i class="fas fa-clock-rotate-left"></i></span></h2>
<h3 style="text-align: center"><span style="text-decoration: underline"><span style="color: #ff0000;text-decoration: underline"><strong>La scadenza per presentare la candidatura è entro e non oltre</strong></span></span></h3>
<h2 style="text-align: center"><span style="text-decoration: underline"><span style="color: #ff0000;text-decoration: underline"><strong>le ore 14.00 dell’8 aprile 2026.</strong></span></span></h2>
<p>&nbsp;</p>
<h2 style="text-align: center"><span style="color: #ff0000">PROROGA AL 16 APRILE 2026!!!</span></h2>
<p>&nbsp;</p>
<p>Di seguito trovi una descrizione del Progetto (qui la <a href="https://www.caritas.it/wp-content/uploads/sites/2/2026/02/Ce-posto-per-te-2026-Triveneto.pdf" target="_blank" rel="noopener">Scheda</a>) e delle attività previste. Prima di inviare la tua candidatura tramite <a href="https://domandaonline.serviziocivile.it/" target="_blank" rel="noopener">l&#8217;apposita piattaforma ministeriale</a>, ti consigliamo di contattare Caritas Veneziana per una chiacchierata informativa, che ti sarà sicuramente utile. Inoltre, per conoscere meglio gli ambiti dei progetti e fare una scelta consapevole, puoi anche visitare le sedi dei progetti attraverso un tirocinio osservativo.</p>
<p>&nbsp;</p>
<h2 style="text-align: center"><strong><span style="color: #ff9900"><i class="fas fa-building-circle-check"></i></span></strong></h2>
<h3 style="text-align: center"><strong><span style="color: #ff9900">SCEGLI LA TUA SEDE:</span></strong></h3>
<p style="text-align: center"><strong>2 POSTI A MESTRE</strong></p>
<p style="text-align: center">Centro &#8220;Papa Luciani&#8221; &#8211; Via Querini 19/A – Mestre (VE) (Cod. sede <strong>224908</strong>)</p>
<p><em>Per la promozione e integrazione sociale di persone straniere, Caritas Veneziana si è dotata di due servizi: la Scuola di Lingua e Cultura Italiana per stranieri e l’Ambulatorio di Prossimità Caritas.</em></p>
<p><em>L’Ambulatorio, gestito da medici specializzati e infermieri volontari, è convenzionato con l’ULSS 3 e fornisce orientamento sanitario, cure essenziali e visite specialistiche a coloro i quali hanno difficoltà ad accedere al Servizio Sanitario Nazionale. Durante l’attività in ambulatorio affiancherai gli operatori nel Centro di Ascolto.</em></p>
<p><em>La Scuola di Lingua e Cultura Italiana, invece, offre corsi di alfabetizzazione dal livello Pre-A1 al livello B1, con la possibilità di sostenere l’esame per ottenere la certificazione CILS (certificazione linguistica rilasciata dall’Università per Stranieri di Siena) valida a livello internazionale. I corsi sono gratuiti e mirano a facilitare l’integrazione degli stranieri nella Comunità locale. I volontari potranno ottenere il certificato di somministratori d’esame CILS spendibile anche questo a livello internazionale.</em></p>
<p><em>In questa Sede, affiancherai insegnanti, medici, psicologi, mediatori, legali, contribuendo a facilitare l’esigibilità dei Diritti fondamentali, la costruzione di percorsi di inclusione sociale e i diritti all’Istruzione e alla Salute.</em></p>
<p style="text-align: center"><strong>2 POSTI A VENEZIA</strong></p>
<p style="text-align: center">Casa d’accoglienza &#8220;San Giuseppe &#8211; ex Muneghette&#8221; &#8211; Castello 2616 &#8211; Venezia (Cod. sede <strong>224907</strong>)</p>
<p><em>In questa Sede approfondirai la conoscenza delle varie sfaccettature di povertà presenti nel territorio, operando in modo particolare con le persone che vivono una situazione di grave marginalità.</em></p>
<p><em>La Casa d&#8217;accoglienza è una struttura aperta 7 giorni su 7, che accoglie persone in condizione di vulnerabilità sociale ed economica. I principali servizi offerti sono: il Centro di Ascolto per il supporto e la presa in carico integrata e multidisciplinare della Persona, un dormitorio femminile ed uno maschile, progetti di seconda accoglienza, il servizio docce per senza fissa dimora, la mensa aperta quotidianamente (sia pranzo che cena).</em></p>
<p><em>Nel Progetto, ti occuperai anche di animazione di Comunità.</em></p>
<p>&nbsp;</p>
<h2 style="text-align: center"><span style="color: #339966"><strong><i class="fas fa-pen-to-square"></i></strong></span></h2>
<h3 style="text-align: center"><span style="color: #339966"><strong>MODALITÀ DI PRESENTAZIONE DELLA DOMANDA</strong></span></h3>
<p>Gli aspiranti operatori volontari devono presentare la domanda di partecipazione esclusivamente attraverso <a href="https://domandaonline.serviziocivile.it/" target="_blank" rel="noopener">questo link</a>. Per accedere ai servizi di compilazione e presentazione della domanda occorre essere riconosciuti dal sistema, che può avvenire in due modalità:</p>
<ul>
<li> I cittadini italiani residenti in Italia o all’estero possono accedervi tramite Carta di Identità Elettronica (CIE). La CIE è il documento d’identità dei cittadini italiani che permette l’accertamento dell’identità del possessore e l’accesso ai servizi online delle Pubbliche Amministrazioni sia in Italia che nei Paesi dell’Unione Europea. Per la presentazione della Domanda on-line di Servizio civile occorrono credenziali CIE di livello di sicurezza 2.</li>
</ul>
<p style="padding-left: 80px">È consentito, altresì, l’accesso tramite il Sistema Pubblico di Identità Digitale (SPID). Il Sistema Pubblico di Identità Digitale (SPID) è lo strumento di accesso semplice, veloce e sicuro ai servizi digitali delle amministrazioni locali e centrali. Sul sito dell’<a href="https://www.agid.gov.it/it/piattaforme/spid" target="_blank" rel="noopener">Agenzia per l’Italia Digitale</a>  sono disponibili tutte le informazioni su cosa è SPID, quali servizi offre e come si richiede. Per la presentazione della Domanda <em>on-line</em> di Servizio civile occorrono credenziali SPID di livello di sicurezza 2.</p>
<ul>
<li>I cittadini appartenenti ad un Paese dell’Unione Europea diverso dall’Italia o a Svizzera, Islanda, Norvegia e Liechtenstein, che ancora non possono disporre dello SPID, e i cittadini di Paesi extra Unione Europea in attesa di rilascio di permesso di soggiorno, possono accedere ai servizi della piattaforma DOL previa <strong>richiesta di apposite credenziali al Dipartimento</strong>, secondo una procedura disponibile sulla home page della piattaforma stessa.</li>
</ul>
<p>&nbsp;</p>
<h3 style="text-align: center"><span style="color: #ff0000"><strong><i class="fas fa-triangle-exclamation"></i> Attenzione! </strong></span><span style="color: #ff0000"><strong><i class="fas fa-triangle-exclamation"></i></strong></span></h3>
<p style="text-align: center"><span style="text-decoration: underline">Non è possibile presentare domanda per più di un progetto;</span></p>
<p style="text-align: center"><span style="text-decoration: underline">Le domande trasmesse con modalità diverse da quella indicata non saranno prese in considerazione.</span></p>
<p>&nbsp;</p>
<p><strong>PRIMA DI PRESENTARE LA DOMANDA TI SUGGERIAMO DI:</strong></p>
<ul>
<li>Accertarti di avere abilitato la tua identità digitale – SPID;</li>
<li>Contattare la/e Caritas Diocesana/e di tuo interesse, che in qualità di Enti di Accoglienza, sapranno supportarti e orientarti sulla scelta del Progetto che fa per te (anche attraverso la possibilità di fare un tirocinio osservativo, venendo a visitare per un giorno la sede ospitante) e nella presentazione della domanda online.</li>
</ul>
<p><strong>DOPO LA PRESENTAZIONE DELLA DOMANDA:</strong></p>
<p>In seguito alla chiusura del Bando si avvia il percorso di selezione che prevede <strong>2 fasi</strong>:</p>
<ul>
<li><strong>Corso Informativo</strong>;</li>
<li><strong>Colloquio individuale di selezione</strong>.</li>
</ul>
<p>&nbsp;</p>
<h2 style="text-align: center"><span style="color: #3366ff"><strong><i class="fas fa-list-ol"></i></strong></span></h2>
<h3 style="text-align: center"><span style="color: #3366ff"><strong>PUBBLICAZIONE DELLE GRADUATORIE</strong></span></h3>
<p>Una volta affrontati questi step, ci sarà la pubblicazione delle graduatorie e l’inizio del servizio.</p>
<p>&nbsp;</p>
<p>&nbsp;</p>
<h3 style="text-align: center">Non ci resta che augurarti in bocca al lupo, e per ogni dubbio non esitare a contattarci!</h3>
<p>&nbsp;</p>
<h3 style="text-align: center"><span style="font-weight: 400"> <i class="fas fa-building"></i></span></h3>
<p style="text-align: center"><span style="font-weight: 400">Caritas Veneziana &#8211; Via Querini 19/A – 30172 MESTRE (VE)</span></p>
<h3 style="text-align: center"><span style="font-weight: 400"> <i class="fas fa-phone"></i></span></h3>
<p style="text-align: center"><span style="font-weight: 400">tel. 041 975857; cell. 3341032714</span></p>
<h3 style="text-align: center"><span style="font-weight: 400"> <i class="fas fa-user"></i></span></h3>
<p style="text-align: center"><span style="font-weight: 400">Referenti : Denis Baldan | Francesca Palma</span></p>
<h3 style="text-align: center"><span style="font-weight: 400"> <i class="fas fa-envelope"></i></span></h3>
<p style="text-align: center"><span style="font-weight: 400">e-mail: </span><a href="mailto:segreteria.caritas@patriarcatovenezia.it"><span style="font-weight: 400">segreteria.caritas@patriarcatovenezia.it</span></a><span style="font-weight: 400"> </span></p>
<h3 style="text-align: center"><span style="font-weight: 400"> <i class="fas fa-camera"></i></span></h3>
<p style="text-align: center"><span style="font-weight: 400">Instagram: @caritasveneziana</span></p>

<p>Siamo felici di annunciare che è stato pubblicato il bando nazionale per il Servizio Civile Universale! Il Servizio Civile rappresenta un&#8217;importante opportunità di crescita personale e professionale per i giovani tra i 18 e i 28 anni. Caritas Veneziana offre quattro posti disponibili tra Venezia e Mestre. Il Progetto prevede un impegno annuale, a partire da [&hellip;]</p>
